{"id":10365,"date":"2024-03-14T13:24:38","date_gmt":"2024-03-14T12:24:38","guid":{"rendered":"http:\/\/delikatesy.wineport.pl\/?product=wino-vin-de-pays-cabsauv-czerwone-wytrawne"},"modified":"2026-05-10T17:58:24","modified_gmt":"2026-05-10T15:58:24","slug":"wino-vin-de-pays-cabsauv-czerwone-wytrawne","status":"publish","type":"product","link":"http:\/\/delikatesy.wineport.pl\/?product=wino-vin-de-pays-cabsauv-czerwone-wytrawne","title":{"rendered":"Wino Vin de Pays CabSauv &#8211; Czerwone Wytrawne"},"content":{"rendered":"<p><span style=\"color: #ff0000;\">UWAGA!!! NIE WYSY\u0141AMY ALKOHOLU KURIEREM W PRZYPADKU ZAM\u00d3WIE\u0143 OD OS\u00d3B PRYWATNYCH, TYLKO ODBI\u00d3R OSOBISTY NA UL. \u015aW. STANIS\u0141AWA 12 W WARSZAWIE!!! W przypadku op\u0142acenia zam\u00f3wienia alkoholu z wysy\u0142k\u0105, przy zwrocie pieni\u0119dzy zostanie potr\u0105cona prowizja\u00a0<\/span><strong style=\"color: #ff0000;\">DOTPAY<\/strong><span style=\"color: #ff0000;\">!<\/span><\/p>\n<p>Cabernet Sauvignon<br \/>To wino zosta\u0142o wyprodukowane w 100% ze szczepu Cabernet Sauvignon, kt\u00f3ry uprawiany jest w s\u0142onecznej francuskiej Langwedocji Roussillon po\u0142o\u017conej nad Morzem \u015ar\u00f3dziemnym. Jest to region, w kt\u00f3rym zapocz\u0105tkowano produkcj\u0119 r\u00f3\u017cnorodnych francuskich win regionalnych (Vin De Pays). Szczep Cabernet Sauvignon daje wina delikatne i \u0142agodne, tre\u015bciwe i pe\u0142ne aromatu dojrza\u0142ych owoc\u00f3w. Najlepiej podawa\u0107 w temperaturze pokojowej samodzielnie lub jako dodatek do grillowanego i czerwonego mi\u0119sa. Wyj\u0105tkowo nadaje si\u0119 do lekkich ser\u00f3w.<\/p>\n","protected":false},"excerpt":{"rendered":"<p>Cabernet Sauvignon To wino zosta\u0142o wyprodukowane w 100% ze szczepu Cabernet Sauvignon, kt\u00f3ry uprawiany jest w s\u0142onecznej francuskiej Langwedocji Roussillon po\u0142o\u017conej nad Morzem \u015ar\u00f3dziemnym. Jest to region, w kt\u00f3rym zapocz\u0105tkowano produkcj\u0119 r\u00f3\u017cnorodny&#8230;<\/p>\n","protected":false},"featured_media":10364,"comment_status":"open","ping_status":"closed","template":"","meta":[],"product_cat":[83,88,80],"product_tag":[],"class_list":{"0":"post-10365","1":"product","2":"type-product","3":"status-publish","4":"has-post-thumbnail","6":"product_cat-francja","7":"product_cat-francja-langwedocja-roussillion","8":"product_cat-wina-swiata","10":"first","11":"instock","12":"shipping-taxable","13":"purchasable","14":"product-type-simple"},"_links":{"self":[{"href":"http:\/\/delikatesy.wineport.pl\/index.php?rest_route=\/wp\/v2\/product\/10365","targetHints":{"allow":["GET"]}}],"collection":[{"href":"http:\/\/delikatesy.wineport.pl\/index.php?rest_route=\/wp\/v2\/product"}],"about":[{"href":"http:\/\/delikatesy.wineport.pl\/index.php?rest_route=\/wp\/v2\/types\/product"}],"replies":[{"embeddable":true,"href":"http:\/\/delikatesy.wineport.pl\/index.php?rest_route=%2Fwp%2Fv2%2Fcomments&post=10365"}],"wp:featuredmedia":[{"embeddable":true,"href":"http:\/\/delikatesy.wineport.pl\/index.php?rest_route=\/wp\/v2\/media\/10364"}],"wp:attachment":[{"href":"http:\/\/delikatesy.wineport.pl\/index.php?rest_route=%2Fwp%2Fv2%2Fmedia&parent=10365"}],"wp:term":[{"taxonomy":"product_cat","embeddable":true,"href":"http:\/\/delikatesy.wineport.pl\/index.php?rest_route=%2Fwp%2Fv2%2Fproduct_cat&post=10365"},{"taxonomy":"product_tag","embeddable":true,"href":"http:\/\/delikatesy.wineport.pl\/index.php?rest_route=%2Fwp%2Fv2%2Fproduct_tag&post=10365"}],"curies":[{"name":"wp","href":"https:\/\/api.w.org\/{rel}","templated":true}]}}