{"id":10393,"date":"2024-03-14T13:24:43","date_gmt":"2024-03-14T12:24:43","guid":{"rendered":"http:\/\/delikatesy.wineport.pl\/?product=porto-towny-czerwone-slodkie-075l"},"modified":"2026-05-10T17:59:12","modified_gmt":"2026-05-10T15:59:12","slug":"porto-towny-czerwone-slodkie-075l","status":"publish","type":"product","link":"http:\/\/delikatesy.wineport.pl\/?product=porto-towny-czerwone-slodkie-075l","title":{"rendered":"Porto Towny Czerwone Slodkie 0,75L"},"content":{"rendered":"<p><span style=\"color: #ff0000;\">UWAGA!!! NIE WYSY\u0141AMY ALKOHOLU KURIEREM W PRZYPADKU ZAM\u00d3WIE\u0143 OD OS\u00d3B PRYWATNYCH, TYLKO ODBI\u00d3R OSOBISTY NA UL. \u015aW. STANIS\u0141AWA 12 W WARSZAWIE!!! W przypadku op\u0142acenia zam\u00f3wienia alkoholu z wysy\u0142k\u0105, przy zwrocie pieni\u0119dzy zostanie potr\u0105cona prowizja\u00a0<\/span><strong style=\"color: #ff0000;\">DOTPAY<\/strong><span style=\"color: #ff0000;\">!<\/span><\/p>\n<p>Porto REGGUA Tawny Port<br \/>Porto REGGUA Tawny Port to kompozycja wybranych win dojrzewaj\u0105cych w Dolinie Douro w wielkich d\u0119bowych beczkach (\u201eton\u00e9is\u201d) zgodnie najlepszymi tradycjami kultywowanymi w tym regionie. Ma ciemn\u0105 czerwono-br\u0105zow\u0105 barw\u0119 oraz doskona\u0142y bukiet aromat\u00f3w czerwonych owoc\u00f3w, migda\u0142\u00f3w i orzech\u00f3w z nutk\u0105 d\u0119bowej wanilii. To wino d\u0142ugo pozostaje i rozwija si\u0119 w ustach pe\u0142ni\u0105 smaku.<br \/>Wina Porto s\u0105 winami alkoholizowanymi co mo\u017ce spowodowa\u0107 powstawanie naturalnego osadu dlatego nale\u017cy je serwowa\u0107 wyj\u0105tkowo ostro\u017cnie.<\/p>\n","protected":false},"excerpt":{"rendered":"<p>Porto REGGUA Tawny Port Porto REGGUA Tawny Port to kompozycja wybranych win dojrzewaj\u0105cych w Dolinie Douro w wielkich d\u0119bowych beczkach (\u201eton\u00e9is\u201d) zgodnie najlepszymi tradycjami kultywowanymi w tym regionie. Ma ciemn\u0105 czerwono-br\u0105zow\u0105 barw\u0119 oraz dosk&#8230;<\/p>\n","protected":false},"featured_media":10392,"comment_status":"open","ping_status":"closed","template":"","meta":[],"product_cat":[94,80],"product_tag":[],"class_list":{"0":"post-10393","1":"product","2":"type-product","3":"status-publish","4":"has-post-thumbnail","6":"product_cat-portugalia","7":"product_cat-wina-swiata","9":"first","10":"instock","11":"shipping-taxable","12":"purchasable","13":"product-type-simple"},"_links":{"self":[{"href":"http:\/\/delikatesy.wineport.pl\/index.php?rest_route=\/wp\/v2\/product\/10393","targetHints":{"allow":["GET"]}}],"collection":[{"href":"http:\/\/delikatesy.wineport.pl\/index.php?rest_route=\/wp\/v2\/product"}],"about":[{"href":"http:\/\/delikatesy.wineport.pl\/index.php?rest_route=\/wp\/v2\/types\/product"}],"replies":[{"embeddable":true,"href":"http:\/\/delikatesy.wineport.pl\/index.php?rest_route=%2Fwp%2Fv2%2Fcomments&post=10393"}],"wp:featuredmedia":[{"embeddable":true,"href":"http:\/\/delikatesy.wineport.pl\/index.php?rest_route=\/wp\/v2\/media\/10392"}],"wp:attachment":[{"href":"http:\/\/delikatesy.wineport.pl\/index.php?rest_route=%2Fwp%2Fv2%2Fmedia&parent=10393"}],"wp:term":[{"taxonomy":"product_cat","embeddable":true,"href":"http:\/\/delikatesy.wineport.pl\/index.php?rest_route=%2Fwp%2Fv2%2Fproduct_cat&post=10393"},{"taxonomy":"product_tag","embeddable":true,"href":"http:\/\/delikatesy.wineport.pl\/index.php?rest_route=%2Fwp%2Fv2%2Fproduct_tag&post=10393"}],"curies":[{"name":"wp","href":"https:\/\/api.w.org\/{rel}","templated":true}]}}