{"id":10399,"date":"2024-03-14T13:24:44","date_gmt":"2024-03-14T12:24:44","guid":{"rendered":"http:\/\/delikatesy.wineport.pl\/?product=wino-sensi-chianti-reserva-docg-2001-czerwone-wytrawne-075l"},"modified":"2026-05-10T17:59:55","modified_gmt":"2026-05-10T15:59:55","slug":"wino-sensi-chianti-reserva-docg-2001-czerwone-wytrawne-075l","status":"publish","type":"product","link":"http:\/\/delikatesy.wineport.pl\/?product=wino-sensi-chianti-reserva-docg-2001-czerwone-wytrawne-075l","title":{"rendered":"Wino SENSI Chianti Reserva DOCG 2001 &#8211; Czerwone Wytrawne 0,75L"},"content":{"rendered":"<p><span style=\"color: #ff0000;\">UWAGA!!! NIE WYSY\u0141AMY ALKOHOLU KURIEREM W PRZYPADKU ZAM\u00d3WIE\u0143 OD OS\u00d3B PRYWATNYCH, TYLKO ODBI\u00d3R OSOBISTY NA UL. \u015aW. STANIS\u0141AWA 12 W WARSZAWIE!!! W przypadku op\u0142acenia zam\u00f3wienia alkoholu z wysy\u0142k\u0105, przy zwrocie pieni\u0119dzy zostanie potr\u0105cona prowizja\u00a0<\/span><strong style=\"color: #ff0000;\">DOTPAY<\/strong><span style=\"color: #ff0000;\">!<\/span><\/p>\n<p>Chianti Riserva<br \/>Wino Chianti Riserva wytwarza si\u0119 z winogron Sangiovese i Canaiolo zgodnie z tradycyjnymi toska\u0144skimi recepturami. Dojrzewa przez dwa lata w beczkach d\u0119bowych, nast\u0119pnie le\u017cakuje w butelkach przez 3 miesi\u0105ce. Posiada g\u0142\u0119bok\u0105 czerwono-rubinow\u0105 barw\u0119. Wyr\u00f3\u017cnia je intensywny, elegancki i sugestywny bukiet. W smaku szerokie i tre\u015bciwe, a zarazem bardzo dojrza\u0142e wino, z przyjemnymi zbalansowanymi taninami i d\u0142ugim finiszem, kt\u00f3ry podkre\u015bla wielko\u015b\u0107 tego wspania\u0142ego wina. Idealnie komponuje si\u0119 do wszelkiego rodzaju mi\u0119s, od prostego befsztyku po najbardziej wyrafinowane dania z dziczyzny. Doskona\u0142e do ser\u00f3w. Najlepiej podawa\u0107 w temperaturze 18\u00baC.<\/p>\n","protected":false},"excerpt":{"rendered":"<p>Chianti Riserva Wino Chianti Riserva wytwarza si\u0119 z winogron Sangiovese i Canaiolo zgodnie z tradycyjnymi toska\u0144skimi recepturami. Dojrzewa przez dwa lata w beczkach d\u0119bowych, nast\u0119pnie le\u017cakuje w butelkach przez 3 miesi\u0105ce. Posiada g\u0142\u0119bok\u0105 czerwono-&#8230;<\/p>\n","protected":false},"featured_media":10398,"comment_status":"open","ping_status":"closed","template":"","meta":[],"product_cat":[80,95,96],"product_tag":[],"class_list":{"0":"post-10399","1":"product","2":"type-product","3":"status-publish","4":"has-post-thumbnail","6":"product_cat-wina-swiata","7":"product_cat-wlochy","8":"product_cat-wlochy-toscania","10":"first","11":"instock","12":"shipping-taxable","13":"purchasable","14":"product-type-simple"},"_links":{"self":[{"href":"http:\/\/delikatesy.wineport.pl\/index.php?rest_route=\/wp\/v2\/product\/10399","targetHints":{"allow":["GET"]}}],"collection":[{"href":"http:\/\/delikatesy.wineport.pl\/index.php?rest_route=\/wp\/v2\/product"}],"about":[{"href":"http:\/\/delikatesy.wineport.pl\/index.php?rest_route=\/wp\/v2\/types\/product"}],"replies":[{"embeddable":true,"href":"http:\/\/delikatesy.wineport.pl\/index.php?rest_route=%2Fwp%2Fv2%2Fcomments&post=10399"}],"wp:featuredmedia":[{"embeddable":true,"href":"http:\/\/delikatesy.wineport.pl\/index.php?rest_route=\/wp\/v2\/media\/10398"}],"wp:attachment":[{"href":"http:\/\/delikatesy.wineport.pl\/index.php?rest_route=%2Fwp%2Fv2%2Fmedia&parent=10399"}],"wp:term":[{"taxonomy":"product_cat","embeddable":true,"href":"http:\/\/delikatesy.wineport.pl\/index.php?rest_route=%2Fwp%2Fv2%2Fproduct_cat&post=10399"},{"taxonomy":"product_tag","embeddable":true,"href":"http:\/\/delikatesy.wineport.pl\/index.php?rest_route=%2Fwp%2Fv2%2Fproduct_tag&post=10399"}],"curies":[{"name":"wp","href":"https:\/\/api.w.org\/{rel}","templated":true}]}}