{"id":10409,"date":"2024-03-14T13:24:46","date_gmt":"2024-03-14T12:24:46","guid":{"rendered":"http:\/\/delikatesy.wineport.pl\/?product=cesari-amarone-classico-docg-czerwone-wytrawne"},"modified":"2026-05-10T17:59:58","modified_gmt":"2026-05-10T15:59:58","slug":"cesari-amarone-classico-docg-czerwone-wytrawne","status":"publish","type":"product","link":"http:\/\/delikatesy.wineport.pl\/?product=cesari-amarone-classico-docg-czerwone-wytrawne","title":{"rendered":"CESARI Amarone Classico DOCG- Czerwone Wytrawne"},"content":{"rendered":"<p><span style=\"color: #ff0000;\">UWAGA!!! NIE WYSY\u0141AMY ALKOHOLU KURIEREM W PRZYPADKU ZAM\u00d3WIE\u0143 OD OS\u00d3B PRYWATNYCH, TYLKO ODBI\u00d3R OSOBISTY NA UL. \u015aW. STANIS\u0141AWA 12 W WARSZAWIE!!! W przypadku op\u0142acenia zam\u00f3wienia alkoholu z wysy\u0142k\u0105, przy zwrocie pieni\u0119dzy zostanie potr\u0105cona prowizja\u00a0<\/span><strong style=\"color: #ff0000;\">DOTPAY<\/strong><span style=\"color: #ff0000;\">!<\/span><\/p>\n<p>Amarone Classico<br \/>Najwy\u017cszej klasy wino czerwone otrzymane z winogron odmiany Corvina, Rondinella i Molinara. D\u0142ugi i skomplikowany proces produkcji tego wina wymaga podsuszenia winogron przed ich wyciskaniem i starzeniem. Ten unikalny spos\u00f3b produkcji przetrwa\u0142 stulecia pr\u00f3b i degustacji, co sprawia, \u017ce Amarone jest prawdziwym klasykiem w\u015br\u00f3d win. Podczas nalewania wino uwalnia eteryczn\u0105, pomara\u0144czow\u0105 aur\u0119 roz\u015bwietlaj\u0105c\u0105 wn\u0119trze kieliszka ciep\u0142\u0105 barw\u0105. Wino smakuje najlepiej, gdy ma czas odetchn\u0105\u0107. Podawa\u0107 w temperaturze pokojowej, jako uzupe\u0142nienie bogatych da\u0144 mi\u0119snych i dziczyzny.<\/p>\n","protected":false},"excerpt":{"rendered":"<p>Amarone Classico Najwy\u017cszej klasy wino czerwone otrzymane z winogron odmiany Corvina, Rondinella i Molinara. D\u0142ugi i skomplikowany proces produkcji tego wina wymaga podsuszenia winogron przed ich wyciskaniem i starzeniem. Ten unikalny spos\u00f3b produkcj&#8230;<\/p>\n","protected":false},"featured_media":10408,"comment_status":"open","ping_status":"closed","template":"","meta":[],"product_cat":[80,95,97],"product_tag":[],"class_list":{"0":"post-10409","1":"product","2":"type-product","3":"status-publish","4":"has-post-thumbnail","6":"product_cat-wina-swiata","7":"product_cat-wlochy","8":"product_cat-wlochy-veneto","10":"first","11":"instock","12":"shipping-taxable","13":"purchasable","14":"product-type-simple"},"_links":{"self":[{"href":"http:\/\/delikatesy.wineport.pl\/index.php?rest_route=\/wp\/v2\/product\/10409","targetHints":{"allow":["GET"]}}],"collection":[{"href":"http:\/\/delikatesy.wineport.pl\/index.php?rest_route=\/wp\/v2\/product"}],"about":[{"href":"http:\/\/delikatesy.wineport.pl\/index.php?rest_route=\/wp\/v2\/types\/product"}],"replies":[{"embeddable":true,"href":"http:\/\/delikatesy.wineport.pl\/index.php?rest_route=%2Fwp%2Fv2%2Fcomments&post=10409"}],"wp:featuredmedia":[{"embeddable":true,"href":"http:\/\/delikatesy.wineport.pl\/index.php?rest_route=\/wp\/v2\/media\/10408"}],"wp:attachment":[{"href":"http:\/\/delikatesy.wineport.pl\/index.php?rest_route=%2Fwp%2Fv2%2Fmedia&parent=10409"}],"wp:term":[{"taxonomy":"product_cat","embeddable":true,"href":"http:\/\/delikatesy.wineport.pl\/index.php?rest_route=%2Fwp%2Fv2%2Fproduct_cat&post=10409"},{"taxonomy":"product_tag","embeddable":true,"href":"http:\/\/delikatesy.wineport.pl\/index.php?rest_route=%2Fwp%2Fv2%2Fproduct_tag&post=10409"}],"curies":[{"name":"wp","href":"https:\/\/api.w.org\/{rel}","templated":true}]}}