{"id":10599,"date":"2024-03-14T13:25:32","date_gmt":"2024-03-14T12:25:32","guid":{"rendered":"http:\/\/delikatesy.wineport.pl\/?product=wino-segu-rose-cabernet-sauvignon-d-o-maule-075l"},"modified":"2026-05-10T18:04:22","modified_gmt":"2026-05-10T16:04:22","slug":"wino-segu-rose-cabernet-sauvignon-d-o-maule-075l","status":"publish","type":"product","link":"http:\/\/delikatesy.wineport.pl\/?product=wino-segu-rose-cabernet-sauvignon-d-o-maule-075l","title":{"rendered":"Wino SEGU Ros\u00e9 Cabernet Sauvignon D.O. Maule 0,75L"},"content":{"rendered":"<p><span style=\"font-weight: bold;\"><span style=\"color: #ff0000;\">UWAGA!!! NIE WYSY\u0141AMY ALKOHOLU KURIEREM W PRZYPADKU ZAM\u00d3WIE\u0143 OD OS\u00d3B PRYWATNYCH, TYLKO ODBI\u00d3R OSOBISTY NA UL. \u015aW. STANIS\u0141AWA 12 W WARSZAWIE!!! W przypadku op\u0142acenia zam\u00f3wienia alkoholu z wysy\u0142k\u0105, przy zwrocie pieni\u0119dzy zostanie potr\u0105cona prowizja\u00a0<\/span><strong style=\"color: #ff0000;\">DOTPAY<\/strong><span style=\"color: #ff0000;\">!<\/span><\/span><\/p>\n<p><span style=\"font-weight: bold;\">SEG\u00da Ros\u00e9 Cabernet Sauvignon D.O. Maule<\/span><br \/> <span style=\"font-style: italic;\">producent: Vi\u0144a Seg\u00fa<\/span><br \/> 100% Cabernet Sauvignon<br \/> Wino r\u00f3\u017cowe, wytrawne o przepi\u0119knej, \u017cywej, r\u00f3\u017cowej barwie z po\u0142yskuj\u0105cymi refleksami.<br \/> Intensywny, d\u0142ugo utrzymuj\u0105cy si\u0119 aromat czarnej porzeczki, wi\u015bni i czere\u015bni.<br \/> W ustach skoncentrowane, owocowe, przyjemnie \u015bwie\u017ce, sharmonizowane, o d\u0142ugim, wybornym finiszu. Mo\u017ce by\u0107 podawane jako aperitif, z przek\u0105ska i bez, z potrawami przyrz\u0105dzonymi na bazie warzyw (nie tylko wegetarianskimi) oraz surowymi owocami morza. Podawa\u0107 sch\u0142odzone do temp. 12\u00b0C.<\/p>\n","protected":false},"excerpt":{"rendered":"<p>SEG\u00da Ros\u00e9 Cabernet Sauvignon D.O. Maule producent: Vi\u0144a Seg\u00fa 100% Cabernet Sauvignon Wino r\u00f3\u017cowe, wytrawne o przepi\u0119knej, \u017cywej, r\u00f3\u017cowej barwie z po\u0142yskuj\u0105cymi refleksami. Intensywny, d\u0142ugo utrzymuj\u0105cy si\u0119 aromat czarnej porzeczki, wi\u015bni i czere\u015bni. &#8230;<\/p>\n","protected":false},"featured_media":10598,"comment_status":"open","ping_status":"closed","template":"","meta":[],"product_cat":[82,80],"product_tag":[],"class_list":{"0":"post-10599","1":"product","2":"type-product","3":"status-publish","4":"has-post-thumbnail","6":"product_cat-chile","7":"product_cat-wina-swiata","9":"first","10":"instock","11":"shipping-taxable","12":"purchasable","13":"product-type-simple"},"_links":{"self":[{"href":"http:\/\/delikatesy.wineport.pl\/index.php?rest_route=\/wp\/v2\/product\/10599","targetHints":{"allow":["GET"]}}],"collection":[{"href":"http:\/\/delikatesy.wineport.pl\/index.php?rest_route=\/wp\/v2\/product"}],"about":[{"href":"http:\/\/delikatesy.wineport.pl\/index.php?rest_route=\/wp\/v2\/types\/product"}],"replies":[{"embeddable":true,"href":"http:\/\/delikatesy.wineport.pl\/index.php?rest_route=%2Fwp%2Fv2%2Fcomments&post=10599"}],"wp:featuredmedia":[{"embeddable":true,"href":"http:\/\/delikatesy.wineport.pl\/index.php?rest_route=\/wp\/v2\/media\/10598"}],"wp:attachment":[{"href":"http:\/\/delikatesy.wineport.pl\/index.php?rest_route=%2Fwp%2Fv2%2Fmedia&parent=10599"}],"wp:term":[{"taxonomy":"product_cat","embeddable":true,"href":"http:\/\/delikatesy.wineport.pl\/index.php?rest_route=%2Fwp%2Fv2%2Fproduct_cat&post=10599"},{"taxonomy":"product_tag","embeddable":true,"href":"http:\/\/delikatesy.wineport.pl\/index.php?rest_route=%2Fwp%2Fv2%2Fproduct_tag&post=10599"}],"curies":[{"name":"wp","href":"https:\/\/api.w.org\/{rel}","templated":true}]}}