{"id":10609,"date":"2024-03-14T13:25:33","date_gmt":"2024-03-14T12:25:33","guid":{"rendered":"http:\/\/delikatesy.wineport.pl\/?product=wino-segu-reserva-cabernet-sauvignon-d-o-maule-075l"},"modified":"2026-05-10T18:04:24","modified_gmt":"2026-05-10T16:04:24","slug":"wino-segu-reserva-cabernet-sauvignon-d-o-maule-075l","status":"publish","type":"product","link":"http:\/\/delikatesy.wineport.pl\/?product=wino-segu-reserva-cabernet-sauvignon-d-o-maule-075l","title":{"rendered":"Wino SEGU RESERVA Cabernet Sauvignon D.O. Maule 0,75L"},"content":{"rendered":"<p><span style=\"font-weight: bold;\"><span style=\"color: #ff0000;\">UWAGA!!! NIE WYSY\u0141AMY ALKOHOLU KURIEREM W PRZYPADKU ZAM\u00d3WIE\u0143 OD OS\u00d3B PRYWATNYCH, TYLKO ODBI\u00d3R OSOBISTY NA UL. \u015aW. STANIS\u0141AWA 12 W WARSZAWIE!!! W przypadku op\u0142acenia zam\u00f3wienia alkoholu z wysy\u0142k\u0105, przy zwrocie pieni\u0119dzy zostanie potr\u0105cona prowizja\u00a0<\/span><strong style=\"color: #ff0000;\">DOTPAY<\/strong><span style=\"color: #ff0000;\">!<\/span><\/span><\/p>\n<p><span style=\"font-weight: bold;\">SEG\u00da RESERVA Cabernet Sauvignon D.O. Maule<\/span><br \/> <span style=\"font-style: italic;\">producent: Vi\u0144a Seg\u00fa<\/span><br \/> 100% Cabernet Sauvignon z 40-letnich szczep\u00f3w<br \/> Wino czerwone, wytrawne, niefiltrowane, o intensywnej, po\u0142yskuj\u0105cej, rubinowej barwie.<br \/> Intensywny, skoncentrowany aromat sk\u00f3ry, suszonych \u015bliwek, czarnej porzeczki, mi\u0119ty, pieprzu, wanilii, tostu, kakao i kawy.<br \/> W ustach intensywne, eleganckie, bogate, smaczne, wywa\u017cone i skoncentrowane. Wyczuwalne w nim owoce dobrze komponuj\u0105 si\u0119 z wanili\u0105 pochodz\u0105c\u0105 z dojrzewania przez 12 miesi\u0119cy w nowych beczkach z d\u0119bu francuskiego, tostem i czekolad\u0105. D\u0142ugi, przyjemny finisz. Idealne do ptactwa \u0142ownego, zaj\u0105ca, kr\u00f3lika, baraniny i dobrze przyprawionych sos\u00f3w. Najlepiej smakuje gdy osi\u0105gnie temperatur\u0119 pokojow\u0105 (18-20\u00b0C). Mo\u017ce by\u0107 przechowywane przez 6-8 lat.<\/p>\n","protected":false},"excerpt":{"rendered":"<p>SEG\u00da RESERVA Cabernet Sauvignon D.O. Maule producent: Vi\u0144a Seg\u00fa 100% Cabernet Sauvignon z 40-letnich szczep\u00f3w Wino czerwone, wytrawne, niefiltrowane, o intensywnej, po\u0142yskuj\u0105cej, rubinowej barwie. Intensywny, skoncentrowany aromat sk\u00f3ry, suszonych \u015bl&#8230;<\/p>\n","protected":false},"featured_media":10608,"comment_status":"open","ping_status":"closed","template":"","meta":[],"product_cat":[82,80],"product_tag":[],"class_list":{"0":"post-10609","1":"product","2":"type-product","3":"status-publish","4":"has-post-thumbnail","6":"product_cat-chile","7":"product_cat-wina-swiata","9":"first","10":"instock","11":"shipping-taxable","12":"purchasable","13":"product-type-simple"},"_links":{"self":[{"href":"http:\/\/delikatesy.wineport.pl\/index.php?rest_route=\/wp\/v2\/product\/10609","targetHints":{"allow":["GET"]}}],"collection":[{"href":"http:\/\/delikatesy.wineport.pl\/index.php?rest_route=\/wp\/v2\/product"}],"about":[{"href":"http:\/\/delikatesy.wineport.pl\/index.php?rest_route=\/wp\/v2\/types\/product"}],"replies":[{"embeddable":true,"href":"http:\/\/delikatesy.wineport.pl\/index.php?rest_route=%2Fwp%2Fv2%2Fcomments&post=10609"}],"wp:featuredmedia":[{"embeddable":true,"href":"http:\/\/delikatesy.wineport.pl\/index.php?rest_route=\/wp\/v2\/media\/10608"}],"wp:attachment":[{"href":"http:\/\/delikatesy.wineport.pl\/index.php?rest_route=%2Fwp%2Fv2%2Fmedia&parent=10609"}],"wp:term":[{"taxonomy":"product_cat","embeddable":true,"href":"http:\/\/delikatesy.wineport.pl\/index.php?rest_route=%2Fwp%2Fv2%2Fproduct_cat&post=10609"},{"taxonomy":"product_tag","embeddable":true,"href":"http:\/\/delikatesy.wineport.pl\/index.php?rest_route=%2Fwp%2Fv2%2Fproduct_tag&post=10609"}],"curies":[{"name":"wp","href":"https:\/\/api.w.org\/{rel}","templated":true}]}}