{"id":10696,"date":"2024-03-14T13:26:09","date_gmt":"2024-03-14T12:26:09","guid":{"rendered":"http:\/\/delikatesy.wineport.pl\/?product=wino-montepulciano-dabruzzo-farina-czerwone-wytrawne"},"modified":"2026-05-10T18:06:08","modified_gmt":"2026-05-10T16:06:08","slug":"wino-montepulciano-dabruzzo-farina-czerwone-wytrawne","status":"publish","type":"product","link":"http:\/\/delikatesy.wineport.pl\/?product=wino-montepulciano-dabruzzo-farina-czerwone-wytrawne","title":{"rendered":"Wino Montepulciano d&#8217;abruzzo FARINA &#8211; Czerwone Wytrawne"},"content":{"rendered":"<p><span style=\"color: #ff0000;\">UWAGA!!! NIE WYSY\u0141AMY ALKOHOLU KURIEREM W PRZYPADKU ZAM\u00d3WIE\u0143 OD OS\u00d3B PRYWATNYCH, TYLKO ODBI\u00d3R OSOBISTY NA UL. \u015aW. STANIS\u0141AWA 12 W WARSZAWIE!!! W przypadku op\u0142acenia zam\u00f3wienia alkoholu z wysy\u0142k\u0105, przy zwrocie pieni\u0119dzy zostanie potr\u0105cona prowizja\u00a0<\/span><strong style=\"color: #ff0000;\">DOTPAY<\/strong><span style=\"color: #ff0000;\">!<\/span><\/p>\n<p>Podstawowe czerwone wino z Abbruzzo produkowane z winogron Montepulciano. Uprawiane na nas\u0142onecznionych stokach uzyskuje swoj\u0105 indywidualno\u015b\u0107 i \u0142agodny smak. Zach\u0119ca swoim czerwono-rubinowym kolorem. Bukiet przepe\u0142niony aromatami owoc\u00f3w. Wytrawne, zharmonizowane, uniwersalne wino nadaj\u0105ce si\u0119 na ka\u017cd\u0105 okazj\u0119. Optymalna temperatura serwowania to 18 stopni Celsjusza.<\/p>\n","protected":false},"excerpt":{"rendered":"<p>Podstawowe czerwone wino z Abbruzzo produkowane z winogron Montepulciano. Uprawiane na nas\u0142onecznionych stokach uzyskuje swoj\u0105 indywidualno\u015b\u0107 i \u0142agodny smak. Zach\u0119ca swoim czerwono-rubinowym kolorem. Bukiet przepe\u0142niony aromatami owoc\u00f3w. Wytrawne, zh&#8230;<\/p>\n","protected":false},"featured_media":10695,"comment_status":"open","ping_status":"closed","template":"","meta":[],"product_cat":[80,95,118],"product_tag":[],"class_list":{"0":"post-10696","1":"product","2":"type-product","3":"status-publish","4":"has-post-thumbnail","6":"product_cat-wina-swiata","7":"product_cat-wlochy","8":"product_cat-wlochy-abruzja","10":"first","11":"instock","12":"shipping-taxable","13":"purchasable","14":"product-type-simple"},"_links":{"self":[{"href":"http:\/\/delikatesy.wineport.pl\/index.php?rest_route=\/wp\/v2\/product\/10696","targetHints":{"allow":["GET"]}}],"collection":[{"href":"http:\/\/delikatesy.wineport.pl\/index.php?rest_route=\/wp\/v2\/product"}],"about":[{"href":"http:\/\/delikatesy.wineport.pl\/index.php?rest_route=\/wp\/v2\/types\/product"}],"replies":[{"embeddable":true,"href":"http:\/\/delikatesy.wineport.pl\/index.php?rest_route=%2Fwp%2Fv2%2Fcomments&post=10696"}],"wp:featuredmedia":[{"embeddable":true,"href":"http:\/\/delikatesy.wineport.pl\/index.php?rest_route=\/wp\/v2\/media\/10695"}],"wp:attachment":[{"href":"http:\/\/delikatesy.wineport.pl\/index.php?rest_route=%2Fwp%2Fv2%2Fmedia&parent=10696"}],"wp:term":[{"taxonomy":"product_cat","embeddable":true,"href":"http:\/\/delikatesy.wineport.pl\/index.php?rest_route=%2Fwp%2Fv2%2Fproduct_cat&post=10696"},{"taxonomy":"product_tag","embeddable":true,"href":"http:\/\/delikatesy.wineport.pl\/index.php?rest_route=%2Fwp%2Fv2%2Fproduct_tag&post=10696"}],"curies":[{"name":"wp","href":"https:\/\/api.w.org\/{rel}","templated":true}]}}