{"id":10708,"date":"2024-03-14T13:26:18","date_gmt":"2024-03-14T12:26:18","guid":{"rendered":"http:\/\/delikatesy.wineport.pl\/?product=wino-orvieto-classico-sensi-doc-075l"},"modified":"2026-05-10T18:06:11","modified_gmt":"2026-05-10T16:06:11","slug":"wino-orvieto-classico-sensi-doc-075l","status":"publish","type":"product","link":"http:\/\/delikatesy.wineport.pl\/?product=wino-orvieto-classico-sensi-doc-075l","title":{"rendered":"Wino ORVIETO CLASSICO SENSI DOC 0,75L"},"content":{"rendered":"<p><span style=\"color: #ff0000;\">UWAGA!!! NIE WYSY\u0141AMY ALKOHOLU KURIEREM W PRZYPADKU ZAM\u00d3WIE\u0143 OD OS\u00d3B PRYWATNYCH, TYLKO ODBI\u00d3R OSOBISTY NA UL. \u015aW. STANIS\u0141AWA 12 W WARSZAWIE!!! W przypadku op\u0142acenia zam\u00f3wienia alkoholu z wysy\u0142k\u0105, przy zwrocie pieni\u0119dzy zostanie potr\u0105cona prowizja\u00a0<\/span><strong style=\"color: #ff0000;\">DOTPAY<\/strong><span style=\"color: #ff0000;\">!<\/span><\/p>\n<p>http:\/\/66.71.191.197\/~sensivin\/sensi_pol.html &#8211; link do strony producenta.<\/p>\n<p>Doskonale zbalansowane wino p\u00f3\u0142wytrawne z wyczuwaln\u0105 nut\u0105 s\u0142odko\u015bci. Wytwarzane z gron Trebbiano, Malvasia, Grechetto, Verdello i Drupeggio. Barwa \u017c\u00f3\u0142to-s\u0142omkowa z delikatnymi zielonymi refleksami. Bukiet intensywny a zarazem subtelny i delikatny z zauwa\u017caln\u0105 owocow\u0105 nut\u0105. W smaku przyjemnie s\u0142odkawe, mi\u0119kkie i eleganckie z charakterystycznym akcentem bia\u0142ych owoc\u00f3w. Idealne wino dla os\u00f3b o delikatnym podniebieniu. Doskonale pasuje do ca\u0142ego posi\u0142ku nie pomijaj\u0105c deseru.<\/p>\n","protected":false},"excerpt":{"rendered":"<p>http:\/\/66.71.191.197\/~sensivin\/sensi_pol.html &#8211; link do strony producenta. Doskonale zbalansowane wino p\u00f3\u0142wytrawne z wyczuwaln\u0105 nut\u0105 s\u0142odko\u015bci. Wytwarzane z gron Trebbiano, Malvasia, Grechetto, Verdello i Drupeggio. Barwa \u017c\u00f3\u0142to-s\u0142omkowa z delikatnymi&#8230;<\/p>\n","protected":false},"featured_media":10707,"comment_status":"open","ping_status":"closed","template":"","meta":[],"product_cat":[80,95,96],"product_tag":[],"class_list":{"0":"post-10708","1":"product","2":"type-product","3":"status-publish","4":"has-post-thumbnail","6":"product_cat-wina-swiata","7":"product_cat-wlochy","8":"product_cat-wlochy-toscania","10":"first","11":"instock","12":"shipping-taxable","13":"purchasable","14":"product-type-simple"},"_links":{"self":[{"href":"http:\/\/delikatesy.wineport.pl\/index.php?rest_route=\/wp\/v2\/product\/10708","targetHints":{"allow":["GET"]}}],"collection":[{"href":"http:\/\/delikatesy.wineport.pl\/index.php?rest_route=\/wp\/v2\/product"}],"about":[{"href":"http:\/\/delikatesy.wineport.pl\/index.php?rest_route=\/wp\/v2\/types\/product"}],"replies":[{"embeddable":true,"href":"http:\/\/delikatesy.wineport.pl\/index.php?rest_route=%2Fwp%2Fv2%2Fcomments&post=10708"}],"wp:featuredmedia":[{"embeddable":true,"href":"http:\/\/delikatesy.wineport.pl\/index.php?rest_route=\/wp\/v2\/media\/10707"}],"wp:attachment":[{"href":"http:\/\/delikatesy.wineport.pl\/index.php?rest_route=%2Fwp%2Fv2%2Fmedia&parent=10708"}],"wp:term":[{"taxonomy":"product_cat","embeddable":true,"href":"http:\/\/delikatesy.wineport.pl\/index.php?rest_route=%2Fwp%2Fv2%2Fproduct_cat&post=10708"},{"taxonomy":"product_tag","embeddable":true,"href":"http:\/\/delikatesy.wineport.pl\/index.php?rest_route=%2Fwp%2Fv2%2Fproduct_tag&post=10708"}],"curies":[{"name":"wp","href":"https:\/\/api.w.org\/{rel}","templated":true}]}}