{"id":10718,"date":"2024-03-14T13:26:23","date_gmt":"2024-03-14T12:26:23","guid":{"rendered":"http:\/\/delikatesy.wineport.pl\/?product=wino-brunello-di-montalcino-docg-boscoselvo-075l"},"modified":"2026-05-10T18:06:14","modified_gmt":"2026-05-10T16:06:14","slug":"wino-brunello-di-montalcino-docg-boscoselvo-075l","status":"publish","type":"product","link":"http:\/\/delikatesy.wineport.pl\/?product=wino-brunello-di-montalcino-docg-boscoselvo-075l","title":{"rendered":"Wino BRUNELLO DI MONTALCINO DOCG BOSCOSELVO 0,75l"},"content":{"rendered":"<p><span style=\"color: #ff0000;\">UWAGA!!! NIE WYSY\u0141AMY ALKOHOLU KURIEREM W PRZYPADKU ZAM\u00d3WIE\u0143 OD OS\u00d3B PRYWATNYCH, TYLKO ODBI\u00d3R OSOBISTY NA UL. \u015aW. STANIS\u0141AWA 12 W WARSZAWIE!!! W przypadku op\u0142acenia zam\u00f3wienia alkoholu z wysy\u0142k\u0105, przy zwrocie pieni\u0119dzy zostanie potr\u0105cona prowizja\u00a0<\/span><strong style=\"color: #ff0000;\">DOTPAY<\/strong><span style=\"color: #ff0000;\">!<\/span><br \/>Flagowe wino z Toscani, kt\u00f3re powsta\u0142o ze szczepu Sangiovese.<br \/>\u00a0Wspania\u0142e Brunello o bardzo g\u0142\u0119bokiej barwie czerwono-rubinowej, z granatowymi refleksami. Bukietem mocny i z\u0142o\u017cony, o niesamowitych aromatach\u00a0 czarnej lukrecji, przeistaczaj\u0105cych sie w wo\u0144 dojrza\u0142ych owoc\u00f3w i rodzynek. W smaku powa\u017cne, zabarwione nut\u0105 wanilii i czekolady. Pocz\u0105tkowy posmak konfitury staje si\u0119 elegancki i wytworny przy ko\u0144cu. Surowe w swojej strukturze i taninowe, o pot\u0119\u017cnym ciele. Wino dla prawdziwego konesera. Podawa\u0107 do dziczyzny i innych wykwintnych da\u0144 z czerwonego mi\u0119sa.<\/p>\n<p>Prosze o por\u00f3wnanie ceny do innych por\u00f3wnywalnych win na <\/p>\n<p>http:\/\/www.twenga.pl\/dir-Zywnosc-i-napoje,Wina-wloskie,Brunello<\/p>\n","protected":false},"excerpt":{"rendered":"<p>Flagowe wino z Toscani, kt\u00f3re powsta\u0142o ze szczepu Sangiovese. Wspania\u0142e Brunello o bardzo g\u0142\u0119bokiej barwie czerwono-rubinowej, z granatowymi refleksami. Bukietem mocny i z\u0142o\u017cony, o niesamowitych aromatach czarnej lukrecji, przeistaczaj\u0105cych sie w wo\u0144&#8230;<\/p>\n","protected":false},"featured_media":10717,"comment_status":"open","ping_status":"closed","template":"","meta":[],"product_cat":[80,95,96],"product_tag":[],"class_list":{"0":"post-10718","1":"product","2":"type-product","3":"status-publish","4":"has-post-thumbnail","6":"product_cat-wina-swiata","7":"product_cat-wlochy","8":"product_cat-wlochy-toscania","10":"first","11":"instock","12":"shipping-taxable","13":"purchasable","14":"product-type-simple"},"_links":{"self":[{"href":"http:\/\/delikatesy.wineport.pl\/index.php?rest_route=\/wp\/v2\/product\/10718","targetHints":{"allow":["GET"]}}],"collection":[{"href":"http:\/\/delikatesy.wineport.pl\/index.php?rest_route=\/wp\/v2\/product"}],"about":[{"href":"http:\/\/delikatesy.wineport.pl\/index.php?rest_route=\/wp\/v2\/types\/product"}],"replies":[{"embeddable":true,"href":"http:\/\/delikatesy.wineport.pl\/index.php?rest_route=%2Fwp%2Fv2%2Fcomments&post=10718"}],"wp:featuredmedia":[{"embeddable":true,"href":"http:\/\/delikatesy.wineport.pl\/index.php?rest_route=\/wp\/v2\/media\/10717"}],"wp:attachment":[{"href":"http:\/\/delikatesy.wineport.pl\/index.php?rest_route=%2Fwp%2Fv2%2Fmedia&parent=10718"}],"wp:term":[{"taxonomy":"product_cat","embeddable":true,"href":"http:\/\/delikatesy.wineport.pl\/index.php?rest_route=%2Fwp%2Fv2%2Fproduct_cat&post=10718"},{"taxonomy":"product_tag","embeddable":true,"href":"http:\/\/delikatesy.wineport.pl\/index.php?rest_route=%2Fwp%2Fv2%2Fproduct_tag&post=10718"}],"curies":[{"name":"wp","href":"https:\/\/api.w.org\/{rel}","templated":true}]}}