{"id":10828,"date":"2024-03-14T13:26:56","date_gmt":"2024-03-14T12:26:56","guid":{"rendered":"http:\/\/delikatesy.wineport.pl\/?product=wino-altosur-malbec-075l"},"modified":"2026-05-10T18:08:09","modified_gmt":"2026-05-10T16:08:09","slug":"wino-altosur-malbec-075l","status":"publish","type":"product","link":"http:\/\/delikatesy.wineport.pl\/?product=wino-altosur-malbec-075l","title":{"rendered":"Wino Altosur Malbec 0,75L"},"content":{"rendered":"<p><span style=\"color: #ff0000; font-size: 16px; font-family: arial, helvetica, sans-serif;\">UWAGA!!! NIE WYSY\u0141AMY ALKOHOLU KURIEREM W PRZYPADKU ZAM\u00d3WIE\u0143 OD OS\u00d3B PRYWATNYCH, TYLKO ODBI\u00d3R OSOBISTY NA UL. \u015aW. STANIS\u0141AWA 12 W WARSZAWIE!!! W przypadku op\u0142acenia zam\u00f3wienia alkoholu z wysy\u0142k\u0105, przy zwrocie pieni\u0119dzy zostanie potr\u0105cona prowizja dotpay!<\/span><\/p>\n<table border=\"0\" width=\"720\" cellspacing=\"0\" cellpadding=\"0\" align=\"center\">\n<tbody>\n<tr>\n<td valign=\"top\" width=\"366\">\n<table border=\"0\" width=\"366\" cellspacing=\"8\" cellpadding=\"2\">\n<tbody>\n<tr>\n<td colspan=\"2\">Rocznik Wyr\u00f3\u017cnienia i nagrody.<br \/> 2007 85 punkt\u00f3w &#8211; Wine Enthusiast, Listopad 2008<br \/> 2007 86 punkt\u00f3w &#8211; Wine Spectator, Listopad 2008<br \/> 2007 Wyr\u00f3\u017cnione &#8211; Decanter World Wine Awards 2008<br \/> 2006 88 punkt\u00f3w &#8211; Patterson`s Beverage Journal, Kwiecie\u0144 2008<br \/> 2006 85 punkt\u00f3w &#8211; Wine Spectator, Luty 2008<br \/> 2006 87 punkt\u00f3w &#8211; Wine &amp; Spirits, Luty 2008<br \/> 2006 88 punkt\u00f3w &#8211; Najlepszy Zakup &#8211; Wine Enthusiast, Sierpie\u0144 2007<br \/> 2006 Wyr\u00f3\u017cnione &#8211; Int. Wine Challenge 2007 &#8211; Londyn, Maj 2007<br \/> 2006 Wyr\u00f3\u017cnione &#8211; Decanter World Wine Awards 2007, Maj 2007<br \/> 2006 86 punkt\u00f3w &#8211; Wine &amp; Spirits, Maj 2007<br \/> 2005 90 punkt\u00f3w &#8211; I-winereview.com, Grudzie\u0144 2006<br \/> 2005 85 punkt\u00f3w &#8211; Wine Enthusiast, Sierpie\u0144 2006<br \/> 2004 Wysoce Polecane &#8211; Decanter, Luty 2006<br \/> 2003 Mi\u0119dzynarodowe Trofeum &#8211; Decanter, Listopad 2005<br \/> 2003 Z\u0142oty Medal &#8211; Decanter, Maj 2005<br \/> 2003 Dobra Warto\u015b\u0107 &#8211; Jancis Robinson, koniec 2004 roku<br \/> 2002 89 punkt\u00f3w &#8211; Wyj\u0105tkowe Wino &#8211; Wine &amp; Spirits, Czerwiec 2005<br \/> 2002 88 punkt\u00f3w &#8211; Wine Enthusiast, Marzec 2005<br \/> 2002 Polecane i Dobra Warto\u015b\u0107 &#8211; Decanter, Luty 2005<\/p>\n<p>Pochodzenie:<br \/> -Tupungato, Gualtallary, Mendoza, Argentyna,<br \/> Uprawiane i butelkowane<br \/> Winemaker<br \/> Matias Michelini<br \/> Winnice<br \/> W okolicach And\u00f3w, wysoko\u015b\u0107 4000 st\u00f3p. Skalista gleba o lu\u017anej strukturze. Przycinanie, nawadnianie i ci\u0119cie li\u015bci robione tak, aby osi\u0105gn\u0105\u0107 niskie zbiory o wysokiej jako\u015bci grona.<br \/> Zbiory.<br \/> Wy\u0142\u0105cznie r\u0119cze zbiory przy u\u017cyciu ma\u0142ych skrzynek w miesi\u0105cu marcu. <br \/> Proces wytwarzania..<br \/> Selekcja ki\u015bci winogron (sto\u0142y do sortowania). Wst\u0119pna zimna maceracja w niskiej temnperaturze. Fermentacja przy u\u017cyciu wybranych dro\u017cd\u017cy w kontrolowanej temperaturze. P\u00f3\u017aniejsza maceracja fermentacyjna. <br \/> Proces dojrzewania.<br \/> W beczkach z francuskiego i ameryka\u0144skiego d\u0119bu w czasie trzech\/czterech miesi\u0119cy.<br \/> Uwagi smakowe winemakera.<br \/> Atrakcyjny czerwony kolor z fioletowymi odcieniami. Aromaty intensywnych dojrza\u0142ych owoc\u00f3w: wi\u015bni, je\u017cyn, jag\u00f3d oraz \u015bwie\u017cych \u015bliwek pomieszanych z pikantnymi i kwiatowymi dodatkami. W ustach s\u0142odkie i \u0142agodne taniny podkre\u015blaj\u0105 wra\u017cenia owocowe i zr\u00f3wnowa\u017conego smaku. Wino o dobrej intensywno\u015bci, koncentracji i d\u0142ugo utrzymuj\u0105cym si\u0119 smaku wt\u00f3rnym.<\/p>\n<\/td>\n<\/tr>\n<p>  <!-- BEGIN DYNAMIC BLOCK: additional -->  <\/p>\n<tr>\n<td colspan=\"2\">\u00a0<\/td>\n<\/tr>\n<tr>\n<td colspan=\"2\">\u00a0<\/td>\n<\/tr>\n<p>  <!-- END DYNAMIC BLOCK: additional --><\/tbody>\n<\/table>\n<\/td>\n<td valign=\"top\" width=\"177\">\u00a0<\/td>\n<\/tr>\n<\/tbody>\n<\/table>\n","protected":false},"excerpt":{"rendered":"<p>Rocznik Wyr\u00f3\u017cnienia i nagrody. 2007 85 punkt\u00f3w &#8211; Wine Enthusiast, Listopad 2008 2007 86 punkt\u00f3w &#8211; Wine Spectator, Listopad 2008 2007 Wyr\u00f3\u017cnione &#8211; Decanter World Wine Awards 2008 2006 88 punkt\u00f3w &#8211; Patterson`s Beverage Journal, Kwiecie\u0144 2008 2006 85 pu&#8230;<\/p>\n","protected":false},"featured_media":10827,"comment_status":"open","ping_status":"closed","template":"","meta":[],"product_cat":[81,80],"product_tag":[],"class_list":{"0":"post-10828","1":"product","2":"type-product","3":"status-publish","4":"has-post-thumbnail","6":"product_cat-argentyna","7":"product_cat-wina-swiata","9":"first","10":"instock","11":"shipping-taxable","12":"purchasable","13":"product-type-simple"},"_links":{"self":[{"href":"http:\/\/delikatesy.wineport.pl\/index.php?rest_route=\/wp\/v2\/product\/10828","targetHints":{"allow":["GET"]}}],"collection":[{"href":"http:\/\/delikatesy.wineport.pl\/index.php?rest_route=\/wp\/v2\/product"}],"about":[{"href":"http:\/\/delikatesy.wineport.pl\/index.php?rest_route=\/wp\/v2\/types\/product"}],"replies":[{"embeddable":true,"href":"http:\/\/delikatesy.wineport.pl\/index.php?rest_route=%2Fwp%2Fv2%2Fcomments&post=10828"}],"wp:featuredmedia":[{"embeddable":true,"href":"http:\/\/delikatesy.wineport.pl\/index.php?rest_route=\/wp\/v2\/media\/10827"}],"wp:attachment":[{"href":"http:\/\/delikatesy.wineport.pl\/index.php?rest_route=%2Fwp%2Fv2%2Fmedia&parent=10828"}],"wp:term":[{"taxonomy":"product_cat","embeddable":true,"href":"http:\/\/delikatesy.wineport.pl\/index.php?rest_route=%2Fwp%2Fv2%2Fproduct_cat&post=10828"},{"taxonomy":"product_tag","embeddable":true,"href":"http:\/\/delikatesy.wineport.pl\/index.php?rest_route=%2Fwp%2Fv2%2Fproduct_tag&post=10828"}],"curies":[{"name":"wp","href":"https:\/\/api.w.org\/{rel}","templated":true}]}}