{"id":10896,"date":"2024-03-14T13:27:13","date_gmt":"2024-03-14T12:27:13","guid":{"rendered":"http:\/\/delikatesy.wineport.pl\/?product=wino-clos-de-menuts-aoc-saint-emilion-grand-cru-075l"},"modified":"2026-05-10T18:09:09","modified_gmt":"2026-05-10T16:09:09","slug":"wino-clos-de-menuts-aoc-saint-emilion-grand-cru-075l","status":"publish","type":"product","link":"http:\/\/delikatesy.wineport.pl\/?product=wino-clos-de-menuts-aoc-saint-emilion-grand-cru-075l","title":{"rendered":"Wino Clos de Menuts AOC Saint Emilion GRAND CRU 0,75L"},"content":{"rendered":"<p class=\"MsoNormal\"><span style=\"color: #ff0000;\">UWAGA!!! NIE WYSY\u0141AMY ALKOHOLU KURIEREM W PRZYPADKU ZAM\u00d3WIE\u0143 OD OS\u00d3B PRYWATNYCH, TYLKO ODBI\u00d3R OSOBISTY NA UL. \u015aW. STANIS\u0141AWA 12 W WARSZAWIE!!! W przypadku op\u0142acenia zam\u00f3wienia alkoholu z wysy\u0142k\u0105, przy zwrocie pieni\u0119dzy zostanie potr\u0105cona prowizja\u00a0<\/span><strong style=\"color: #ff0000;\">DOTPAY<\/strong><span style=\"color: #ff0000;\">!<\/span><\/p>\n<p class=\"MsoNormal\">Szczepy: 85% Merlot, 10% Cabernet Sauvignon,<\/p>\n<p class=\"MsoNormal\">5% Cabernet Franc<\/p>\n<p class=\"MsoNormal\">Powierzchnia: 25 ha<\/p>\n<p class=\"MsoNormal\">Pochodz\u0105cy z samego serca appeltu Saint Emilion CLOS DES MENUTS jest pe\u0142nym winem o utrzymuj\u0105cym si\u0119 smaku, z dodatkiem delikatnych tanin.<\/p>\n<p class=\"MsoNormal\">Wino o bardzo g\u0142\u0119bokim kolorze. Bukiet silny, bardzo z\u0142o\u017cony z nutami wanilii oraz tostowanego chleba. Pe\u0142ne na podniebieniu, wino posiada wspania\u0142\u0105 struktur\u0119 i dobr\u0105 r\u00f3wnowag\u0119 pomi\u0119dzy dojrza\u0142ymi gronami i waniliowymi taninami pochodz\u0105cymi z d\u0119bu. Pasuje wy\u015bmienicie do mi\u0119sa, drobiu, dziczyzny i ser\u00f3w.\u00a0<\/p>\n","protected":false},"excerpt":{"rendered":"<p>Szczepy: 85% Merlot, 10% Cabernet Sauvignon, 5% Cabernet Franc Powierzchnia: 25 ha Pochodz\u0105cy z samego serca appeltu Saint Emilion CLOS DES MENUTS jest pe\u0142nym winem o utrzymuj\u0105cym si\u0119 smaku, z dodatkiem delikatnych tanin. Wino o bardzo g\u0142\u0119bokim kolor&#8230;<\/p>\n","protected":false},"featured_media":10895,"comment_status":"open","ping_status":"closed","template":"","meta":[],"product_cat":[83,85,80],"product_tag":[],"class_list":{"0":"post-10896","1":"product","2":"type-product","3":"status-publish","4":"has-post-thumbnail","6":"product_cat-francja","7":"product_cat-francja-bordeaux","8":"product_cat-wina-swiata","10":"first","11":"instock","12":"shipping-taxable","13":"purchasable","14":"product-type-simple"},"_links":{"self":[{"href":"http:\/\/delikatesy.wineport.pl\/index.php?rest_route=\/wp\/v2\/product\/10896","targetHints":{"allow":["GET"]}}],"collection":[{"href":"http:\/\/delikatesy.wineport.pl\/index.php?rest_route=\/wp\/v2\/product"}],"about":[{"href":"http:\/\/delikatesy.wineport.pl\/index.php?rest_route=\/wp\/v2\/types\/product"}],"replies":[{"embeddable":true,"href":"http:\/\/delikatesy.wineport.pl\/index.php?rest_route=%2Fwp%2Fv2%2Fcomments&post=10896"}],"wp:featuredmedia":[{"embeddable":true,"href":"http:\/\/delikatesy.wineport.pl\/index.php?rest_route=\/wp\/v2\/media\/10895"}],"wp:attachment":[{"href":"http:\/\/delikatesy.wineport.pl\/index.php?rest_route=%2Fwp%2Fv2%2Fmedia&parent=10896"}],"wp:term":[{"taxonomy":"product_cat","embeddable":true,"href":"http:\/\/delikatesy.wineport.pl\/index.php?rest_route=%2Fwp%2Fv2%2Fproduct_cat&post=10896"},{"taxonomy":"product_tag","embeddable":true,"href":"http:\/\/delikatesy.wineport.pl\/index.php?rest_route=%2Fwp%2Fv2%2Fproduct_tag&post=10896"}],"curies":[{"name":"wp","href":"https:\/\/api.w.org\/{rel}","templated":true}]}}