{"id":10952,"date":"2024-03-14T13:27:25","date_gmt":"2024-03-14T12:27:25","guid":{"rendered":"http:\/\/delikatesy.wineport.pl\/?product=wino-insignum-kabinett-075l"},"modified":"2026-05-10T18:10:18","modified_gmt":"2026-05-10T16:10:18","slug":"wino-insignum-kabinett-075l","status":"publish","type":"product","link":"http:\/\/delikatesy.wineport.pl\/?product=wino-insignum-kabinett-075l","title":{"rendered":"Wino Insignum Kabinett 0,75L"},"content":{"rendered":"<p><span style=\"color: #ff0000;\">UWAGA!!! NIE WYSY\u0141AMY ALKOHOLU KURIEREM W PRZYPADKU ZAM\u00d3WIE\u0143 OD OS\u00d3B PRYWATNYCH, TYLKO ODBI\u00d3R OSOBISTY NA UL. \u015aW. STANIS\u0141AWA 12 W WARSZAWIE!!! W przypadku op\u0142acenia zam\u00f3wienia alkoholu z wysy\u0142k\u0105, przy zwrocie pieni\u0119dzy zostanie potr\u0105cona prowizja\u00a0<\/span><strong style=\"color: #ff0000;\">DOTPAY<\/strong><span style=\"color: #ff0000;\">!<\/span><\/p>\n<p>\u00a0<\/p>\n<p>  <!-- [if gte mso 9]><xml>   <w:WordDocument>    <w:View>Normal<\/w:View>    <w:Zoom>0<\/w:Zoom>    <w:HyphenationZone>21<\/w:HyphenationZone>    <w:PunctuationKerning\/>    <w:ValidateAgainstSchemas\/>    <w:SaveIfXMLInvalid>false<\/w:SaveIfXMLInvalid>    <w:IgnoreMixedContent>false<\/w:IgnoreMixedContent>    <w:AlwaysShowPlaceholderText>false<\/w:AlwaysShowPlaceholderText>    <w:Compatibility>     <w:BreakWrappedTables\/>     <w:SnapToGridInCell\/>     <w:WrapTextWithPunct\/>     <w:UseAsianBreakRules\/>     <w:DontGrowAutofit\/>    <\/w:Compatibility>    <w:BrowserLevel>MicrosoftInternetExplorer4<\/w:BrowserLevel>   <\/w:WordDocument>  <\/xml><![endif]--><!-- [if gte mso 9]><xml>   <w:LatentStyles DefLockedState=\"false\" LatentStyleCount=\"156\">   <\/w:LatentStyles>  <\/xml><![endif]--><!-- [if gte mso 10]>  \n\n<style>   \/* Style Definitions *\/   table.MsoNormalTable  \t{mso-style-name:Standardowy;  \tmso-tstyle-rowband-size:0;  \tmso-tstyle-colband-size:0;  \tmso-style-noshow:yes;  \tmso-style-parent:\"\";  \tmso-padding-alt:0cm 5.4pt 0cm 5.4pt;  \tmso-para-margin:0cm;  \tmso-para-margin-bottom:.0001pt;  \tmso-pagination:widow-orphan;  \tfont-size:10.0pt;  \tfont-family:\"Times New Roman\";  \tmso-ansi-language:#0400;  \tmso-fareast-language:#0400;  \tmso-bidi-language:#0400;}  <\/style>\n\n  <![endif]-->  <\/p>\n<p>Insignum Riesling Kabinett\u00a0 &#8211; Ten 100% Riesling, to prawdziwa per\u0142a w naszej kolekcji. Pochodzi z jednej z najlepszych winnic nad Mozel\u0105, wielokrotnie nagradzany medalami na targach i wystawach. Nieprawdopodobnie bogate aromaty mineralne i owocowe wsp\u00f3\u0142graj\u0105 z doskona\u0142\u0105 r\u00f3wnowag\u0105 kwasu i \u0142agodnej s\u0142odyczy gron. Znakomicie towarzyszy klasycznej kuchni azjatyckiej i lekkim potrawom z drobiu . Niezast\u0105piony przy \u015bwi\u0105tecznym stole, jako towarzysz ciast i lekkich deser\u00f3w. Pity samodzielnie, uwodzi swoj\u0105 lekko\u015bci\u0105\u2026Fantastyczne wino. Temp. 11-13 \u00baC<\/p>\n","protected":false},"excerpt":{"rendered":"<p>Insignum Riesling Kabinett\u00a0 &#8211; Ten 100% Riesling, to prawdziwa per\u0142a w naszej kolekcji. Pochodzi z jednej z najlepszych winnic nad Mozel\u0105, wielokrotnie nagradzany medalami na targach i wystawach. Nieprawdopodobnie bogate aromaty mineralne i owocowe wsp\u00f3\u0142graj\u0105 z doskona\u0142\u0105 r\u00f3wnowag\u0105 kwasu i \u0142agodnej s\u0142odyczy gron. Znakomicie towarzyszy klasycznej kuchni azjatyckiej i lekkim potrawom z drobiu . Niezast\u0105piony przy \u015bwi\u0105tecznym stole, jako towarzysz ciast i lekkich deser\u00f3w. Pity samodzielnie, uwodzi swoj\u0105 lekko\u015bci\u0105\u2026Fantastyczne wino. Temp. 11-13 \u00baC<\/p>\n","protected":false},"featured_media":10951,"comment_status":"open","ping_status":"closed","template":"","meta":[],"product_cat":[121,80],"product_tag":[],"class_list":{"0":"post-10952","1":"product","2":"type-product","3":"status-publish","4":"has-post-thumbnail","6":"product_cat-niemcy","7":"product_cat-wina-swiata","9":"first","10":"instock","11":"shipping-taxable","12":"purchasable","13":"product-type-simple"},"_links":{"self":[{"href":"http:\/\/delikatesy.wineport.pl\/index.php?rest_route=\/wp\/v2\/product\/10952","targetHints":{"allow":["GET"]}}],"collection":[{"href":"http:\/\/delikatesy.wineport.pl\/index.php?rest_route=\/wp\/v2\/product"}],"about":[{"href":"http:\/\/delikatesy.wineport.pl\/index.php?rest_route=\/wp\/v2\/types\/product"}],"replies":[{"embeddable":true,"href":"http:\/\/delikatesy.wineport.pl\/index.php?rest_route=%2Fwp%2Fv2%2Fcomments&post=10952"}],"wp:featuredmedia":[{"embeddable":true,"href":"http:\/\/delikatesy.wineport.pl\/index.php?rest_route=\/wp\/v2\/media\/10951"}],"wp:attachment":[{"href":"http:\/\/delikatesy.wineport.pl\/index.php?rest_route=%2Fwp%2Fv2%2Fmedia&parent=10952"}],"wp:term":[{"taxonomy":"product_cat","embeddable":true,"href":"http:\/\/delikatesy.wineport.pl\/index.php?rest_route=%2Fwp%2Fv2%2Fproduct_cat&post=10952"},{"taxonomy":"product_tag","embeddable":true,"href":"http:\/\/delikatesy.wineport.pl\/index.php?rest_route=%2Fwp%2Fv2%2Fproduct_tag&post=10952"}],"curies":[{"name":"wp","href":"https:\/\/api.w.org\/{rel}","templated":true}]}}