{"id":11006,"date":"2024-03-14T13:28:02","date_gmt":"2024-03-14T12:28:02","guid":{"rendered":"http:\/\/delikatesy.wineport.pl\/?product=wino-casal-garcia-vinho-verde-branco-075l"},"modified":"2026-05-10T18:11:16","modified_gmt":"2026-05-10T16:11:16","slug":"wino-casal-garcia-vinho-verde-branco-075l","status":"publish","type":"product","link":"http:\/\/delikatesy.wineport.pl\/?product=wino-casal-garcia-vinho-verde-branco-075l","title":{"rendered":"Wino Casal Garcia Vinho Verde Branco 0,75L"},"content":{"rendered":"<p><span style=\"color: #ff0000;\">UWAGA!!! NIE WYSY\u0141AMY ALKOHOLU KURIEREM W PRZYPADKU ZAM\u00d3WIE\u0143 OD OS\u00d3B PRYWATNYCH, TYLKO ODBI\u00d3R OSOBISTY NA UL. \u015aW. STANIS\u0141AWA 12 W WARSZAWIE!!! W przypadku op\u0142acenia zam\u00f3wienia alkoholu z wysy\u0142k\u0105, przy zwrocie pieni\u0119dzy zostanie potr\u0105cona prowizja\u00a0<\/span><strong style=\"color: #ff0000;\">DOTPAY<\/strong><span style=\"color: #ff0000;\">!<\/span><\/p>\n<p>bia\u0142e wytrawne<\/p>\n<p> kraj pochodzenia: <span style=\"font-weight: bold;\">Portugalia<\/span><br \/> pojemno\u015b\u0107: 0,75 l.<br \/> zawarto\u015b\u0107 alk. 9%<\/p>\n<p>Region: VinhoVerde<br \/> Szczepy: Trajadura, Loureiro, Arinto and Azal<br \/> Temp. podawania: 8-10 st.C.<br \/> Wino o delikatnym aromacie, wyg\u0142adzone i \u015bwie\u017ce. Wino z d\u0142ugoletnia histori\u0105 w regionie Aveleda z \u0142atwo identyfikowan\u0105 niebiesk\u0105 etykiet\u0105, kt\u00f3ra przedstawia jeden ze wspania\u0142ych haft\u00f3w z regionu Minho.<\/p>\n","protected":false},"excerpt":{"rendered":"<p>bia\u0142e wytrawne kraj pochodzenia: Portugalia pojemno\u015b\u0107: 0,75 l. zawarto\u015b\u0107 alk. 9% Region: VinhoVerde Szczepy: Trajadura, Loureiro, Arinto and Azal Temp. podawania: 8-10 st.C. Wino o delikatnym aromacie, wyg\u0142adzone i \u015bwie\u017ce. Wino z d\u0142ugoletnia histori\u0105&#8230;<\/p>\n","protected":false},"featured_media":11005,"comment_status":"open","ping_status":"closed","template":"","meta":[],"product_cat":[94,80],"product_tag":[],"class_list":{"0":"post-11006","1":"product","2":"type-product","3":"status-publish","4":"has-post-thumbnail","6":"product_cat-portugalia","7":"product_cat-wina-swiata","9":"first","10":"instock","11":"shipping-taxable","12":"purchasable","13":"product-type-simple"},"_links":{"self":[{"href":"http:\/\/delikatesy.wineport.pl\/index.php?rest_route=\/wp\/v2\/product\/11006","targetHints":{"allow":["GET"]}}],"collection":[{"href":"http:\/\/delikatesy.wineport.pl\/index.php?rest_route=\/wp\/v2\/product"}],"about":[{"href":"http:\/\/delikatesy.wineport.pl\/index.php?rest_route=\/wp\/v2\/types\/product"}],"replies":[{"embeddable":true,"href":"http:\/\/delikatesy.wineport.pl\/index.php?rest_route=%2Fwp%2Fv2%2Fcomments&post=11006"}],"wp:featuredmedia":[{"embeddable":true,"href":"http:\/\/delikatesy.wineport.pl\/index.php?rest_route=\/wp\/v2\/media\/11005"}],"wp:attachment":[{"href":"http:\/\/delikatesy.wineport.pl\/index.php?rest_route=%2Fwp%2Fv2%2Fmedia&parent=11006"}],"wp:term":[{"taxonomy":"product_cat","embeddable":true,"href":"http:\/\/delikatesy.wineport.pl\/index.php?rest_route=%2Fwp%2Fv2%2Fproduct_cat&post=11006"},{"taxonomy":"product_tag","embeddable":true,"href":"http:\/\/delikatesy.wineport.pl\/index.php?rest_route=%2Fwp%2Fv2%2Fproduct_tag&post=11006"}],"curies":[{"name":"wp","href":"https:\/\/api.w.org\/{rel}","templated":true}]}}