{"id":11012,"date":"2024-03-14T13:28:03","date_gmt":"2024-03-14T12:28:03","guid":{"rendered":"http:\/\/delikatesy.wineport.pl\/?product=syrop-de-kuyper-grenadine"},"modified":"2026-05-10T18:11:18","modified_gmt":"2026-05-10T16:11:18","slug":"syrop-de-kuyper-grenadine","status":"publish","type":"product","link":"http:\/\/delikatesy.wineport.pl\/?product=syrop-de-kuyper-grenadine","title":{"rendered":"Syrop De Kuyper Grenadine"},"content":{"rendered":"<p><span style=\"color: #ff0000; font-size: 16px; font-family: arial, helvetica, sans-serif;\">UWAGA!!! NIE WYSY\u0141AMY ALKOHOLU W PRZYPADKU ZAM\u00d3WIE\u0143 OD OS\u00d3B PRYWATNYCH, TYLKO ODBI\u00d3R OSOBISTY NA UL. \u015aW. STANIS\u0141AWA 12 W WARSZAWIE!!! W przypadku op\u0142acenia zam\u00f3wienia alkoholu z wysy\u0142k\u0105, przy zwrocie pieni\u0119dzy zostanie potr\u0105cona prowizja\u00a0DOTPAY!<\/span><\/p>\n<p><span style=\"color: #ff0000; font-size: 16px; font-family: arial, helvetica, sans-serif;\">\u00a0<\/span><\/p>\n<p>Ze wzgl\u0119du na g\u0119sto\u015b\u0107 i ci\u0119\u017car, syrop grenadyna osiada na dnie szklanki, co pozwala na przygotowanie koktajli wielokolorowych. Grenadyna jest niezb\u0119dna do przygotowania koktajlu <span style=\"font-style: italic;\"><a title=\"Tequila sunrise (nap\u00f3j)\" href=\"http:\/\/pl.wikipedia.org\/wiki\/Tequila_sunrise_%28nap%C3%B3j%29\">Tequila Sunrise<\/a><\/span>. Dolewanie jej do herbaty, zamiast syropu malinowego, jest bardzo popularne na po\u0142udniu Europy.<\/p>\n<p>De Kuyper to grenadyna absolutnie najwy\u017cszej jako\u015bci.<\/p>\n","protected":false},"excerpt":{"rendered":"<p>Ze wzgl\u0119du na g\u0119sto\u015b\u0107 i ci\u0119\u017car, syrop grenadyna osiada na dnie szklanki, co pozwala na przygotowanie koktajli wielokolorowych. Grenadyna jest niezb\u0119dna do przygotowania koktajlu Tequila Sunrise . Dolewanie jej do herbaty, zamiast syropu malinowego, j&#8230;<\/p>\n","protected":false},"featured_media":11011,"comment_status":"open","ping_status":"closed","template":"","meta":[],"product_cat":[105,104,107,106],"product_tag":[],"class_list":{"0":"post-11012","1":"product","2":"type-product","3":"status-publish","4":"has-post-thumbnail","6":"product_cat-kremy","7":"product_cat-likiery","8":"product_cat-likiery-i-kremy","9":"product_cat-nalewki-i-miody","11":"first","12":"instock","13":"shipping-taxable","14":"purchasable","15":"product-type-simple"},"_links":{"self":[{"href":"http:\/\/delikatesy.wineport.pl\/index.php?rest_route=\/wp\/v2\/product\/11012","targetHints":{"allow":["GET"]}}],"collection":[{"href":"http:\/\/delikatesy.wineport.pl\/index.php?rest_route=\/wp\/v2\/product"}],"about":[{"href":"http:\/\/delikatesy.wineport.pl\/index.php?rest_route=\/wp\/v2\/types\/product"}],"replies":[{"embeddable":true,"href":"http:\/\/delikatesy.wineport.pl\/index.php?rest_route=%2Fwp%2Fv2%2Fcomments&post=11012"}],"wp:featuredmedia":[{"embeddable":true,"href":"http:\/\/delikatesy.wineport.pl\/index.php?rest_route=\/wp\/v2\/media\/11011"}],"wp:attachment":[{"href":"http:\/\/delikatesy.wineport.pl\/index.php?rest_route=%2Fwp%2Fv2%2Fmedia&parent=11012"}],"wp:term":[{"taxonomy":"product_cat","embeddable":true,"href":"http:\/\/delikatesy.wineport.pl\/index.php?rest_route=%2Fwp%2Fv2%2Fproduct_cat&post=11012"},{"taxonomy":"product_tag","embeddable":true,"href":"http:\/\/delikatesy.wineport.pl\/index.php?rest_route=%2Fwp%2Fv2%2Fproduct_tag&post=11012"}],"curies":[{"name":"wp","href":"https:\/\/api.w.org\/{rel}","templated":true}]}}