{"id":11018,"date":"2024-03-14T13:28:05","date_gmt":"2024-03-14T12:28:05","guid":{"rendered":"http:\/\/delikatesy.wineport.pl\/?product=wino-terra-plana-do-alentejano-biale-075l"},"modified":"2026-05-10T18:11:20","modified_gmt":"2026-05-10T16:11:20","slug":"wino-terra-plana-do-alentejano-biale-075l","status":"publish","type":"product","link":"http:\/\/delikatesy.wineport.pl\/?product=wino-terra-plana-do-alentejano-biale-075l","title":{"rendered":"Wino Terra Plana DO Alentejano bia\u0142e 0,75L"},"content":{"rendered":"<p><span style=\"color: #ff0000;\">UWAGA!!! NIE WYSY\u0141AMY ALKOHOLU KURIEREM W PRZYPADKU ZAM\u00d3WIE\u0143 OD OS\u00d3B PRYWATNYCH, TYLKO ODBI\u00d3R OSOBISTY NA UL. \u015aW. STANIS\u0141AWA 12 W WARSZAWIE!!! W przypadku op\u0142acenia zam\u00f3wienia alkoholu z wysy\u0142k\u0105, przy zwrocie pieni\u0119dzy zostanie potr\u0105cona prowizja\u00a0<\/span><strong style=\"color: #ff0000;\">DOTPAY<\/strong><span style=\"color: #ff0000;\">!<\/span><\/p>\n<p>Region: Vinho Regional Alentejano<br \/> Szczepy: Ant\u00e3o Vaz, Arinto<\/p>\n<p> Jest to wino o bardzo \u015bwie\u017cym aromacie, pozostawiaj\u0105cym owocowe wra\u017cenie, eleganckie, nieznacznie tre\u015bciwe. Podawa\u0107 sch\u0142odzone jako aperitif lub do da\u0144 z ryby i owoc\u00f3w morza, w temperaturze 10-12\u00b0C.<\/p>\n<p>bia\u0142e wytrawne<\/p>\n<p>kraj pochodzenia: <span style=\"font-weight: bold;\">Portugalia<\/span><br \/> pojemno\u015b\u0107: 0,75 l.<br \/> zawarto\u015b\u0107 alk. 13%<\/p>\n","protected":false},"excerpt":{"rendered":"<p>Region: Vinho Regional Alentejano Szczepy: Ant\u00e3o Vaz, Arinto Jest to wino o bardzo \u015bwie\u017cym aromacie, pozostawiaj\u0105cym owocowe wra\u017cenie, eleganckie, nieznacznie tre\u015bciwe. Podawa\u0107 sch\u0142odzone jako aperitif lub do da\u0144 z ryby i owoc\u00f3w morza, w temperaturze&#8230;<\/p>\n","protected":false},"featured_media":11017,"comment_status":"open","ping_status":"closed","template":"","meta":[],"product_cat":[94,80],"product_tag":[],"class_list":{"0":"post-11018","1":"product","2":"type-product","3":"status-publish","4":"has-post-thumbnail","6":"product_cat-portugalia","7":"product_cat-wina-swiata","9":"first","10":"instock","11":"shipping-taxable","12":"purchasable","13":"product-type-simple"},"_links":{"self":[{"href":"http:\/\/delikatesy.wineport.pl\/index.php?rest_route=\/wp\/v2\/product\/11018","targetHints":{"allow":["GET"]}}],"collection":[{"href":"http:\/\/delikatesy.wineport.pl\/index.php?rest_route=\/wp\/v2\/product"}],"about":[{"href":"http:\/\/delikatesy.wineport.pl\/index.php?rest_route=\/wp\/v2\/types\/product"}],"replies":[{"embeddable":true,"href":"http:\/\/delikatesy.wineport.pl\/index.php?rest_route=%2Fwp%2Fv2%2Fcomments&post=11018"}],"wp:featuredmedia":[{"embeddable":true,"href":"http:\/\/delikatesy.wineport.pl\/index.php?rest_route=\/wp\/v2\/media\/11017"}],"wp:attachment":[{"href":"http:\/\/delikatesy.wineport.pl\/index.php?rest_route=%2Fwp%2Fv2%2Fmedia&parent=11018"}],"wp:term":[{"taxonomy":"product_cat","embeddable":true,"href":"http:\/\/delikatesy.wineport.pl\/index.php?rest_route=%2Fwp%2Fv2%2Fproduct_cat&post=11018"},{"taxonomy":"product_tag","embeddable":true,"href":"http:\/\/delikatesy.wineport.pl\/index.php?rest_route=%2Fwp%2Fv2%2Fproduct_tag&post=11018"}],"curies":[{"name":"wp","href":"https:\/\/api.w.org\/{rel}","templated":true}]}}