{"id":11022,"date":"2024-03-14T13:28:06","date_gmt":"2024-03-14T12:28:06","guid":{"rendered":"http:\/\/delikatesy.wineport.pl\/?product=wino-casa-de-santar-reserva-dao-075l"},"modified":"2026-03-31T18:04:08","modified_gmt":"2026-03-31T16:04:08","slug":"wino-casa-de-santar-reserva-dao-075l","status":"publish","type":"product","link":"http:\/\/delikatesy.wineport.pl\/?product=wino-casa-de-santar-reserva-dao-075l","title":{"rendered":"Wino Casa de Santar Reserva Dao 0,75L"},"content":{"rendered":"<p><span style=\"color: #ff0000;\">UWAGA!!! NIE WYSY\u0141AMY ALKOHOLU KURIEREM W PRZYPADKU ZAM\u00d3WIE\u0143 OD OS\u00d3B PRYWATNYCH, TYLKO ODBI\u00d3R OSOBISTY NA UL. \u015aW. STANIS\u0141AWA 12 W WARSZAWIE!!! W przypadku op\u0142acenia zam\u00f3wienia alkoholu z wysy\u0142k\u0105, przy zwrocie pieni\u0119dzy zostanie potr\u0105cona prowizja\u00a0<\/span><strong style=\"color: #ff0000;\">DOTPAY<\/strong><span style=\"color: #ff0000;\">!<\/span><\/p>\n<p>Region: DOC Dao<br \/> Szczepy: Touriga Nacional, Alfrocheiro, Tinta Roriz<br \/> Dojrzewa przez 10-12 miesi\u0119cy w beczkach z francuskiego d\u0119bu, nast\u0119pnie przez 6 miesi\u0119cy w butelce. \u0141adnie dojrza\u0142e, posiada jeszcze kilkuletni potencja\u0142. Aromaty czerwonych owoc\u00f3w, wzbogacone nutami beczkowymi (palona kawa, wanilia, cynamon). Na podniebieniu delikatnie garbnikowe, \u017cywe, dzi\u0119ki niez\u0142ej kwasowo\u015bci. \u00a0Eleganckie, z d\u0142ugim fina\u0142em. Pasuje szczeg\u00f3lnie dobrze do czerwonych mi\u0119s i twardych ser\u00f3w . <\/p>\n<p>  <!-- BEGIN DYNAMIC BLOCK: additional -->  <\/p>\n<p>czerwone wytrawne<\/p>\n<p> typ: <span style=\"font-weight: bold;\">wina oryginalne<\/span>kraj pochodzenia: <span style=\"font-weight: bold;\">Portugalia<\/span><br \/>Region: <span style=\"font-weight: bold;\">Dao<\/span><br \/> pojemno\u015b\u0107: 0,75 l.<br \/> zawarto\u015b\u0107 alk. 14%<\/p>\n","protected":false},"excerpt":{"rendered":"<p>Region: DOC Dao Szczepy: Touriga Nacional, Alfrocheiro, Tinta Roriz Dojrzewa przez 10-12 miesi\u0119cy w beczkach z francuskiego d\u0119bu, nast\u0119pnie przez 6 miesi\u0119cy w butelce. \u0141adnie dojrza\u0142e, posiada jeszcze kilkuletni potencja\u0142. Aromaty czerwonych owoc\u00f3w, &#8230;<\/p>\n","protected":false},"featured_media":11021,"comment_status":"open","ping_status":"closed","template":"","meta":[],"product_cat":[94,80],"product_tag":[],"class_list":{"0":"post-11022","1":"product","2":"type-product","3":"status-publish","4":"has-post-thumbnail","6":"product_cat-portugalia","7":"product_cat-wina-swiata","9":"first","10":"instock","11":"shipping-taxable","12":"purchasable","13":"product-type-simple"},"_links":{"self":[{"href":"http:\/\/delikatesy.wineport.pl\/index.php?rest_route=\/wp\/v2\/product\/11022","targetHints":{"allow":["GET"]}}],"collection":[{"href":"http:\/\/delikatesy.wineport.pl\/index.php?rest_route=\/wp\/v2\/product"}],"about":[{"href":"http:\/\/delikatesy.wineport.pl\/index.php?rest_route=\/wp\/v2\/types\/product"}],"replies":[{"embeddable":true,"href":"http:\/\/delikatesy.wineport.pl\/index.php?rest_route=%2Fwp%2Fv2%2Fcomments&post=11022"}],"wp:featuredmedia":[{"embeddable":true,"href":"http:\/\/delikatesy.wineport.pl\/index.php?rest_route=\/wp\/v2\/media\/11021"}],"wp:attachment":[{"href":"http:\/\/delikatesy.wineport.pl\/index.php?rest_route=%2Fwp%2Fv2%2Fmedia&parent=11022"}],"wp:term":[{"taxonomy":"product_cat","embeddable":true,"href":"http:\/\/delikatesy.wineport.pl\/index.php?rest_route=%2Fwp%2Fv2%2Fproduct_cat&post=11022"},{"taxonomy":"product_tag","embeddable":true,"href":"http:\/\/delikatesy.wineport.pl\/index.php?rest_route=%2Fwp%2Fv2%2Fproduct_tag&post=11022"}],"curies":[{"name":"wp","href":"https:\/\/api.w.org\/{rel}","templated":true}]}}