{"id":11028,"date":"2024-03-14T13:28:07","date_gmt":"2024-03-14T12:28:07","guid":{"rendered":"http:\/\/delikatesy.wineport.pl\/?product=wino-cabriz-d-o-dao-biale-075l"},"modified":"2026-03-31T18:04:09","modified_gmt":"2026-03-31T16:04:09","slug":"wino-cabriz-d-o-dao-biale-075l","status":"publish","type":"product","link":"http:\/\/delikatesy.wineport.pl\/?product=wino-cabriz-d-o-dao-biale-075l","title":{"rendered":"Wino Cabriz D.O. Dao bia\u0142e 0,75L"},"content":{"rendered":"<p><span style=\"color: #ff0000;\">UWAGA!!! NIE WYSY\u0141AMY ALKOHOLU KURIEREM W PRZYPADKU ZAM\u00d3WIE\u0143 OD OS\u00d3B PRYWATNYCH, TYLKO ODBI\u00d3R OSOBISTY NA UL. \u015aW. STANIS\u0141AWA 12 W WARSZAWIE!!! W przypadku op\u0142acenia zam\u00f3wienia alkoholu z wysy\u0142k\u0105, przy zwrocie pieni\u0119dzy zostanie potr\u0105cona prowizja\u00a0<\/span><strong style=\"color: #ff0000;\">DOTPAY<\/strong><span style=\"color: #ff0000;\">!<\/span><\/p>\n<p>Region: DOC Dao<br \/> Szczepy: Malvasia Fina, Cerceal, Bical, Encruzado<br \/> \u0141adna kompozycja odmian lokalnych, dla rze\u015bkiego wina z gor\u0105cej, \u015brodkowej Portugalii. Bical daje \u015bwie\u017co\u015b\u0107 przypominaj\u0105c\u0105 Riesling, a Encruzado wi\u0119cej cia\u0142a i nuty owoc\u00f3w cytrusowych. To podr\u00f3\u017c w nieznany zak\u0105tek Europy, warto spr\u00f3bowa\u0107 do warzyw z patelni, kie\u0142basek, lub s\u0142onych przystawek w cie\u015bcie francuskim.<\/p>\n<p>bia\u0142e wytrawne<\/p>\n<p>kraj pochodzenia: <span style=\"font-weight: bold;\">Portugalia<\/span><br \/> pojemno\u015b\u0107: 0,75 l.<br \/> zawarto\u015b\u0107 alk. 12%<\/p>\n","protected":false},"excerpt":{"rendered":"<p>Region: DOC Dao Szczepy: Malvasia Fina, Cerceal, Bical, Encruzado \u0141adna kompozycja odmian lokalnych, dla rze\u015bkiego wina z gor\u0105cej, \u015brodkowej Portugalii. Bical daje \u015bwie\u017co\u015b\u0107 przypominaj\u0105c\u0105 Riesling, a Encruzado wi\u0119cej cia\u0142a i nuty owoc\u00f3w cytrusowych. &#8230;<\/p>\n","protected":false},"featured_media":11027,"comment_status":"open","ping_status":"closed","template":"","meta":[],"product_cat":[94,80],"product_tag":[],"class_list":{"0":"post-11028","1":"product","2":"type-product","3":"status-publish","4":"has-post-thumbnail","6":"product_cat-portugalia","7":"product_cat-wina-swiata","9":"first","10":"instock","11":"shipping-taxable","12":"purchasable","13":"product-type-simple"},"_links":{"self":[{"href":"http:\/\/delikatesy.wineport.pl\/index.php?rest_route=\/wp\/v2\/product\/11028","targetHints":{"allow":["GET"]}}],"collection":[{"href":"http:\/\/delikatesy.wineport.pl\/index.php?rest_route=\/wp\/v2\/product"}],"about":[{"href":"http:\/\/delikatesy.wineport.pl\/index.php?rest_route=\/wp\/v2\/types\/product"}],"replies":[{"embeddable":true,"href":"http:\/\/delikatesy.wineport.pl\/index.php?rest_route=%2Fwp%2Fv2%2Fcomments&post=11028"}],"wp:featuredmedia":[{"embeddable":true,"href":"http:\/\/delikatesy.wineport.pl\/index.php?rest_route=\/wp\/v2\/media\/11027"}],"wp:attachment":[{"href":"http:\/\/delikatesy.wineport.pl\/index.php?rest_route=%2Fwp%2Fv2%2Fmedia&parent=11028"}],"wp:term":[{"taxonomy":"product_cat","embeddable":true,"href":"http:\/\/delikatesy.wineport.pl\/index.php?rest_route=%2Fwp%2Fv2%2Fproduct_cat&post=11028"},{"taxonomy":"product_tag","embeddable":true,"href":"http:\/\/delikatesy.wineport.pl\/index.php?rest_route=%2Fwp%2Fv2%2Fproduct_tag&post=11028"}],"curies":[{"name":"wp","href":"https:\/\/api.w.org\/{rel}","templated":true}]}}