{"id":11353,"date":"2024-03-14T13:29:44","date_gmt":"2024-03-14T12:29:44","guid":{"rendered":"http:\/\/delikatesy.wineport.pl\/?product=wino-lo-tengo-torrontes-bodega-norton-mendoza-075l"},"modified":"2026-05-10T18:18:19","modified_gmt":"2026-05-10T16:18:19","slug":"wino-lo-tengo-torrontes-bodega-norton-mendoza-075l","status":"publish","type":"product","link":"http:\/\/delikatesy.wineport.pl\/?product=wino-lo-tengo-torrontes-bodega-norton-mendoza-075l","title":{"rendered":"Wino Lo Tengo Torrontes, Bodega Norton Mendoza 0,75L"},"content":{"rendered":"<p><span class=\"Apple-style-span\" style=\"font-family: Arial, Helvetica, sans-serif; font-size: 11px;\"> <span style=\"color: #ff0000; font-size: 16px; font-family: arial, helvetica, sans-serif;\">UWAGA!!! NIE WYSY\u0141AMY ALKOHOLU KURIEREM W PRZYPADKU ZAM\u00d3WIE\u0143 OD OS\u00d3B PRYWATNYCH, TYLKO ODBI\u00d3R OSOBISTY NA UL. \u015aW. STANIS\u0141AWA 12 W WARSZAWIE!!! W przypadku op\u0142acenia zam\u00f3wienia alkoholu z wysy\u0142k\u0105, przy zwrocie pieni\u0119dzy zostanie potr\u0105cona prowizja dotpay!<\/span><\/span><\/p>\n<p><span class=\"Apple-style-span\" style=\"font-family: Arial, Helvetica, sans-serif; font-size: 11px;\"><span class=\"wyrozn\" style=\"font-weight: bold;\">Lo Tengo Torrontes \u00a0Bodega Norton Mendoza<\/span><\/span> <span class=\"Apple-style-span\" style=\"font-family: Arial, Helvetica, sans-serif; font-size: 11px;\"><br \/> <\/span> <span class=\"Apple-style-span\" style=\"font-family: Arial, Helvetica, sans-serif; font-size: 11px;\">Pochodzenie:<\/span> <span class=\"Apple-style-span\" style=\"font-family: Arial, Helvetica, sans-serif; font-size: 11px;\">\u00a0<\/span> <span class=\"Apple-style-span\" style=\"font-family: Arial, Helvetica, sans-serif; font-size: 11px;\"> <span class=\"pochodz\">Mendoza, Argentyna<\/span><\/span> <span class=\"Apple-style-span\" style=\"font-family: Arial, Helvetica, sans-serif; font-size: 11px;\"><br \/> <\/span> <span class=\"Apple-style-span\" style=\"font-family: Arial, Helvetica, sans-serif; font-size: 11px;\"><br \/> <\/span> <span class=\"Apple-style-span\" style=\"font-family: Arial, Helvetica, sans-serif; font-size: 11px;\">Barwa wina:<\/span> <span class=\"Apple-style-span\" style=\"font-family: Arial, Helvetica, sans-serif; font-size: 11px;\">\u00a0<\/span> <span class=\"Apple-style-span\" style=\"font-family: Arial, Helvetica, sans-serif; font-size: 11px;\"> <span class=\"pochodz\">bia\u0142e<\/span><\/span> <span class=\"Apple-style-span\" style=\"font-family: Arial, Helvetica, sans-serif; font-size: 11px;\">\u00a0<\/span> <span class=\"Apple-style-span\" style=\"font-family: Arial, Helvetica, sans-serif; font-size: 11px;\"><br \/> <\/span> <span class=\"Apple-style-span\" style=\"font-family: Arial, Helvetica, sans-serif; font-size: 11px;\">Natura wina: Wytrawne<\/span> <span class=\"Apple-style-span\" style=\"font-family: Arial, Helvetica, sans-serif; font-size: 11px;\">\u00a0<\/span> <span class=\"Apple-style-span\" style=\"font-family: Arial, Helvetica, sans-serif; font-size: 11px;\"><br \/> <\/span> <span class=\"Apple-style-span\" style=\"font-family: Arial, Helvetica, sans-serif; font-size: 11px;\"><br \/> <\/span> <span class=\"Apple-style-span\" style=\"font-family: Arial, Helvetica, sans-serif; font-size: 11px;\">Bardzo intensywne owocowe i kwiatowe aromaty z charakterystycznymi nutami ja\u015bminu, r\u00f3\u017c, jab\u0142ka i cytryny. Wino bardzo g\u0142adkie i delikatne z wywa\u017con\u0105 kwasowo\u015bci\u0105. \u015awie\u017ce i \u017cywe o \u015bwietnym zako\u0144czeniu. Kompozycja: 100% Torrontes. Wino rekomedowane przez Jancis Robinson, The Sunday Times, Wine Magazine, The Independent.<\/span> <span class=\"Apple-style-span\" style=\"font-family: Arial, Helvetica, sans-serif; font-size: 11px;\">\u00a0<\/span> <span class=\"Apple-style-span\" style=\"color: #e6dbce; font-family: Arial, Helvetica, sans-serif; font-size: 11px;\"><br \/> <\/span><\/p>\n","protected":false},"excerpt":{"rendered":"<p>Lo Tengo Torrontes Bodega Norton Mendoza Pochodzenie: Mendoza, Argentyna Barwa wina: bia\u0142e Natura wina: Wytrawne Bardzo intensywne owocowe i kwiatowe aromaty z charakterystycznymi nutami ja\u015bminu, r\u00f3\u017c, jab\u0142ka i cytryny. Wino bardzo g\u0142adkie i delikatne&#8230;<\/p>\n","protected":false},"featured_media":11352,"comment_status":"open","ping_status":"closed","template":"","meta":[],"product_cat":[81,80],"product_tag":[],"class_list":{"0":"post-11353","1":"product","2":"type-product","3":"status-publish","4":"has-post-thumbnail","6":"product_cat-argentyna","7":"product_cat-wina-swiata","9":"first","10":"instock","11":"shipping-taxable","12":"purchasable","13":"product-type-simple"},"_links":{"self":[{"href":"http:\/\/delikatesy.wineport.pl\/index.php?rest_route=\/wp\/v2\/product\/11353","targetHints":{"allow":["GET"]}}],"collection":[{"href":"http:\/\/delikatesy.wineport.pl\/index.php?rest_route=\/wp\/v2\/product"}],"about":[{"href":"http:\/\/delikatesy.wineport.pl\/index.php?rest_route=\/wp\/v2\/types\/product"}],"replies":[{"embeddable":true,"href":"http:\/\/delikatesy.wineport.pl\/index.php?rest_route=%2Fwp%2Fv2%2Fcomments&post=11353"}],"wp:featuredmedia":[{"embeddable":true,"href":"http:\/\/delikatesy.wineport.pl\/index.php?rest_route=\/wp\/v2\/media\/11352"}],"wp:attachment":[{"href":"http:\/\/delikatesy.wineport.pl\/index.php?rest_route=%2Fwp%2Fv2%2Fmedia&parent=11353"}],"wp:term":[{"taxonomy":"product_cat","embeddable":true,"href":"http:\/\/delikatesy.wineport.pl\/index.php?rest_route=%2Fwp%2Fv2%2Fproduct_cat&post=11353"},{"taxonomy":"product_tag","embeddable":true,"href":"http:\/\/delikatesy.wineport.pl\/index.php?rest_route=%2Fwp%2Fv2%2Fproduct_tag&post=11353"}],"curies":[{"name":"wp","href":"https:\/\/api.w.org\/{rel}","templated":true}]}}