{"id":11365,"date":"2024-03-14T13:29:48","date_gmt":"2024-03-14T12:29:48","guid":{"rendered":"http:\/\/delikatesy.wineport.pl\/?product=wino-jinda-lee-shiraz-south-eastern-australia-075l"},"modified":"2026-05-10T18:18:24","modified_gmt":"2026-05-10T16:18:24","slug":"wino-jinda-lee-shiraz-south-eastern-australia-075l","status":"publish","type":"product","link":"http:\/\/delikatesy.wineport.pl\/?product=wino-jinda-lee-shiraz-south-eastern-australia-075l","title":{"rendered":"Wino JINDA-LEE SHIRAZ, SOUTH EASTERN AUSTRALIA 0,75L"},"content":{"rendered":"<p class=\"MsoNormal\"><span style=\"color: #ff0000; font-size: 16px; font-family: arial, helvetica, sans-serif;\">UWAGA!!! NIE WYSY\u0141AMY ALKOHOLU KURIEREM W PRZYPADKU ZAM\u00d3WIE\u0143 OD OS\u00d3B PRYWATNYCH, TYLKO ODBI\u00d3R OSOBISTY NA UL. \u015aW. STANIS\u0141AWA 12 W WARSZAWIE!!! W przypadku op\u0142acenia zam\u00f3wienia alkoholu z wysy\u0142k\u0105, przy zwrocie pieni\u0119dzy zostanie potr\u0105cona prowizja dotpay!<\/span><\/p>\n<p class=\"MsoNormal\">G\u0142eboko karmazynowa barwa z fi oletowymi refl eksami. Amerykanski i francuski<\/p>\n<p class=\"MsoNormal\">dab uzyty na r\u00f3znych etapach procesu produkcji doda\u0142 z\u0142ozonosci i r\u00f3wnowagi.<\/p>\n<p class=\"MsoNormal\">W smaku wyczuwalne owoce jagodowe, konfi tura ze sliwek, wisnia oraz nuty<\/p>\n<p class=\"MsoNormal\">pieprzu i dymu. Polecane do makaronu, pizzy, grillowanego steku, zapiekanek,<\/p>\n<p class=\"MsoNormal\">pieczeni i grilla. Szczep: 100% Shiraz.<\/p>\n","protected":false},"excerpt":{"rendered":"<p>G\u0142eboko karmazynowa barwa z fi oletowymi refl eksami. Amerykanski i francuski dab uzyty na r\u00f3znych etapach procesu produkcji doda\u0142 z\u0142ozonosci i r\u00f3wnowagi. W smaku wyczuwalne owoce jagodowe, konfi tura ze sliwek, wisnia oraz nuty pieprzu i dymu. Polec&#8230;<\/p>\n","protected":false},"featured_media":11364,"comment_status":"open","ping_status":"closed","template":"","meta":[],"product_cat":[112,80],"product_tag":[],"class_list":{"0":"post-11365","1":"product","2":"type-product","3":"status-publish","4":"has-post-thumbnail","6":"product_cat-australia","7":"product_cat-wina-swiata","9":"first","10":"instock","11":"shipping-taxable","12":"purchasable","13":"product-type-simple"},"_links":{"self":[{"href":"http:\/\/delikatesy.wineport.pl\/index.php?rest_route=\/wp\/v2\/product\/11365","targetHints":{"allow":["GET"]}}],"collection":[{"href":"http:\/\/delikatesy.wineport.pl\/index.php?rest_route=\/wp\/v2\/product"}],"about":[{"href":"http:\/\/delikatesy.wineport.pl\/index.php?rest_route=\/wp\/v2\/types\/product"}],"replies":[{"embeddable":true,"href":"http:\/\/delikatesy.wineport.pl\/index.php?rest_route=%2Fwp%2Fv2%2Fcomments&post=11365"}],"wp:featuredmedia":[{"embeddable":true,"href":"http:\/\/delikatesy.wineport.pl\/index.php?rest_route=\/wp\/v2\/media\/11364"}],"wp:attachment":[{"href":"http:\/\/delikatesy.wineport.pl\/index.php?rest_route=%2Fwp%2Fv2%2Fmedia&parent=11365"}],"wp:term":[{"taxonomy":"product_cat","embeddable":true,"href":"http:\/\/delikatesy.wineport.pl\/index.php?rest_route=%2Fwp%2Fv2%2Fproduct_cat&post=11365"},{"taxonomy":"product_tag","embeddable":true,"href":"http:\/\/delikatesy.wineport.pl\/index.php?rest_route=%2Fwp%2Fv2%2Fproduct_tag&post=11365"}],"curies":[{"name":"wp","href":"https:\/\/api.w.org\/{rel}","templated":true}]}}