{"id":11373,"date":"2024-03-14T13:29:52","date_gmt":"2024-03-14T12:29:52","guid":{"rendered":"http:\/\/delikatesy.wineport.pl\/?product=bodega-norton-cosecha-tardia-dulce-natural-mendoza"},"modified":"2026-05-10T18:18:27","modified_gmt":"2026-05-10T16:18:27","slug":"bodega-norton-cosecha-tardia-dulce-natural-mendoza","status":"publish","type":"product","link":"http:\/\/delikatesy.wineport.pl\/?product=bodega-norton-cosecha-tardia-dulce-natural-mendoza","title":{"rendered":"BODEGA NORTON COSECHA TARDIA DULCE NATURAL, MENDOZA"},"content":{"rendered":"<ul style=\"font-family: Verdana; font-size: 11px;\">\n<li><span style=\"color: #ff0000; font-size: 16px; font-family: arial, helvetica, sans-serif;\">UWAGA!!! NIE WYSY\u0141AMY ALKOHOLU KURIEREM W PRZYPADKU ZAM\u00d3WIE\u0143 OD OS\u00d3B PRYWATNYCH, TYLKO ODBI\u00d3R OSOBISTY NA UL. \u015aW. STANIS\u0141AWA 12 W WARSZAWIE!!! W przypadku op\u0142acenia zam\u00f3wienia alkoholu z wysy\u0142k\u0105, przy zwrocie pieni\u0119dzy zostanie potr\u0105cona prowizja dotpay!<\/span><\/li>\n<li>delikatne p\u00f3\u0142s\u0142odkie \u00a0argenty\u0144skie wino z regionu Lujan de Cuyo<\/li>\n<li>jasno z\u0142ota barwa<\/li>\n<li>przyjemne i \u015bwie\u017ce aromaty kwiat\u00f3w oraz brzoskwi\u0144<\/li>\n<li>rozkosz dla podniebienia, zw\u0142aszcza gdy sch\u0142odzone<\/li>\n<li>\u015bwietne jako aperitif i do deser\u00f3w<\/li>\n<\/ul>\n<div style=\"font-family: Verdana; font-size: 11px;\">Argenty\u0144skie wina p\u00f3\u0142s\u0142odkie bia\u0142e<\/div>\n<div>\u00a0<\/div>\n","protected":false},"excerpt":{"rendered":"<p>delikatne p\u00f3\u0142s\u0142odkie argenty\u0144skie wino z regionu Lujan de Cuyo jasno z\u0142ota barwa przyjemne i \u015bwie\u017ce aromaty kwiat\u00f3w oraz brzoskwi\u0144 rozkosz dla podniebienia, zw\u0142aszcza gdy sch\u0142odzone \u015bwietne jako aperitif i do deser\u00f3w Argenty\u0144skie wina p\u00f3\u0142s\u0142odkie bia\u0142&#8230;<\/p>\n","protected":false},"featured_media":11372,"comment_status":"open","ping_status":"closed","template":"","meta":[],"product_cat":[81,80],"product_tag":[],"class_list":{"0":"post-11373","1":"product","2":"type-product","3":"status-publish","4":"has-post-thumbnail","6":"product_cat-argentyna","7":"product_cat-wina-swiata","9":"first","10":"instock","11":"shipping-taxable","12":"purchasable","13":"product-type-simple"},"_links":{"self":[{"href":"http:\/\/delikatesy.wineport.pl\/index.php?rest_route=\/wp\/v2\/product\/11373","targetHints":{"allow":["GET"]}}],"collection":[{"href":"http:\/\/delikatesy.wineport.pl\/index.php?rest_route=\/wp\/v2\/product"}],"about":[{"href":"http:\/\/delikatesy.wineport.pl\/index.php?rest_route=\/wp\/v2\/types\/product"}],"replies":[{"embeddable":true,"href":"http:\/\/delikatesy.wineport.pl\/index.php?rest_route=%2Fwp%2Fv2%2Fcomments&post=11373"}],"wp:featuredmedia":[{"embeddable":true,"href":"http:\/\/delikatesy.wineport.pl\/index.php?rest_route=\/wp\/v2\/media\/11372"}],"wp:attachment":[{"href":"http:\/\/delikatesy.wineport.pl\/index.php?rest_route=%2Fwp%2Fv2%2Fmedia&parent=11373"}],"wp:term":[{"taxonomy":"product_cat","embeddable":true,"href":"http:\/\/delikatesy.wineport.pl\/index.php?rest_route=%2Fwp%2Fv2%2Fproduct_cat&post=11373"},{"taxonomy":"product_tag","embeddable":true,"href":"http:\/\/delikatesy.wineport.pl\/index.php?rest_route=%2Fwp%2Fv2%2Fproduct_tag&post=11373"}],"curies":[{"name":"wp","href":"https:\/\/api.w.org\/{rel}","templated":true}]}}