{"id":11435,"date":"2024-03-14T13:30:24","date_gmt":"2024-03-14T12:30:24","guid":{"rendered":"http:\/\/delikatesy.wineport.pl\/?product=wino-villa-maria-private-bin-sauvignon-blanc-marlborough"},"modified":"2026-05-10T18:20:01","modified_gmt":"2026-05-10T16:20:01","slug":"wino-villa-maria-private-bin-sauvignon-blanc-marlborough","status":"publish","type":"product","link":"http:\/\/delikatesy.wineport.pl\/?product=wino-villa-maria-private-bin-sauvignon-blanc-marlborough","title":{"rendered":"WINO VILLA MARIA PRIVATE BIN SAUVIGNON BLANC, MARLBOROUGH"},"content":{"rendered":"<div>\n<p class=\"MsoNormal\"><span style=\"color: #ff0000;\">UWAGA!!! NIE WYSY\u0141AMY ALKOHOLU KURIEREM W PRZYPADKU ZAM\u00d3WIE\u0143 OD OS\u00d3B PRYWATNYCH, TYLKO ODBI\u00d3R OSOBISTY NA UL. \u015aW. STANIS\u0141AWA 12 W WARSZAWIE!!! W przypadku op\u0142acenia zam\u00f3wienia alkoholu z wysy\u0142k\u0105, przy zwrocie pieni\u0119dzy zostanie potr\u0105cona prowizja\u00a0<\/span><strong style=\"color: #ff0000;\">DOTPAY<\/strong><span style=\"color: #ff0000;\">!<\/span><\/p>\n<p class=\"MsoNormal\">Owoce do produkcji tego wina pochodza z winnic<\/p>\n<p class=\"MsoNormal\">rozmieszczonych w regionie Marlborough. Zywe<\/p>\n<p class=\"MsoNormal\">Sauvignon Blanc wybucha owocowa sa\u0142atka z dojrza\u0142ym<\/p>\n<p class=\"MsoNormal\">agrestem, passiflora, swieza limonka i egzotycznymi<\/p>\n<p class=\"MsoNormal\">aromatami zi\u00f3\u0142. Wzbudza ciekawosc w ustach,<\/p>\n<p class=\"MsoNormal\">intensywne i pe\u0142ne, dajace odswiezajaca,<\/p>\n<p class=\"MsoNormal\">czysta kwasowosc. Polecane do bia\u0142ego miesa,<\/p>\n<p class=\"MsoNormal\">ryb i sa\u0142atek z \u0142ososiem, pomidorem, fasola<\/p>\n<p class=\"MsoNormal\">i ziemniakami. Szczep: 100% Sauvignon Blanc.<\/p>\n<\/p><\/div>\n<div>\u00a0<\/div>\n","protected":false},"excerpt":{"rendered":"<p>Owoce do produkcji tego wina pochodza z winnic rozmieszczonych w regionie Marlborough. Zywe Sauvignon Blanc wybucha owocowa sa\u0142atka z dojrza\u0142ym agrestem, passiflora, swieza limonka i egzotycznymi aromatami zi\u00f3\u0142. Wzbudza ciekawosc w ustach, intensywne&#8230;<\/p>\n","protected":false},"featured_media":11434,"comment_status":"open","ping_status":"closed","template":"","meta":[],"product_cat":[136,80],"product_tag":[],"class_list":{"0":"post-11435","1":"product","2":"type-product","3":"status-publish","4":"has-post-thumbnail","6":"product_cat-nowa-zelandia","7":"product_cat-wina-swiata","9":"first","10":"instock","11":"shipping-taxable","12":"purchasable","13":"product-type-simple"},"_links":{"self":[{"href":"http:\/\/delikatesy.wineport.pl\/index.php?rest_route=\/wp\/v2\/product\/11435","targetHints":{"allow":["GET"]}}],"collection":[{"href":"http:\/\/delikatesy.wineport.pl\/index.php?rest_route=\/wp\/v2\/product"}],"about":[{"href":"http:\/\/delikatesy.wineport.pl\/index.php?rest_route=\/wp\/v2\/types\/product"}],"replies":[{"embeddable":true,"href":"http:\/\/delikatesy.wineport.pl\/index.php?rest_route=%2Fwp%2Fv2%2Fcomments&post=11435"}],"wp:featuredmedia":[{"embeddable":true,"href":"http:\/\/delikatesy.wineport.pl\/index.php?rest_route=\/wp\/v2\/media\/11434"}],"wp:attachment":[{"href":"http:\/\/delikatesy.wineport.pl\/index.php?rest_route=%2Fwp%2Fv2%2Fmedia&parent=11435"}],"wp:term":[{"taxonomy":"product_cat","embeddable":true,"href":"http:\/\/delikatesy.wineport.pl\/index.php?rest_route=%2Fwp%2Fv2%2Fproduct_cat&post=11435"},{"taxonomy":"product_tag","embeddable":true,"href":"http:\/\/delikatesy.wineport.pl\/index.php?rest_route=%2Fwp%2Fv2%2Fproduct_tag&post=11435"}],"curies":[{"name":"wp","href":"https:\/\/api.w.org\/{rel}","templated":true}]}}