{"id":11439,"date":"2024-03-14T13:30:25","date_gmt":"2024-03-14T12:30:25","guid":{"rendered":"http:\/\/delikatesy.wineport.pl\/?product=wino-villa-maria-private-bin-pinot-noir-marlborough-075l"},"modified":"2026-05-10T18:20:02","modified_gmt":"2026-05-10T16:20:02","slug":"wino-villa-maria-private-bin-pinot-noir-marlborough-075l","status":"publish","type":"product","link":"http:\/\/delikatesy.wineport.pl\/?product=wino-villa-maria-private-bin-pinot-noir-marlborough-075l","title":{"rendered":"WINO VILLA MARIA PRIVATE BIN PINOT NOIR, MARLBOROUGH 0,75L"},"content":{"rendered":"<p class=\"MsoNormal\"><span style=\"color: #ff0000;\">UWAGA!!! NIE WYSY\u0141AMY ALKOHOLU KURIEREM W PRZYPADKU ZAM\u00d3WIE\u0143 OD OS\u00d3B PRYWATNYCH, TYLKO ODBI\u00d3R OSOBISTY NA UL. \u015aW. STANIS\u0141AWA 12 W WARSZAWIE!!! W przypadku op\u0142acenia zam\u00f3wienia alkoholu z wysy\u0142k\u0105, przy zwrocie pieni\u0119dzy zostanie potr\u0105cona prowizja\u00a0<\/span><strong style=\"color: #ff0000;\">DOTPAY<\/strong><span style=\"color: #ff0000;\">!<\/span><\/p>\n<p class=\"MsoNormal\">Pinot Noir z winnic po\u0142ozonych w dolinach Awatere<\/p>\n<p class=\"MsoNormal\">i Wairau, w Marlborough. Dojrzewa 9 miesiecy we francuskiej<\/p>\n<p class=\"MsoNormal\">barrique. Bukiet perfumowany z dojrza\u0142ymi wisniami oraz<\/p>\n<p class=\"MsoNormal\">owocami jagodowymi. W smaku wyrazne z delikatnymi<\/p>\n<p class=\"MsoNormal\">zio\u0142ami i korzennymi nutami. Przyjemne jedwabisto-miekkie<\/p>\n<p class=\"MsoNormal\">taniny odpowiadaja za strukture i typowa owocowa czystosc,<\/p>\n<p class=\"MsoNormal\">pozwalajaca pic wino kiedy m\u0142ode. Wino rekomendowane<\/p>\n<p class=\"MsoNormal\">do jagnieciny, dan kuchni w\u0142oskiej oraz delikatnych ser\u00f3w.<\/p>\n<p class=\"MsoNormal\">Szczep: 100% Pinot Noir.<\/p>\n","protected":false},"excerpt":{"rendered":"<p>Pinot Noir z winnic po\u0142ozonych w dolinach Awatere i Wairau, w Marlborough. Dojrzewa 9 miesiecy we francuskiej barrique. Bukiet perfumowany z dojrza\u0142ymi wisniami oraz owocami jagodowymi. W smaku wyrazne z delikatnymi zio\u0142ami i korzennymi nutami. Przyj&#8230;<\/p>\n","protected":false},"featured_media":11438,"comment_status":"open","ping_status":"closed","template":"","meta":[],"product_cat":[136,80],"product_tag":[],"class_list":{"0":"post-11439","1":"product","2":"type-product","3":"status-publish","4":"has-post-thumbnail","6":"product_cat-nowa-zelandia","7":"product_cat-wina-swiata","9":"first","10":"instock","11":"shipping-taxable","12":"purchasable","13":"product-type-simple"},"_links":{"self":[{"href":"http:\/\/delikatesy.wineport.pl\/index.php?rest_route=\/wp\/v2\/product\/11439","targetHints":{"allow":["GET"]}}],"collection":[{"href":"http:\/\/delikatesy.wineport.pl\/index.php?rest_route=\/wp\/v2\/product"}],"about":[{"href":"http:\/\/delikatesy.wineport.pl\/index.php?rest_route=\/wp\/v2\/types\/product"}],"replies":[{"embeddable":true,"href":"http:\/\/delikatesy.wineport.pl\/index.php?rest_route=%2Fwp%2Fv2%2Fcomments&post=11439"}],"wp:featuredmedia":[{"embeddable":true,"href":"http:\/\/delikatesy.wineport.pl\/index.php?rest_route=\/wp\/v2\/media\/11438"}],"wp:attachment":[{"href":"http:\/\/delikatesy.wineport.pl\/index.php?rest_route=%2Fwp%2Fv2%2Fmedia&parent=11439"}],"wp:term":[{"taxonomy":"product_cat","embeddable":true,"href":"http:\/\/delikatesy.wineport.pl\/index.php?rest_route=%2Fwp%2Fv2%2Fproduct_cat&post=11439"},{"taxonomy":"product_tag","embeddable":true,"href":"http:\/\/delikatesy.wineport.pl\/index.php?rest_route=%2Fwp%2Fv2%2Fproduct_tag&post=11439"}],"curies":[{"name":"wp","href":"https:\/\/api.w.org\/{rel}","templated":true}]}}