{"id":11457,"date":"2024-03-14T13:30:31","date_gmt":"2024-03-14T12:30:31","guid":{"rendered":"http:\/\/delikatesy.wineport.pl\/?product=dominus-christian-moueix-napa-valley"},"modified":"2026-05-10T18:20:07","modified_gmt":"2026-05-10T16:20:07","slug":"dominus-christian-moueix-napa-valley","status":"publish","type":"product","link":"http:\/\/delikatesy.wineport.pl\/?product=dominus-christian-moueix-napa-valley","title":{"rendered":"DOMINUS CHRISTIAN MOUEIX, NAPA VALLEY"},"content":{"rendered":"<p><span class=\"Apple-style-span\" style=\"color: #222222; font-family: arial, helvetica, clean, sans-serif; font-size: 11px; line-height: 15px;\">r<span style=\"color: #ff0000;\">UWAGA!!! NIE WYSY\u0141AMY ALKOHOLU KURIEREM W PRZYPADKU ZAM\u00d3WIE\u0143 OD OS\u00d3B PRYWATNYCH, TYLKO ODBI\u00d3R OSOBISTY NA UL. \u015aW. STANIS\u0141AWA 12 W WARSZAWIE!!! W przypadku op\u0142acenia zam\u00f3wienia alkoholu z wysy\u0142k\u0105, przy zwrocie pieni\u0119dzy zostanie potr\u0105cona prowizja\u00a0<\/span><strong style=\"color: #ff0000;\">DOTPAY<\/strong><span style=\"color: #ff0000;\">!<\/span><\/span><\/p>\n<p><span class=\"Apple-style-span\" style=\"color: #222222; font-family: arial, helvetica, clean, sans-serif; font-size: 11px; line-height: 15px;\">ouge 75cl Wino \u0142\u0105cz\u0105ce w sobie najlepsze cechy klimatu Kalifornii z umiej\u0119tno\u015bciami Christiana Moueix, w\u0142a\u015bciciela Ch. Petrus, kt\u00f3ry w 1994 r. kupi\u0142 star\u0105 winnic\u0119 Napanook w Napa. Uprawia tu cztery szczepy: Cabernet Sauvignon kt\u00f3ry jest podstaw\u0105 tego wina (65%), Merlot, Cabernet Franc i Petit Verdot. Dominus atakuje bukietem porzeczki, wi\u015bni, wanilii i lukrecji z\u0142amany egzotycznymi przyprawami i czarn\u0105 je\u017cyn\u0105. Wybitne wino<\/span><\/p>\n","protected":false},"excerpt":{"rendered":"<p>rouge 75cl Wino \u0142\u0105cz\u0105ce w sobie najlepsze cechy klimatu Kalifornii z umiej\u0119tno\u015bciami Christiana Moueix, w\u0142a\u015bciciela Ch. Petrus, kt\u00f3ry w 1994 r. kupi\u0142 star\u0105 winnic\u0119 Napanook w Napa. Uprawia tu cztery szczepy: Cabernet Sauvignon kt\u00f3ry jest podstaw\u0105 teg&#8230;<\/p>\n","protected":false},"featured_media":11456,"comment_status":"open","ping_status":"closed","template":"","meta":[],"product_cat":[156,80],"product_tag":[],"class_list":{"0":"post-11457","1":"product","2":"type-product","3":"status-publish","4":"has-post-thumbnail","6":"product_cat-usa-wina-swiata","7":"product_cat-wina-swiata","9":"first","10":"instock","11":"shipping-taxable","12":"purchasable","13":"product-type-simple"},"_links":{"self":[{"href":"http:\/\/delikatesy.wineport.pl\/index.php?rest_route=\/wp\/v2\/product\/11457","targetHints":{"allow":["GET"]}}],"collection":[{"href":"http:\/\/delikatesy.wineport.pl\/index.php?rest_route=\/wp\/v2\/product"}],"about":[{"href":"http:\/\/delikatesy.wineport.pl\/index.php?rest_route=\/wp\/v2\/types\/product"}],"replies":[{"embeddable":true,"href":"http:\/\/delikatesy.wineport.pl\/index.php?rest_route=%2Fwp%2Fv2%2Fcomments&post=11457"}],"wp:featuredmedia":[{"embeddable":true,"href":"http:\/\/delikatesy.wineport.pl\/index.php?rest_route=\/wp\/v2\/media\/11456"}],"wp:attachment":[{"href":"http:\/\/delikatesy.wineport.pl\/index.php?rest_route=%2Fwp%2Fv2%2Fmedia&parent=11457"}],"wp:term":[{"taxonomy":"product_cat","embeddable":true,"href":"http:\/\/delikatesy.wineport.pl\/index.php?rest_route=%2Fwp%2Fv2%2Fproduct_cat&post=11457"},{"taxonomy":"product_tag","embeddable":true,"href":"http:\/\/delikatesy.wineport.pl\/index.php?rest_route=%2Fwp%2Fv2%2Fproduct_tag&post=11457"}],"curies":[{"name":"wp","href":"https:\/\/api.w.org\/{rel}","templated":true}]}}