{"id":11517,"date":"2024-03-14T13:30:42","date_gmt":"2024-03-14T12:30:42","guid":{"rendered":"http:\/\/delikatesy.wineport.pl\/?product=wino-rivesaltes-a-c-vin-doux-naturel-75cl-1976"},"modified":"2026-05-10T18:21:20","modified_gmt":"2026-05-10T16:21:20","slug":"wino-rivesaltes-a-c-vin-doux-naturel-75cl-1976","status":"publish","type":"product","link":"http:\/\/delikatesy.wineport.pl\/?product=wino-rivesaltes-a-c-vin-doux-naturel-75cl-1976","title":{"rendered":"WINO RIVESALTES A.C. (vin doux naturel), 75cl 1976"},"content":{"rendered":"<p><span class=\"Apple-style-span\" style=\"color: #222222; font-family: arial, helvetica, clean, sans-serif; font-size: 11px; line-height: 15px;\"><span style=\"color: #ff0000;\">UWAGA!!! NIE WYSY\u0141AMY ALKOHOLU KURIEREM W PRZYPADKU ZAM\u00d3WIE\u0143 OD OS\u00d3B PRYWATNYCH, TYLKO ODBI\u00d3R OSOBISTY NA UL. \u015aW. STANIS\u0141AWA 12 W WARSZAWIE!!! W przypadku op\u0142acenia zam\u00f3wienia alkoholu z wysy\u0142k\u0105, przy zwrocie pieni\u0119dzy zostanie potr\u0105cona prowizja\u00a0<\/span><strong style=\"color: #ff0000;\">DOTPAY<\/strong><span style=\"color: #ff0000;\">!<\/span><\/span><\/p>\n<p><span class=\"Apple-style-span\" style=\"color: #222222; font-family: arial, helvetica, clean, sans-serif; font-size: 11px; line-height: 15px;\">rouge 75cl S\u0142odkie wino wyprodukowane z przejrza\u0142ych winogron Grenache Carignan i Maccabeu. Kolor koniakowo ciemno bursztynowy. Pe\u0142ne, z wyra\u017anymi taninami,z charakterystycznym aromatem kakao, kawy, czekolady, karmelu, suszonej \u015bliwki, rodzynek i fig, wyczuwalne aromaty migda\u0142owe, arakowe, miodowe, go\u017adziki, cynamon oraz korzenne niuanse. Znakomicie pasuje jako aperitif oraz do foie gras, owczych ser\u00f3w, niebieskich ser\u00f3w, deser\u00f3w czekoladowych, kawowych, bezowych, orzechowych, idealne do cygar<\/span><\/p>\n","protected":false},"excerpt":{"rendered":"<p>rouge 75cl S\u0142odkie wino wyprodukowane z przejrza\u0142ych winogron Grenache Carignan i Maccabeu. Kolor koniakowo ciemno bursztynowy. Pe\u0142ne, z wyra\u017anymi taninami,z charakterystycznym aromatem kakao, kawy, czekolady, karmelu, suszonej \u015bliwki, rodzynek i fig&#8230;<\/p>\n","protected":false},"featured_media":11516,"comment_status":"open","ping_status":"closed","template":"","meta":[],"product_cat":[83,88,80],"product_tag":[],"class_list":{"0":"post-11517","1":"product","2":"type-product","3":"status-publish","4":"has-post-thumbnail","6":"product_cat-francja","7":"product_cat-francja-langwedocja-roussillion","8":"product_cat-wina-swiata","10":"first","11":"instock","12":"shipping-taxable","13":"purchasable","14":"product-type-simple"},"_links":{"self":[{"href":"http:\/\/delikatesy.wineport.pl\/index.php?rest_route=\/wp\/v2\/product\/11517","targetHints":{"allow":["GET"]}}],"collection":[{"href":"http:\/\/delikatesy.wineport.pl\/index.php?rest_route=\/wp\/v2\/product"}],"about":[{"href":"http:\/\/delikatesy.wineport.pl\/index.php?rest_route=\/wp\/v2\/types\/product"}],"replies":[{"embeddable":true,"href":"http:\/\/delikatesy.wineport.pl\/index.php?rest_route=%2Fwp%2Fv2%2Fcomments&post=11517"}],"wp:featuredmedia":[{"embeddable":true,"href":"http:\/\/delikatesy.wineport.pl\/index.php?rest_route=\/wp\/v2\/media\/11516"}],"wp:attachment":[{"href":"http:\/\/delikatesy.wineport.pl\/index.php?rest_route=%2Fwp%2Fv2%2Fmedia&parent=11517"}],"wp:term":[{"taxonomy":"product_cat","embeddable":true,"href":"http:\/\/delikatesy.wineport.pl\/index.php?rest_route=%2Fwp%2Fv2%2Fproduct_cat&post=11517"},{"taxonomy":"product_tag","embeddable":true,"href":"http:\/\/delikatesy.wineport.pl\/index.php?rest_route=%2Fwp%2Fv2%2Fproduct_tag&post=11517"}],"curies":[{"name":"wp","href":"https:\/\/api.w.org\/{rel}","templated":true}]}}