{"id":11536,"date":"2024-03-14T13:30:48","date_gmt":"2024-03-14T12:30:48","guid":{"rendered":"http:\/\/delikatesy.wineport.pl\/?product=wino-veuve-du-vernay-brut-blanc-vin-mousseux-oryginalny-kartonik"},"modified":"2026-05-10T18:22:28","modified_gmt":"2026-05-10T16:22:28","slug":"wino-veuve-du-vernay-brut-blanc-vin-mousseux-oryginalny-kartonik","status":"publish","type":"product","link":"http:\/\/delikatesy.wineport.pl\/?product=wino-veuve-du-vernay-brut-blanc-vin-mousseux-oryginalny-kartonik","title":{"rendered":"Wino VEUVE DU VERNAY BRUT BLANC, VIN MOUSSEUX (ORYGINALNY KARTONIK)"},"content":{"rendered":"<p><span class=\"Apple-style-span\" style=\"color: #222222; font-family: arial, helvetica, clean, sans-serif; font-size: 11px; line-height: 15px;\"><span style=\"color: #ff0000;\">UWAGA!!! NIE WYSY\u0141AMY ALKOHOLU KURIEREM W PRZYPADKU ZAM\u00d3WIE\u0143 OD OS\u00d3B PRYWATNYCH, TYLKO ODBI\u00d3R OSOBISTY NA UL. \u015aW. STANIS\u0141AWA 12 W WARSZAWIE!!! W przypadku op\u0142acenia zam\u00f3wienia alkoholu z wysy\u0142k\u0105, przy zwrocie pieni\u0119dzy zostanie potr\u0105cona prowizja\u00a0<\/span><strong style=\"color: #ff0000;\">DOTPAY<\/strong><span style=\"color: #ff0000;\">!<\/span><\/span><\/p>\n<p><span class=\"Apple-style-span\" style=\"color: #222222; font-family: arial, helvetica, clean, sans-serif; font-size: 11px; line-height: 15px;\">blanc 75cl Francuskie musuj\u0105ce wino o jasno z\u0142oto s\u0142omkowej barwie. Eleganckie trwa\u0142e b\u0105belki, d\u0142ugi i rze\u015bki finisz. Idealne jako aperitif, do sa\u0142atek, bia\u0142ego mi\u0119sa, ryb i owoc\u00f3w. Podawa\u0107 sch\u0142odzone w temp 6-8 oC.<\/span><\/p>\n","protected":false},"excerpt":{"rendered":"<p>blanc 75cl Francuskie musuj\u0105ce wino o jasno z\u0142oto s\u0142omkowej barwie. Eleganckie trwa\u0142e b\u0105belki, d\u0142ugi i rze\u015bki finisz. Idealne jako aperitif, do sa\u0142atek, bia\u0142ego mi\u0119sa, ryb i owoc\u00f3w. Podawa\u0107 sch\u0142odzone w temp 6-8 oC.<\/p>\n","protected":false},"featured_media":11535,"comment_status":"open","ping_status":"closed","template":"","meta":[],"product_cat":[83,87,80],"product_tag":[],"class_list":{"0":"post-11536","1":"product","2":"type-product","3":"status-publish","4":"has-post-thumbnail","6":"product_cat-francja","7":"product_cat-francja-dolina-loary","8":"product_cat-wina-swiata","10":"first","11":"instock","12":"shipping-taxable","13":"purchasable","14":"product-type-simple"},"_links":{"self":[{"href":"http:\/\/delikatesy.wineport.pl\/index.php?rest_route=\/wp\/v2\/product\/11536","targetHints":{"allow":["GET"]}}],"collection":[{"href":"http:\/\/delikatesy.wineport.pl\/index.php?rest_route=\/wp\/v2\/product"}],"about":[{"href":"http:\/\/delikatesy.wineport.pl\/index.php?rest_route=\/wp\/v2\/types\/product"}],"replies":[{"embeddable":true,"href":"http:\/\/delikatesy.wineport.pl\/index.php?rest_route=%2Fwp%2Fv2%2Fcomments&post=11536"}],"wp:featuredmedia":[{"embeddable":true,"href":"http:\/\/delikatesy.wineport.pl\/index.php?rest_route=\/wp\/v2\/media\/11535"}],"wp:attachment":[{"href":"http:\/\/delikatesy.wineport.pl\/index.php?rest_route=%2Fwp%2Fv2%2Fmedia&parent=11536"}],"wp:term":[{"taxonomy":"product_cat","embeddable":true,"href":"http:\/\/delikatesy.wineport.pl\/index.php?rest_route=%2Fwp%2Fv2%2Fproduct_cat&post=11536"},{"taxonomy":"product_tag","embeddable":true,"href":"http:\/\/delikatesy.wineport.pl\/index.php?rest_route=%2Fwp%2Fv2%2Fproduct_tag&post=11536"}],"curies":[{"name":"wp","href":"https:\/\/api.w.org\/{rel}","templated":true}]}}