{"id":11568,"date":"2024-03-14T13:30:56","date_gmt":"2024-03-14T12:30:56","guid":{"rendered":"http:\/\/delikatesy.wineport.pl\/?product=wino-duas-quintas-douro-d-o-c-075l"},"modified":"2026-05-10T18:22:36","modified_gmt":"2026-05-10T16:22:36","slug":"wino-duas-quintas-douro-d-o-c-075l","status":"publish","type":"product","link":"http:\/\/delikatesy.wineport.pl\/?product=wino-duas-quintas-douro-d-o-c-075l","title":{"rendered":"WINO DUAS QUINTAS, DOURO D.O.C. 0,75L"},"content":{"rendered":"<p><span style=\"color: #ff0000;\">UWAGA!!! NIE WYSY\u0141AMY ALKOHOLU KURIEREM W PRZYPADKU ZAM\u00d3WIE\u0143 OD OS\u00d3B PRYWATNYCH, TYLKO ODBI\u00d3R OSOBISTY NA UL. \u015aW. STANIS\u0141AWA 12 W WARSZAWIE!!! W przypadku op\u0142acenia zam\u00f3wienia alkoholu z wysy\u0142k\u0105, przy zwrocie pieni\u0119dzy zostanie potr\u0105cona prowizja\u00a0<\/span><strong style=\"color: #ff0000;\">DOTPAY<\/strong><span style=\"color: #ff0000;\">!<\/span><\/p>\n<table style=\"font-family: Verdana; font-size: 11px;\" border=\"0\" width=\"97%\" cellspacing=\"0\" cellpadding=\"0\" align=\"center\">\n<tbody>\n<tr>\n<td style=\"background-image: url('http:\/\/www.winowino.com\/images\/grafika\/frame.gif'); height: 130px; background-position: 50% 0%; background-repeat: repeat no-repeat;\" height=\"100\">\n<table border=\"0\" cellspacing=\"0\" cellpadding=\"0\">\n<tbody>\n<tr>\n<td><span style=\"font-weight: bold;\">beczkowanie:\u00a0<\/span><\/td>\n<td>6-8 miesi\u0119cy<\/td>\n<\/tr>\n<tr>\n<td><span style=\"font-weight: bold;\">szczep:\u00a0<\/span><\/td>\n<td>Touriga Franca, Tinta Roriz, Touriga Nacional<\/td>\n<\/tr>\n<\/tbody>\n<\/table>\n<p>  \u00a0<\/td>\n<\/tr>\n<tr>\n<td style=\"background-image: url('http:\/\/www.winowino.com\/images\/grafika\/frame.gif'); height: auto; vertical-align: top; background-position: 50% 0%; background-repeat: repeat no-repeat;\">  <\/p>\n<ul>\n<li>Portugalskie wina wytrawne czerwone,\u00a0kwiatowo-owocowe wino o rubinowej barwie\u00a0prze 6-8 miesi\u0119cy dojrzewa w d\u0119bowych beczkach\u00a0jest dobrze zbudowane, aksamitne o trwa\u0142ym finiszu<\/li>\n<\/ul>\n<div>\u00a0<\/div>\n<\/td>\n<\/tr>\n<\/tbody>\n<\/table>\n","protected":false},"excerpt":{"rendered":"<p>beczkowanie: 6-8 miesi\u0119cy szczep: Touriga Franca, Tinta Roriz, Touriga Nacional Portugalskie wina wytrawne czerwone, kwiatowo-owocowe wino o rubinowej barwie prze 6-8 miesi\u0119cy dojrzewa w d\u0119bowych beczkach jest dobrze zbudowane, aksamitne o trwa\u0142ym fi&#8230;<\/p>\n","protected":false},"featured_media":11567,"comment_status":"open","ping_status":"closed","template":"","meta":[],"product_cat":[94,80],"product_tag":[],"class_list":{"0":"post-11568","1":"product","2":"type-product","3":"status-publish","4":"has-post-thumbnail","6":"product_cat-portugalia","7":"product_cat-wina-swiata","9":"first","10":"instock","11":"shipping-taxable","12":"purchasable","13":"product-type-simple"},"_links":{"self":[{"href":"http:\/\/delikatesy.wineport.pl\/index.php?rest_route=\/wp\/v2\/product\/11568","targetHints":{"allow":["GET"]}}],"collection":[{"href":"http:\/\/delikatesy.wineport.pl\/index.php?rest_route=\/wp\/v2\/product"}],"about":[{"href":"http:\/\/delikatesy.wineport.pl\/index.php?rest_route=\/wp\/v2\/types\/product"}],"replies":[{"embeddable":true,"href":"http:\/\/delikatesy.wineport.pl\/index.php?rest_route=%2Fwp%2Fv2%2Fcomments&post=11568"}],"wp:featuredmedia":[{"embeddable":true,"href":"http:\/\/delikatesy.wineport.pl\/index.php?rest_route=\/wp\/v2\/media\/11567"}],"wp:attachment":[{"href":"http:\/\/delikatesy.wineport.pl\/index.php?rest_route=%2Fwp%2Fv2%2Fmedia&parent=11568"}],"wp:term":[{"taxonomy":"product_cat","embeddable":true,"href":"http:\/\/delikatesy.wineport.pl\/index.php?rest_route=%2Fwp%2Fv2%2Fproduct_cat&post=11568"},{"taxonomy":"product_tag","embeddable":true,"href":"http:\/\/delikatesy.wineport.pl\/index.php?rest_route=%2Fwp%2Fv2%2Fproduct_tag&post=11568"}],"curies":[{"name":"wp","href":"https:\/\/api.w.org\/{rel}","templated":true}]}}