{"id":11822,"date":"2024-03-14T13:32:08","date_gmt":"2024-03-14T12:32:08","guid":{"rendered":"http:\/\/delikatesy.wineport.pl\/?product=diadema-olio-extra-vergine-di-oliva-7vat-ekskluzywne-etui-50cl"},"modified":"2026-05-10T18:27:12","modified_gmt":"2026-05-10T16:27:12","slug":"diadema-olio-extra-vergine-di-oliva-7vat-ekskluzywne-etui-50cl","status":"publish","type":"product","link":"http:\/\/delikatesy.wineport.pl\/?product=diadema-olio-extra-vergine-di-oliva-7vat-ekskluzywne-etui-50cl","title":{"rendered":"DIADEMA OLIO EXTRA VERGINE DI OLIVA, 7%VAT (EKSKLUZYWNE ETUI) (50CL)"},"content":{"rendered":"<p><span class=\"Apple-style-span\" style=\"font-family: Verdana, Arial, sans-serif; font-size: 11px; -webkit-border-horizontal-spacing: 5px; -webkit-border-vertical-spacing: 5px; \">G\u0142\u0119boko zielona barwa ze z\u0142oto-\u017c\u00f3\u0142tymi refleksami. W smaku wyczuwalna \u015bwie\u017ca trawa i typowe migda\u0142y, pozostawiaj\u0105ce przyjemny gorzki finisz.<\/span>  <span class=\"Apple-style-span\" style=\"font-family: Verdana, Arial, sans-serif; font-size: 11px; -webkit-border-horizontal-spacing: 5px; -webkit-border-vertical-spacing: 5px; \">&nbsp;<\/span>  <span class=\"Apple-style-span\" style=\"font-family: Verdana, Arial, sans-serif; font-size: 11px; -webkit-border-horizontal-spacing: 5px; -webkit-border-vertical-spacing: 5px; \"><br \/>  \t<\/span>  <span class=\"Apple-style-span\" style=\"font-family: Verdana, Arial, sans-serif; font-size: 11px; -webkit-border-horizontal-spacing: 5px; -webkit-border-vertical-spacing: 5px; \">Nos znakomity. Oliwa pochodzi z Villa l&#8217;Olmo&#8217;s, gdzie drzewa oliwne daj\u0105 owoce od pierwszej po\u0142owy XVIII wieku.<\/span>  <span class=\"Apple-style-span\" style=\"font-family: Verdana, Arial, sans-serif; font-size: 11px; -webkit-border-horizontal-spacing: 5px; -webkit-border-vertical-spacing: 5px; \">&nbsp;Ta oliva to synonim luksusu i najwy\u017cszej mo\u017cliwej jako\u015bci.<\/span><\/p>\n","protected":false},"excerpt":{"rendered":"<p>G\u0142\u0119boko zielona barwa ze z\u0142oto-\u017c\u00f3\u0142tymi refleksami. W smaku wyczuwalna \u015bwie\u017ca trawa i typowe migda\u0142y, pozostawiaj\u0105ce przyjemny gorzki finisz. Nos znakomity. Oliwa pochodzi z Villa l&#8217;Olmo&#8217;s, gdzie drzewa oliwne daj\u0105 owoce od pierwszej po\u0142owy XVIII wiek&#8230;<\/p>\n","protected":false},"featured_media":11821,"comment_status":"open","ping_status":"closed","template":"","meta":[],"product_cat":[173,175],"product_tag":[],"class_list":{"0":"post-11822","1":"product","2":"type-product","3":"status-publish","4":"has-post-thumbnail","6":"product_cat-artykuly-delikatesowe","7":"product_cat-oliwa-z-oliwek","9":"first","10":"instock","11":"shipping-taxable","12":"purchasable","13":"product-type-simple"},"_links":{"self":[{"href":"http:\/\/delikatesy.wineport.pl\/index.php?rest_route=\/wp\/v2\/product\/11822","targetHints":{"allow":["GET"]}}],"collection":[{"href":"http:\/\/delikatesy.wineport.pl\/index.php?rest_route=\/wp\/v2\/product"}],"about":[{"href":"http:\/\/delikatesy.wineport.pl\/index.php?rest_route=\/wp\/v2\/types\/product"}],"replies":[{"embeddable":true,"href":"http:\/\/delikatesy.wineport.pl\/index.php?rest_route=%2Fwp%2Fv2%2Fcomments&post=11822"}],"wp:featuredmedia":[{"embeddable":true,"href":"http:\/\/delikatesy.wineport.pl\/index.php?rest_route=\/wp\/v2\/media\/11821"}],"wp:attachment":[{"href":"http:\/\/delikatesy.wineport.pl\/index.php?rest_route=%2Fwp%2Fv2%2Fmedia&parent=11822"}],"wp:term":[{"taxonomy":"product_cat","embeddable":true,"href":"http:\/\/delikatesy.wineport.pl\/index.php?rest_route=%2Fwp%2Fv2%2Fproduct_cat&post=11822"},{"taxonomy":"product_tag","embeddable":true,"href":"http:\/\/delikatesy.wineport.pl\/index.php?rest_route=%2Fwp%2Fv2%2Fproduct_tag&post=11822"}],"curies":[{"name":"wp","href":"https:\/\/api.w.org\/{rel}","templated":true}]}}