{"id":11884,"date":"2024-03-14T13:32:25","date_gmt":"2024-03-14T12:32:25","guid":{"rendered":"http:\/\/delikatesy.wineport.pl\/?product=wino-villa-albius-inzolia-chardonnay-sicilia-i-g-t-075l"},"modified":"2026-05-10T18:28:12","modified_gmt":"2026-05-10T16:28:12","slug":"wino-villa-albius-inzolia-chardonnay-sicilia-i-g-t-075l","status":"publish","type":"product","link":"http:\/\/delikatesy.wineport.pl\/?product=wino-villa-albius-inzolia-chardonnay-sicilia-i-g-t-075l","title":{"rendered":"WINO VILLA ALBIUS INZOLIA \/ CHARDONNAY, SICILIA I.G.T. 0,75L"},"content":{"rendered":"<div><span class=\"Apple-style-span\" style=\"color: #606060; font-family: Tahoma, Verdana, sans-serif; font-size: 13px; line-height: 17px;\"><span style=\"color: #ff0000;\">UWAGA!!! NIE WYSY\u0141AMY ALKOHOLU KURIEREM W PRZYPADKU ZAM\u00d3WIE\u0143 OD OS\u00d3B PRYWATNYCH, TYLKO ODBI\u00d3R OSOBISTY NA UL. \u015aW. STANIS\u0141AWA 12 W WARSZAWIE!!! W przypadku op\u0142acenia zam\u00f3wienia alkoholu z wysy\u0142k\u0105, przy zwrocie pieni\u0119dzy zostanie potr\u0105cona prowizja\u00a0<\/span><strong style=\"color: #ff0000;\">DOTPAY<\/strong><span style=\"color: #ff0000;\">!<\/span><\/span><\/div>\n<div><span class=\"Apple-style-span\" style=\"color: #606060; font-family: Tahoma, Verdana, sans-serif; font-size: 13px; line-height: 17px;\">Nuty bia\u0142ych kwiat\u00f3w pochodz\u0105cych z odmiany Inzolia znakomicie skomponowane z aromatem Chardonnay. Sycylijskie wino polecane do delikatnych da\u0144 oraz pieczonej ryby.<\/span><\/div>\n","protected":false},"excerpt":{"rendered":"<p>Nuty bia\u0142ych kwiat\u00f3w pochodz\u0105cych z odmiany Inzolia znakomicie skomponowane z aromatem Chardonnay. Sycylijskie wino polecane do delikatnych da\u0144 oraz pieczonej ryby.<\/p>\n","protected":false},"featured_media":11883,"comment_status":"open","ping_status":"closed","template":"","meta":[],"product_cat":[80,95,120],"product_tag":[],"class_list":{"0":"post-11884","1":"product","2":"type-product","3":"status-publish","4":"has-post-thumbnail","6":"product_cat-wina-swiata","7":"product_cat-wlochy","8":"product_cat-wlochy-sicilia","10":"first","11":"instock","12":"shipping-taxable","13":"purchasable","14":"product-type-simple"},"_links":{"self":[{"href":"http:\/\/delikatesy.wineport.pl\/index.php?rest_route=\/wp\/v2\/product\/11884","targetHints":{"allow":["GET"]}}],"collection":[{"href":"http:\/\/delikatesy.wineport.pl\/index.php?rest_route=\/wp\/v2\/product"}],"about":[{"href":"http:\/\/delikatesy.wineport.pl\/index.php?rest_route=\/wp\/v2\/types\/product"}],"replies":[{"embeddable":true,"href":"http:\/\/delikatesy.wineport.pl\/index.php?rest_route=%2Fwp%2Fv2%2Fcomments&post=11884"}],"wp:featuredmedia":[{"embeddable":true,"href":"http:\/\/delikatesy.wineport.pl\/index.php?rest_route=\/wp\/v2\/media\/11883"}],"wp:attachment":[{"href":"http:\/\/delikatesy.wineport.pl\/index.php?rest_route=%2Fwp%2Fv2%2Fmedia&parent=11884"}],"wp:term":[{"taxonomy":"product_cat","embeddable":true,"href":"http:\/\/delikatesy.wineport.pl\/index.php?rest_route=%2Fwp%2Fv2%2Fproduct_cat&post=11884"},{"taxonomy":"product_tag","embeddable":true,"href":"http:\/\/delikatesy.wineport.pl\/index.php?rest_route=%2Fwp%2Fv2%2Fproduct_tag&post=11884"}],"curies":[{"name":"wp","href":"https:\/\/api.w.org\/{rel}","templated":true}]}}