{"id":11892,"date":"2024-03-14T13:32:27","date_gmt":"2024-03-14T12:32:27","guid":{"rendered":"http:\/\/delikatesy.wineport.pl\/?product=roses-strawberry-cordial-mixer-570ml"},"modified":"2026-05-10T18:28:15","modified_gmt":"2026-05-10T16:28:15","slug":"roses-strawberry-cordial-mixer-570ml","status":"publish","type":"product","link":"http:\/\/delikatesy.wineport.pl\/?product=roses-strawberry-cordial-mixer-570ml","title":{"rendered":"ROSE&#8217;S STRAWBERRY CORDIAL MIXER 570ML"},"content":{"rendered":"<p><span style=\"font-size: 12pt; font-family: 'Times New Roman', serif; font-weight: bold; \">Strawberry Daiquiry<\/span>    <span style=\"font-size:12.0pt;font-family:\" times=\"\" new=\"\" roman\",\"serif\";mso-fareast-font-family:=\"\" calibri;mso-fareast-theme-font:minor-latin;mso-ansi-language:pl;mso-fareast-language:=\"\" pl;mso-bidi-language:ar-sa\"=\"\"><br \/>  \t  \t  4 parts Rum<br \/>  \t  \t  4 parts Rose&#8217;s Strawberry<br \/>  \t  \t  1 part Rose&#8217;s Lime<br \/>  \t  \t  4 parts crushed ice.<\/p>\n<p>  \t  \t  Zmiesza\u0107 wszystkie sk\u0142adniki z kruszonym lodem w szejkerze, podawa\u0107 w szklance  do margarity.<\/p>\n<p>  \t  \t  &#8220;If only everything was as easy as mixing with Rose&#8217;s&#8221;<\/p>\n<p>  \t  \t    \t  \t<span style=\"font-weight: bold; \">Strawberry Margarita<\/span><br \/>  \t  \t  4 parts Rose&#8217;s Strawberry<br \/>  \t  \t  4 parts Rose&#8217;s Lime<br \/>  \t  \t  4 parts tequila<br \/>  \t  \t  4 parts crushed ice<\/p>\n<p>  \t  \t  Umie\u015bci\u0107 wszystkie sk\u0142adniki w szejkerze. Dobrze wymiesza\u0107 z kruszonym lodem.<br \/>  \t  \t  &nbsp;Podawa\u0107 w zmro\u017conej koktajlowej szklance udekorowanej sol\u0105. <\/p>\n<p>  \t  \t  &#8220;If only everything was as easy as mixing with Rose&#8217;s&#8221;<br \/>  \t  \t  <br style=\"mso-special-character:line-break\" \/>  \t  \t    \t  \t<!--  \t[if !supportLineBreakNewLine]  \t-->  \t  \t<br style=\"mso-special-character:line-break\" \/>  \t  \t    \t  \t<!--  \t[endif]  \t-->  \t  \t<\/span><\/p>\n","protected":false},"excerpt":{"rendered":"<p>Strawberry Daiquiry 4 parts Rum 4 parts Rose&#8217;s Strawberry 1 part Rose&#8217;s Lime 4 parts crushed ice. Zmiesza\u0107 wszystkie sk\u0142adniki z kruszonym lodem w szejkerze, podawa\u0107 w szklance do margarity. &#8220;If only everything was as easy as mixing with Rose&#8217;s&#8221; Stra&#8230;<\/p>\n","protected":false},"featured_media":11891,"comment_status":"open","ping_status":"closed","template":"","meta":[],"product_cat":[173,174],"product_tag":[],"class_list":{"0":"post-11892","1":"product","2":"type-product","3":"status-publish","4":"has-post-thumbnail","6":"product_cat-artykuly-delikatesowe","7":"product_cat-syropy","9":"first","10":"instock","11":"shipping-taxable","12":"purchasable","13":"product-type-simple"},"_links":{"self":[{"href":"http:\/\/delikatesy.wineport.pl\/index.php?rest_route=\/wp\/v2\/product\/11892","targetHints":{"allow":["GET"]}}],"collection":[{"href":"http:\/\/delikatesy.wineport.pl\/index.php?rest_route=\/wp\/v2\/product"}],"about":[{"href":"http:\/\/delikatesy.wineport.pl\/index.php?rest_route=\/wp\/v2\/types\/product"}],"replies":[{"embeddable":true,"href":"http:\/\/delikatesy.wineport.pl\/index.php?rest_route=%2Fwp%2Fv2%2Fcomments&post=11892"}],"wp:featuredmedia":[{"embeddable":true,"href":"http:\/\/delikatesy.wineport.pl\/index.php?rest_route=\/wp\/v2\/media\/11891"}],"wp:attachment":[{"href":"http:\/\/delikatesy.wineport.pl\/index.php?rest_route=%2Fwp%2Fv2%2Fmedia&parent=11892"}],"wp:term":[{"taxonomy":"product_cat","embeddable":true,"href":"http:\/\/delikatesy.wineport.pl\/index.php?rest_route=%2Fwp%2Fv2%2Fproduct_cat&post=11892"},{"taxonomy":"product_tag","embeddable":true,"href":"http:\/\/delikatesy.wineport.pl\/index.php?rest_route=%2Fwp%2Fv2%2Fproduct_tag&post=11892"}],"curies":[{"name":"wp","href":"https:\/\/api.w.org\/{rel}","templated":true}]}}