{"id":11954,"date":"2024-03-14T13:32:45","date_gmt":"2024-03-14T12:32:45","guid":{"rendered":"http:\/\/delikatesy.wineport.pl\/?product=wino-nuwang-ume-lychee-50-cl-10"},"modified":"2026-05-10T18:29:13","modified_gmt":"2026-05-10T16:29:13","slug":"wino-nuwang-ume-lychee-50-cl-10","status":"publish","type":"product","link":"http:\/\/delikatesy.wineport.pl\/?product=wino-nuwang-ume-lychee-50-cl-10","title":{"rendered":"Wino NUWANG UME &#8211; LYCHEE (50 CL), 10%"},"content":{"rendered":"<p class=\"MsoNormal\" style=\"font-family: Arial, Verdana, sans-serif; font-size: 10pt; text-decoration: none; margin-top: 0px; margin-bottom: 0px; -webkit-border-horizontal-spacing: 1px; -webkit-border-vertical-spacing: 1px;\" align=\"justify\"><span style=\"font-family: 'Times New Roman'; font-size: 12pt;\"><span style=\"color: #ff0000;\">UWAGA!!! NIE WYSY\u0141AMY ALKOHOLU KURIEREM W PRZYPADKU ZAM\u00d3WIE\u0143 OD OS\u00d3B PRYWATNYCH, TYLKO ODBI\u00d3R OSOBISTY NA UL. \u015aW. STANIS\u0141AWA 12 W WARSZAWIE!!! W przypadku op\u0142acenia zam\u00f3wienia alkoholu z wysy\u0142k\u0105, przy zwrocie pieni\u0119dzy zostanie potr\u0105cona prowizja\u00a0<\/span><strong style=\"color: #ff0000;\">DOTPAY<\/strong><span style=\"color: #ff0000;\">!<\/span><\/span><\/p>\n<p class=\"MsoNormal\" style=\"font-family: Arial, Verdana, sans-serif; font-size: 10pt; text-decoration: none; margin-top: 0px; margin-bottom: 0px; -webkit-border-horizontal-spacing: 1px; -webkit-border-vertical-spacing: 1px;\" align=\"justify\"><span style=\"font-family: 'Times New Roman'; font-size: 12pt;\"> <span style=\"font-family: arial, helvetica, sans-serif; font-size: 10pt;\">Wyborny r\u00f3\u017cowy s\u0142odki trunek o smaku i<\/span>\u00a0 <span style=\"font-family: arial, helvetica, sans-serif; font-size: 10pt;\">aromacie Lychee.<\/span><\/span> <span style=\"font-family: arial, helvetica, sans-serif; font-size: 10pt;\">\u00a0<\/span> <span style=\"font-family: arial, helvetica, sans-serif; font-size: 10pt;\"> <span style=\"font-size: 10pt;\">Na podniebieniu aromatyczny, s\u0142odki i owocowy,<\/span>\u00a0<\/span> <span style=\"font-family: 'Times New Roman'; font-size: 12pt;\"> <span style=\"font-family: arial, helvetica, sans-serif; font-size: 10pt;\">z od\u015bwie\u017caj\u0105cym, d\u0142ugim finiszem.<\/span>\u00a0<\/span><\/p>\n<p class=\"MsoNormal\" style=\"font-family: Arial, Verdana, sans-serif; font-size: 10pt; text-decoration: none; margin-top: 0px; margin-bottom: 0px; -webkit-border-horizontal-spacing: 1px; -webkit-border-vertical-spacing: 1px;\" align=\"justify\"><span style=\"font-family: arial, helvetica, sans-serif; font-size: 10pt;\"> <span style=\"font-size: 10pt;\">Idealnie smakuje podany jako aperitif<\/span>\u00a0<\/span> <span style=\"font-family: 'Times New Roman'; font-size: 10pt;\"> <span style=\"font-family: arial, helvetica, sans-serif;\">w<\/span> <span style=\"font-family: arial, helvetica, sans-serif;\">\u00a0temperaturze 8- 10 \u00b0C.<\/span><\/span> <span style=\"font-family: arial, helvetica, sans-serif; font-size: 10pt;\"> <span style=\"font-size: 10pt;\">Znakomicie orze\u017awia serwowany z<\/span>\u00a0 <span style=\"font-size: 10pt;\">lodem lub w formie<\/span>\u00a0<\/span> <span style=\"font-family: 'Times New Roman'; font-size: 12pt;\"> <span style=\"font-family: arial, helvetica, sans-serif; font-size: 10pt;\">koktajlu<\/span>\u00a0 <span style=\"font-family: arial, helvetica, sans-serif; font-size: 10pt;\">z dodatkiem ulubionego wina musuj\u0105cego.<\/span><\/span><\/p>\n<div><span style=\"font-family: arial, helvetica, sans-serif; font-size: 10pt;\"><br \/> <\/span><\/div>\n","protected":false},"excerpt":{"rendered":"<p>Wyborny r\u00f3\u017cowy s\u0142odki trunek o smaku i aromacie Lychee. Na podniebieniu aromatyczny, s\u0142odki i owocowy, z od\u015bwie\u017caj\u0105cym, d\u0142ugim finiszem. Idealnie smakuje podany jako aperitif w temperaturze 8- 10 \u00b0C . Znakomicie orze\u017awia serwowany z lodem lub w formi&#8230;<\/p>\n","protected":false},"featured_media":11953,"comment_status":"open","ping_status":"closed","template":"","meta":[],"product_cat":[179,80],"product_tag":[],"class_list":{"0":"post-11954","1":"product","2":"type-product","3":"status-publish","4":"has-post-thumbnail","6":"product_cat-chiny","7":"product_cat-wina-swiata","9":"first","10":"instock","11":"shipping-taxable","12":"purchasable","13":"product-type-simple"},"_links":{"self":[{"href":"http:\/\/delikatesy.wineport.pl\/index.php?rest_route=\/wp\/v2\/product\/11954","targetHints":{"allow":["GET"]}}],"collection":[{"href":"http:\/\/delikatesy.wineport.pl\/index.php?rest_route=\/wp\/v2\/product"}],"about":[{"href":"http:\/\/delikatesy.wineport.pl\/index.php?rest_route=\/wp\/v2\/types\/product"}],"replies":[{"embeddable":true,"href":"http:\/\/delikatesy.wineport.pl\/index.php?rest_route=%2Fwp%2Fv2%2Fcomments&post=11954"}],"wp:featuredmedia":[{"embeddable":true,"href":"http:\/\/delikatesy.wineport.pl\/index.php?rest_route=\/wp\/v2\/media\/11953"}],"wp:attachment":[{"href":"http:\/\/delikatesy.wineport.pl\/index.php?rest_route=%2Fwp%2Fv2%2Fmedia&parent=11954"}],"wp:term":[{"taxonomy":"product_cat","embeddable":true,"href":"http:\/\/delikatesy.wineport.pl\/index.php?rest_route=%2Fwp%2Fv2%2Fproduct_cat&post=11954"},{"taxonomy":"product_tag","embeddable":true,"href":"http:\/\/delikatesy.wineport.pl\/index.php?rest_route=%2Fwp%2Fv2%2Fproduct_tag&post=11954"}],"curies":[{"name":"wp","href":"https:\/\/api.w.org\/{rel}","templated":true}]}}