{"id":12329,"date":"2024-03-14T13:34:19","date_gmt":"2024-03-14T12:34:19","guid":{"rendered":"http:\/\/delikatesy.wineport.pl\/?product=montemar-andes-bonarda-i-p-mendoza-espiritu-de-argentina"},"modified":"2026-05-10T18:37:08","modified_gmt":"2026-05-10T16:37:08","slug":"montemar-andes-bonarda-i-p-mendoza-espiritu-de-argentina","status":"publish","type":"product","link":"http:\/\/delikatesy.wineport.pl\/?product=montemar-andes-bonarda-i-p-mendoza-espiritu-de-argentina","title":{"rendered":"MONTEMAR ANDES Bonarda I.P. Mendoza, Esp\u00edritu de Argentina"},"content":{"rendered":"<p class=\"MsoNormal\" style=\"text-align: justify;\"><span style=\"font-weight: bold;\"><span style=\"color: #ff0000; font-size: 16px; font-family: arial, helvetica, sans-serif;\">UWAGA!!! NIE WYSY\u0141AMY ALKOHOLU KURIEREM W PRZYPADKU ZAM\u00d3WIE\u0143 OD OS\u00d3B PRYWATNYCH, TYLKO ODBI\u00d3R OSOBISTY NA UL. \u015aW. STANIS\u0141AWA 12 W WARSZAWIE!!! W przypadku op\u0142acenia zam\u00f3wienia alkoholu z wysy\u0142k\u0105, przy zwrocie pieni\u0119dzy zostanie potr\u0105cona prowizja dotpay!<\/span><\/span><\/p>\n<p class=\"MsoNormal\" style=\"text-align: justify;\"><span style=\"font-weight: bold;\">MONTEMAR ANDES<\/span> Bonarda \u00a0I.P. Mendoza, <span style=\"font-style: italic;\">Esp\u00edritu de Argentina <\/span><\/p>\n<p class=\"MsoNormal\" style=\"text-align: justify;\">100% <span style=\"font-style: italic;\">\u00a0<\/span>Bonarda, <span style=\"font-family: Calibri, sans-serif;\">13,0% alk. <\/span><\/p>\n<p class=\"MsoNormal\" style=\"text-align: justify;\">Wytrawne wino, o g\u0142\u0119bokiej, czerwonej barwie, dojrzewaj\u0105ce przez 5 miesi\u0119cy w beczkach z d\u0119bu ameryka\u0144skiego i francuskiego. Zosta\u0142o wyprodukowane z owoc\u00f3w zbieranych r\u0119cznie w rejonie s\u0142yn\u0105cym z uprawy Bonardy. Jest to rejon\u00a0 Santa Rosa, kt\u00f3ry odznacza si\u0119 cechami pustynnymi, a wi\u0119c du\u017cymi r\u00f3\u017cnicami temperatur mi\u0119dzy dniem a noc\u0105, doskona\u0142ym nas\u0142onecznieniem i nisk\u0105 wilgotno\u015bci\u0105 powietrza.<\/p>\n<p class=\"MsoNormal\" style=\"text-align: justify;\">W winie dominuj\u0105 nuty owoc\u00f3w czerwonych, takich jak maliny i truskawki, ale momentami wyczuwalne s\u0105 w nim tak\u017ce owoce czarne (porzeczki, bor\u00f3wka ameryka\u0144ska i je\u017cyny). \u015arednia budowa, dobra struktura i soczyste garbniki.<\/p>\n<p class=\"MsoNormal\" style=\"text-align: justify;\">Doskona\u0142e do mi\u0119s, grillowanych warzyw, pikantnych potraw, ser\u00f3w, drobiu i w\u0142oskich da\u0144, szczeg\u00f3lnie makaron\u00f3w. Podawa\u0107, gdy osi\u0105gnie temperatur\u0119 14-16\u00baC <span style=\"font-size: 10pt;\">. <\/span><\/p>\n","protected":false},"excerpt":{"rendered":"<p>MONTEMAR ANDES Bonarda I.P. Mendoza, Esp\u00edritu de Argentina 100% Bonarda, 13,0% alk. Wytrawne wino, o g\u0142\u0119bokiej, czerwonej barwie, dojrzewaj\u0105ce przez 5 miesi\u0119cy w beczkach z d\u0119bu ameryka\u0144skiego i francuskiego. Zosta\u0142o wyprodukowane z owoc\u00f3w zbieranych&#8230;<\/p>\n","protected":false},"featured_media":12328,"comment_status":"open","ping_status":"closed","template":"","meta":[],"product_cat":[81,80],"product_tag":[],"class_list":{"0":"post-12329","1":"product","2":"type-product","3":"status-publish","4":"has-post-thumbnail","6":"product_cat-argentyna","7":"product_cat-wina-swiata","9":"first","10":"instock","11":"shipping-taxable","12":"purchasable","13":"product-type-simple"},"_links":{"self":[{"href":"http:\/\/delikatesy.wineport.pl\/index.php?rest_route=\/wp\/v2\/product\/12329","targetHints":{"allow":["GET"]}}],"collection":[{"href":"http:\/\/delikatesy.wineport.pl\/index.php?rest_route=\/wp\/v2\/product"}],"about":[{"href":"http:\/\/delikatesy.wineport.pl\/index.php?rest_route=\/wp\/v2\/types\/product"}],"replies":[{"embeddable":true,"href":"http:\/\/delikatesy.wineport.pl\/index.php?rest_route=%2Fwp%2Fv2%2Fcomments&post=12329"}],"wp:featuredmedia":[{"embeddable":true,"href":"http:\/\/delikatesy.wineport.pl\/index.php?rest_route=\/wp\/v2\/media\/12328"}],"wp:attachment":[{"href":"http:\/\/delikatesy.wineport.pl\/index.php?rest_route=%2Fwp%2Fv2%2Fmedia&parent=12329"}],"wp:term":[{"taxonomy":"product_cat","embeddable":true,"href":"http:\/\/delikatesy.wineport.pl\/index.php?rest_route=%2Fwp%2Fv2%2Fproduct_cat&post=12329"},{"taxonomy":"product_tag","embeddable":true,"href":"http:\/\/delikatesy.wineport.pl\/index.php?rest_route=%2Fwp%2Fv2%2Fproduct_tag&post=12329"}],"curies":[{"name":"wp","href":"https:\/\/api.w.org\/{rel}","templated":true}]}}