{"id":12458,"date":"2024-03-14T13:35:50","date_gmt":"2024-03-14T12:35:50","guid":{"rendered":"http:\/\/delikatesy.wineport.pl\/?product=wodka-wyborowa-1l-40"},"modified":"2026-05-10T18:39:03","modified_gmt":"2026-05-10T16:39:03","slug":"wodka-wyborowa-1l-40","status":"publish","type":"product","link":"http:\/\/delikatesy.wineport.pl\/?product=wodka-wyborowa-1l-40","title":{"rendered":"W\u00f3dka WYBOROWA 1L 40 %"},"content":{"rendered":"<div>\n<p><span style=\"color: #ff0000; font-size: 16px; font-family: arial, helvetica, sans-serif;\">UWAGA!!! NIE WYSY\u0141AMY ALKOHOLU W PRZYPADKU ZAM\u00d3WIE\u0143 OD OS\u00d3B PRYWATNYCH, TYLKO ODBI\u00d3R OSOBISTY NA UL. \u015aW. STANIS\u0141AWA 12 W WARSZAWIE!!! W przypadku op\u0142acenia zam\u00f3wienia alkoholu z wysy\u0142k\u0105, przy zwrocie pieni\u0119dzy zostanie potr\u0105cona prowizja\u00a0DOTPAY!<\/span><\/p>\n<p><span style=\"color: #ff0000; font-size: 16px; font-family: arial, helvetica, sans-serif;\">\u00a0<\/span><\/p>\n<p>  <span style=\"color: #444444; font-size: 13px; font-family: arial, helvetica, sans-serif;\">\u00a01L\u00a0<\/span><br style=\"color: #444444; font-size: 13px; font-family: HelveticaNeueW02-55Roma, Arial;\" \/><span style=\"font-family: arial, helvetica, sans-serif;\"><span style=\"color: #444444; font-size: 13px;\">Powstaje z \u017cyta z lokalnych upraw zachodniej Polski. \u017byto to P<\/span><span style=\"color: #444444; font-size: 13px;\">rzechodzi przez starann\u0105 selekcj\u0119, aby ostatecznie sta\u0107 si\u0119 sk\u0142adnikiem destylatu. To dzi\u0119ki\u00a0<\/span><span style=\"color: #444444; font-size: 13px;\">szczeg\u00f3\u0142owemu doborowi sk\u0142adnik\u00f3w<\/span><span style=\"color: #444444; font-size: 13px;\">\u00a0i umiej\u0119tno\u015bciom gorzelnik\u00f3w WYBOROWA zyska\u0142a sobie miano Kr\u00f3lowej Polskich W\u00f3dek.\u00a0<\/span><span style=\"color: #444444; font-size: 13px;\">Krystaliczna przejrzysto\u015b\u0107, moc i \u0142agodny, s\u0142odkawy smak<\/span><span style=\"color: #444444; font-size: 13px;\">\u00a0\u015bwiadczy o najwy\u017cszej jako\u015bci alkoholu. Dzi\u0119ki temu w\u00f3dka wyborowa sta\u0142a si\u0119 produktem globalnym znanym na wszystkich kontynentach.<\/span><\/span><\/div>\n<div>\u00a0<\/div>\n<div>\u00a0<\/div>\n<div>zgodnie z systemem rabatowym:\u00a0<\/div>\n<div><span style=\"background-color: #fdfaf9; color: #575757; font-family: tahoma, helvetica, sans-serif; font-size: 11px; line-height: 17px;\"><br \/> <\/span><\/div>\n<div><span style=\"background-color: #fdfaf9; color: #575757; font-family: tahoma, helvetica, sans-serif; font-size: 11px; line-height: 17px; font-weight: bold;\">3% Rabatu &#8211; przy zakupach powy\u017cej 500PLN Brutto<\/span><\/div>\n<div><span style=\"font-weight: bold;\"> <span style=\"color: #575757; font-family: tahoma, helvetica, sans-serif; font-size: 11px; line-height: 17px; background-color: #fdfaf9;\">5% Rabatu &#8211; przy zakupach powy\u017cej 1000PLN Brutto\u00a0<\/span><br style=\"color: #575757; font-family: tahoma, helvetica, sans-serif; font-size: 11px; line-height: 17px; background-color: #fdfaf9;\" \/> <span style=\"color: #575757; font-family: tahoma, helvetica, sans-serif; font-size: 11px; line-height: 17px; background-color: #fdfaf9;\">7% Rabatu &#8211; przy zakupach powy\u017cej 1500PLN Brutto\u00a0<\/span><br style=\"color: #575757; font-family: tahoma, helvetica, sans-serif; font-size: 11px; line-height: 17px; background-color: #fdfaf9;\" \/> <span style=\"color: #575757; font-family: tahoma, helvetica, sans-serif; font-size: 11px; line-height: 17px; background-color: #fdfaf9;\">10% Rabatu &#8211; przy zakupach powyzej 4000PLN Brutto<\/span><\/span><\/div>\n<div><span style=\"color: #575757; font-family: tahoma, helvetica, sans-serif; font-size: 11px; line-height: 17px; background-color: #fdfaf9; font-weight: bold;\"><br \/> <\/span><\/div>\n<div><span style=\"color: #575757; font-family: tahoma, helvetica, sans-serif; font-size: 11px; line-height: 17px; background-color: #fdfaf9; font-weight: bold;\">rabat naliczy sie automatycznie robi\u0105c zakupy w sklepie internetowym!!!<\/span><\/div>\n<div>\u00a0<\/div>\n<p>UWAGA w\u00f3dk\u0119 mo\u017cna odebra\u0107 tylko osobi\u015bcie ze sklepu firmowego WINEPORT.PL na ul Biskupiej 48 w Warszawie.\u00a0<\/p>\n<div>Wyjatek stanowi\u0105 wysy\u0142ki alkoholu pod wesela i inne du\u017ce imprezy. Wysylamy wtedy na palecie ale koszt transportu ustalany jest indywidualnie. Wtedy prosimy o kontakt pod emailem wineport@wineport.pl lub pod telefonami. tel. +48 (22) 292-59-37 lub 601602652.<\/div>\n<div>\u00a0<\/div>\n<p>\u00a0<\/p>\n","protected":false},"excerpt":{"rendered":"<p>zgodnie z systemem rabatowym: 3% Rabatu &#8211; przy zakupach powy\u017cej 500PLN Brutto 5% Rabatu &#8211; przy zakupach powy\u017cej 1000PLN Brutto 7% Rabatu &#8211; przy zakupach powy\u017cej 1500PLN Brutto 10% Rabatu &#8211; przy zakupach powyzej 4000PLN Brutto rabat naliczy sie automa&#8230;<\/p>\n","protected":false},"featured_media":12457,"comment_status":"open","ping_status":"closed","template":"","meta":[],"product_cat":[190,142],"product_tag":[],"class_list":{"0":"post-12458","1":"product","2":"type-product","3":"status-publish","4":"has-post-thumbnail","6":"product_cat-wodka","7":"product_cat-alkohole-mocne","9":"first","10":"instock","11":"shipping-taxable","12":"purchasable","13":"product-type-simple"},"_links":{"self":[{"href":"http:\/\/delikatesy.wineport.pl\/index.php?rest_route=\/wp\/v2\/product\/12458","targetHints":{"allow":["GET"]}}],"collection":[{"href":"http:\/\/delikatesy.wineport.pl\/index.php?rest_route=\/wp\/v2\/product"}],"about":[{"href":"http:\/\/delikatesy.wineport.pl\/index.php?rest_route=\/wp\/v2\/types\/product"}],"replies":[{"embeddable":true,"href":"http:\/\/delikatesy.wineport.pl\/index.php?rest_route=%2Fwp%2Fv2%2Fcomments&post=12458"}],"wp:featuredmedia":[{"embeddable":true,"href":"http:\/\/delikatesy.wineport.pl\/index.php?rest_route=\/wp\/v2\/media\/12457"}],"wp:attachment":[{"href":"http:\/\/delikatesy.wineport.pl\/index.php?rest_route=%2Fwp%2Fv2%2Fmedia&parent=12458"}],"wp:term":[{"taxonomy":"product_cat","embeddable":true,"href":"http:\/\/delikatesy.wineport.pl\/index.php?rest_route=%2Fwp%2Fv2%2Fproduct_cat&post=12458"},{"taxonomy":"product_tag","embeddable":true,"href":"http:\/\/delikatesy.wineport.pl\/index.php?rest_route=%2Fwp%2Fv2%2Fproduct_tag&post=12458"}],"curies":[{"name":"wp","href":"https:\/\/api.w.org\/{rel}","templated":true}]}}