{"id":12470,"date":"2024-03-14T13:36:42","date_gmt":"2024-03-14T12:36:42","guid":{"rendered":"http:\/\/delikatesy.wineport.pl\/?product=roses-strawberry-cordial-mixer-1000ml"},"modified":"2026-05-10T18:39:04","modified_gmt":"2026-05-10T16:39:04","slug":"roses-strawberry-cordial-mixer-1000ml","status":"publish","type":"product","link":"http:\/\/delikatesy.wineport.pl\/?product=roses-strawberry-cordial-mixer-1000ml","title":{"rendered":"ROSE&#8217;S STRAWBERRY CORDIAL MIXER 1000ML"},"content":{"rendered":"<p><span style=\"font-size: 12pt; font-family: 'Times New Roman', serif; font-weight: bold; \">Strawberry Daiquiry<\/span>&nbsp;  <span times=\"\" new=\"\" roman\",\"serif\";mso-fareast-font-family:=\"\" calibri;mso-fareast-theme-font:minor-latin;mso-ansi-language:pl;mso-fareast-language:=\"\" pl;mso-bidi-language:ar-sa\"=\"\" style=\"font-size: 12pt; \"><br \/>  \t4 parts Rum<br \/>  \t4 parts Rose&#8217;s Strawberry<br \/>  \t1 part Rose&#8217;s Lime<br \/>  \t4 parts crushed ice.<\/p>\n<p>  \tZmiesza\u0107 wszystkie sk\u0142adniki z kruszonym lodem w szejkerze, podawa\u0107 w szklance do margarity.<\/p>\n<p>  \t&#8220;If only everything was as easy as mixing with Rose&#8217;s&#8221;<\/p>\n<p>  \t  \t<span style=\"font-weight: bold; \">Strawberry Margarita<\/span><br \/>  \t4 parts Rose&#8217;s Strawberry<br \/>  \t4 parts Rose&#8217;s Lime<br \/>  \t4 parts tequila<br \/>  \t4 parts crushed ice<\/p>\n<p>  \tUmie\u015bci\u0107 wszystkie sk\u0142adniki w szejkerze. Dobrze wymiesza\u0107 z kruszonym lodem.<br \/>  \t&nbsp;Podawa\u0107 w zmro\u017conej koktajlowej szklance udekorowanej sol\u0105.&nbsp;<\/p>\n<p>  \t&#8220;If only everything was as easy as mixing with Rose&#8217;s&#8221;<\/p>\n<p>  \t<\/span><\/p>\n","protected":false},"excerpt":{"rendered":"<p>Strawberry Daiquiry 4 parts Rum 4 parts Rose&#8217;s Strawberry 1 part Rose&#8217;s Lime 4 parts crushed ice. Zmiesza\u0107 wszystkie sk\u0142adniki z kruszonym lodem w szejkerze, podawa\u0107 w szklance do margarity. &#8220;If only everything was as easy as mixing with Rose&#8217;s&#8221; Stra&#8230;<\/p>\n","protected":false},"featured_media":12469,"comment_status":"open","ping_status":"closed","template":"","meta":[],"product_cat":[173,174],"product_tag":[],"class_list":{"0":"post-12470","1":"product","2":"type-product","3":"status-publish","4":"has-post-thumbnail","6":"product_cat-artykuly-delikatesowe","7":"product_cat-syropy","9":"first","10":"instock","11":"shipping-taxable","12":"purchasable","13":"product-type-simple"},"_links":{"self":[{"href":"http:\/\/delikatesy.wineport.pl\/index.php?rest_route=\/wp\/v2\/product\/12470","targetHints":{"allow":["GET"]}}],"collection":[{"href":"http:\/\/delikatesy.wineport.pl\/index.php?rest_route=\/wp\/v2\/product"}],"about":[{"href":"http:\/\/delikatesy.wineport.pl\/index.php?rest_route=\/wp\/v2\/types\/product"}],"replies":[{"embeddable":true,"href":"http:\/\/delikatesy.wineport.pl\/index.php?rest_route=%2Fwp%2Fv2%2Fcomments&post=12470"}],"wp:featuredmedia":[{"embeddable":true,"href":"http:\/\/delikatesy.wineport.pl\/index.php?rest_route=\/wp\/v2\/media\/12469"}],"wp:attachment":[{"href":"http:\/\/delikatesy.wineport.pl\/index.php?rest_route=%2Fwp%2Fv2%2Fmedia&parent=12470"}],"wp:term":[{"taxonomy":"product_cat","embeddable":true,"href":"http:\/\/delikatesy.wineport.pl\/index.php?rest_route=%2Fwp%2Fv2%2Fproduct_cat&post=12470"},{"taxonomy":"product_tag","embeddable":true,"href":"http:\/\/delikatesy.wineport.pl\/index.php?rest_route=%2Fwp%2Fv2%2Fproduct_tag&post=12470"}],"curies":[{"name":"wp","href":"https:\/\/api.w.org\/{rel}","templated":true}]}}