{"id":12598,"date":"2024-03-14T13:37:32","date_gmt":"2024-03-14T12:37:32","guid":{"rendered":"http:\/\/delikatesy.wineport.pl\/?product=choya-umeshu-extra-shiso-075l-slodkie"},"modified":"2026-05-10T18:42:33","modified_gmt":"2026-05-10T16:42:33","slug":"choya-umeshu-extra-shiso-075l-slodkie","status":"publish","type":"product","link":"http:\/\/delikatesy.wineport.pl\/?product=choya-umeshu-extra-shiso-075l-slodkie","title":{"rendered":"Choya Umeshu Extra Shiso 0,75l &#8211; s\u0142odkie"},"content":{"rendered":"<p class=\"MsoNormal\"><span style=\"color: #ff0000;\">UWAGA!!! NIE WYSY\u0141AMY ALKOHOLU KURIEREM W PRZYPADKU ZAM\u00d3WIE\u0143 OD OS\u00d3B PRYWATNYCH, TYLKO ODBI\u00d3R OSOBISTY NA UL. \u015aW. STANIS\u0141AWA 12 W WARSZAWIE!!! W przypadku op\u0142acenia zam\u00f3wienia alkoholu z wysy\u0142k\u0105, przy zwrocie pieni\u0119dzy zostanie potr\u0105cona prowizja\u00a0<\/span><strong style=\"color: #ff0000;\">DOTPAY<\/strong><span style=\"color: #ff0000;\">!<\/span><\/p>\n<p class=\"MsoNormal\">S\u0142odkie japo\u0144skie wino \u015bliwkowe o delikatnym smaku i aromacie zielonej \u015bliwki Ume z dodatkiem li\u015bci shiso, dzi\u0119ki kt\u00f3rym zyskuje r\u00f3\u017cowy kolor oraz niezapomniany smak. Doskona\u0142e jako aperitif, wino piknikowe oraz dodatek do da\u0144 kuchni azjatyckiej. Produkt absolutnie w 100% naturalny bez \u017cadnych nienaturalnych dodatk\u00f3w, wyprodukowany wed\u0142ug starych japo\u0144skich receptur!\u00a0<\/p>\n","protected":false},"excerpt":{"rendered":"<p>S\u0142odkie japo\u0144skie wino \u015bliwkowe o delikatnym smaku i aromacie zielonej \u015bliwki Ume z dodatkiem li\u015bci shiso, dzi\u0119ki kt\u00f3rym zyskuje r\u00f3\u017cowy kolor oraz niezapomniany smak. Doskona\u0142e jako aperitif, wino piknikowe oraz dodatek do da\u0144 kuchni azjatyckiej. Pro&#8230;<\/p>\n","protected":false},"featured_media":12597,"comment_status":"open","ping_status":"closed","template":"","meta":[],"product_cat":[141,80],"product_tag":[],"class_list":{"0":"post-12598","1":"product","2":"type-product","3":"status-publish","4":"has-post-thumbnail","6":"product_cat-japonia","7":"product_cat-wina-swiata","9":"first","10":"instock","11":"shipping-taxable","12":"purchasable","13":"product-type-simple"},"_links":{"self":[{"href":"http:\/\/delikatesy.wineport.pl\/index.php?rest_route=\/wp\/v2\/product\/12598","targetHints":{"allow":["GET"]}}],"collection":[{"href":"http:\/\/delikatesy.wineport.pl\/index.php?rest_route=\/wp\/v2\/product"}],"about":[{"href":"http:\/\/delikatesy.wineport.pl\/index.php?rest_route=\/wp\/v2\/types\/product"}],"replies":[{"embeddable":true,"href":"http:\/\/delikatesy.wineport.pl\/index.php?rest_route=%2Fwp%2Fv2%2Fcomments&post=12598"}],"wp:featuredmedia":[{"embeddable":true,"href":"http:\/\/delikatesy.wineport.pl\/index.php?rest_route=\/wp\/v2\/media\/12597"}],"wp:attachment":[{"href":"http:\/\/delikatesy.wineport.pl\/index.php?rest_route=%2Fwp%2Fv2%2Fmedia&parent=12598"}],"wp:term":[{"taxonomy":"product_cat","embeddable":true,"href":"http:\/\/delikatesy.wineport.pl\/index.php?rest_route=%2Fwp%2Fv2%2Fproduct_cat&post=12598"},{"taxonomy":"product_tag","embeddable":true,"href":"http:\/\/delikatesy.wineport.pl\/index.php?rest_route=%2Fwp%2Fv2%2Fproduct_tag&post=12598"}],"curies":[{"name":"wp","href":"https:\/\/api.w.org\/{rel}","templated":true}]}}