{"id":12632,"date":"2024-03-14T13:37:42","date_gmt":"2024-03-14T12:37:42","guid":{"rendered":"http:\/\/delikatesy.wineport.pl\/?product=wino-miolo-pinot-grigio-reserva-075l"},"modified":"2026-05-10T18:43:05","modified_gmt":"2026-05-10T16:43:05","slug":"wino-miolo-pinot-grigio-reserva-075l","status":"publish","type":"product","link":"http:\/\/delikatesy.wineport.pl\/?product=wino-miolo-pinot-grigio-reserva-075l","title":{"rendered":"Wino Miolo Pinot Grigio Reserva 0,75L"},"content":{"rendered":"<p class=\"MsoNormal\">\u00a0<span style=\"color: #ff0000;\">UWAGA!!! NIE WYSY\u0141AMY ALKOHOLU KURIEREM W PRZYPADKU ZAM\u00d3WIE\u0143 OD OS\u00d3B PRYWATNYCH, TYLKO ODBI\u00d3R OSOBISTY NA UL. \u015aW. STANIS\u0141AWA 12 W WARSZAWIE!!! W przypadku op\u0142acenia zam\u00f3wienia alkoholu z wysy\u0142k\u0105, przy zwrocie pieni\u0119dzy zostanie potr\u0105cona prowizja\u00a0<\/span><strong style=\"color: #ff0000;\">DOTPAY<\/strong><span style=\"color: #ff0000;\">!<\/span><\/p>\n<p class=\"MsoNormal\">Nos z dojrza\u0142ymi owocami (bia\u0142a brzoskwinia, gruszka), rumiankiem oraz s\u0142odkimi nutami wanilii. W smaku harmonijne, eleganckie, czyste. Idealne jako aperitif, a tak\u017ce do makaron\u00f3w, ryb i bia\u0142ego mi\u0119sa.<\/p>\n","protected":false},"excerpt":{"rendered":"<p>Nos z dojrza\u0142ymi owocami (bia\u0142a brzoskwinia, gruszka), rumiankiem oraz s\u0142odkimi nutami wanilii. W smaku harmonijne, eleganckie, czyste. Idealne jako aperitif, a tak\u017ce do makaron\u00f3w, ryb i bia\u0142ego mi\u0119sa.<\/p>\n","protected":false},"featured_media":12631,"comment_status":"open","ping_status":"closed","template":"","meta":[],"product_cat":[127,80],"product_tag":[],"class_list":{"0":"post-12632","1":"product","2":"type-product","3":"status-publish","4":"has-post-thumbnail","6":"product_cat-brazylia","7":"product_cat-wina-swiata","9":"first","10":"instock","11":"shipping-taxable","12":"purchasable","13":"product-type-simple"},"_links":{"self":[{"href":"http:\/\/delikatesy.wineport.pl\/index.php?rest_route=\/wp\/v2\/product\/12632","targetHints":{"allow":["GET"]}}],"collection":[{"href":"http:\/\/delikatesy.wineport.pl\/index.php?rest_route=\/wp\/v2\/product"}],"about":[{"href":"http:\/\/delikatesy.wineport.pl\/index.php?rest_route=\/wp\/v2\/types\/product"}],"replies":[{"embeddable":true,"href":"http:\/\/delikatesy.wineport.pl\/index.php?rest_route=%2Fwp%2Fv2%2Fcomments&post=12632"}],"wp:featuredmedia":[{"embeddable":true,"href":"http:\/\/delikatesy.wineport.pl\/index.php?rest_route=\/wp\/v2\/media\/12631"}],"wp:attachment":[{"href":"http:\/\/delikatesy.wineport.pl\/index.php?rest_route=%2Fwp%2Fv2%2Fmedia&parent=12632"}],"wp:term":[{"taxonomy":"product_cat","embeddable":true,"href":"http:\/\/delikatesy.wineport.pl\/index.php?rest_route=%2Fwp%2Fv2%2Fproduct_cat&post=12632"},{"taxonomy":"product_tag","embeddable":true,"href":"http:\/\/delikatesy.wineport.pl\/index.php?rest_route=%2Fwp%2Fv2%2Fproduct_tag&post=12632"}],"curies":[{"name":"wp","href":"https:\/\/api.w.org\/{rel}","templated":true}]}}