{"id":12693,"date":"2024-03-14T13:38:03","date_gmt":"2024-03-14T12:38:03","guid":{"rendered":"http:\/\/delikatesy.wineport.pl\/?product=anthon-berg-sweet-moments-trufle-z-jagodami"},"modified":"2026-05-10T18:44:06","modified_gmt":"2026-05-10T16:44:06","slug":"anthon-berg-sweet-moments-trufle-z-jagodami","status":"publish","type":"product","link":"http:\/\/delikatesy.wineport.pl\/?product=anthon-berg-sweet-moments-trufle-z-jagodami","title":{"rendered":"Anthon Berg Sweet Moments Trufle z Jagodami"},"content":{"rendered":"<p class=\"MsoNormal\">Czekoladowe  trufle w trzech niespotykanych wariantach smakowych- jagoda z octem  balsamicznym, truskawka z laichee, \u017curawina z jab\u0142kiem to apetyczne propozycje  wielopokoleniowej, cenionej firmy, kt\u00f3rej wyroby cukiernicze przez wiele lat  dedykowane by\u0142y wy\u0142\u0105cznie na du\u0144ski dw\u00f3r kr\u00f3lewski. 165 g  \t<o:p><\/o:p><\/p>\n","protected":false},"excerpt":{"rendered":"<p>Czekoladowe trufle w trzech niespotykanych wariantach smakowych- jagoda z octem balsamicznym, truskawka z laichee, \u017curawina z jab\u0142kiem to apetyczne propozycje wielopokoleniowej, cenionej firmy, kt\u00f3rej wyroby cukiernicze przez wiele lat dedykowane by\u0142&#8230;<\/p>\n","protected":false},"featured_media":0,"comment_status":"open","ping_status":"closed","template":"","meta":[],"product_cat":[173,185],"product_tag":[],"class_list":{"0":"post-12693","1":"product","2":"type-product","3":"status-publish","5":"product_cat-artykuly-delikatesowe","6":"product_cat-wyroby-czekoladowe","8":"first","9":"instock","10":"shipping-taxable","11":"purchasable","12":"product-type-simple"},"_links":{"self":[{"href":"http:\/\/delikatesy.wineport.pl\/index.php?rest_route=\/wp\/v2\/product\/12693","targetHints":{"allow":["GET"]}}],"collection":[{"href":"http:\/\/delikatesy.wineport.pl\/index.php?rest_route=\/wp\/v2\/product"}],"about":[{"href":"http:\/\/delikatesy.wineport.pl\/index.php?rest_route=\/wp\/v2\/types\/product"}],"replies":[{"embeddable":true,"href":"http:\/\/delikatesy.wineport.pl\/index.php?rest_route=%2Fwp%2Fv2%2Fcomments&post=12693"}],"wp:attachment":[{"href":"http:\/\/delikatesy.wineport.pl\/index.php?rest_route=%2Fwp%2Fv2%2Fmedia&parent=12693"}],"wp:term":[{"taxonomy":"product_cat","embeddable":true,"href":"http:\/\/delikatesy.wineport.pl\/index.php?rest_route=%2Fwp%2Fv2%2Fproduct_cat&post=12693"},{"taxonomy":"product_tag","embeddable":true,"href":"http:\/\/delikatesy.wineport.pl\/index.php?rest_route=%2Fwp%2Fv2%2Fproduct_tag&post=12693"}],"curies":[{"name":"wp","href":"https:\/\/api.w.org\/{rel}","templated":true}]}}