{"id":12753,"date":"2024-03-14T13:38:30","date_gmt":"2024-03-14T12:38:30","guid":{"rendered":"http:\/\/delikatesy.wineport.pl\/?product=whisky-royal-salute-chivas-regal-21y-o"},"modified":"2026-05-17T20:53:01","modified_gmt":"2026-05-17T18:53:01","slug":"whisky-royal-salute-chivas-regal-21y-o","status":"publish","type":"product","link":"http:\/\/delikatesy.wineport.pl\/?product=whisky-royal-salute-chivas-regal-21y-o","title":{"rendered":"Whisky Royal Salute Chivas Regal 21Y.O."},"content":{"rendered":"<p><span style=\"color: #ff0000; font-size: 16px; font-family: arial, helvetica, sans-serif;\">UWAGA!!! NIE WYSY\u0141AMY ALKOHOLU W PRZYPADKU ZAM\u00d3WIE\u0143 OD OS\u00d3B PRYWATNYCH, TYLKO ODBI\u00d3R OSOBISTY NA UL. \u015aW. STANIS\u0141AWA 12 W WARSZAWIE!!! W przypadku op\u0142acenia zam\u00f3wienia alkoholu z wysy\u0142k\u0105, przy zwrocie pieni\u0119dzy zostanie potr\u0105cona prowizja\u00a0DOTPAY!<\/span><\/p>\n<p><span style=\"color: #ff0000; font-size: 16px; font-family: arial, helvetica, sans-serif;\">\u00a0<\/span><\/p>\n<p class=\"MsoNormal\">ta 21-letnia mieszanka najprzedniejszych gatunk\u00f3w szkockiej whisky jest niezr\u00f3wnana w swej delikatno\u015bci. Produkowana w destylarni Strathisla znanej tak\u017ce z produkcji Chivas Regal \u2013 zdoby\u0142a miedzynarodow\u0105 s\u0142aw\u0119 wyj\u0105tkowej luksusowej, d\u0142ugo le\u017cakowanej szkockiej whisky. Sprzedawana jest w r\u00f3\u017cnorodnych, bogato zdobionych karafkach.<\/p>\n","protected":false},"excerpt":{"rendered":"<p>ta 21-letnia mieszanka najprzedniejszych gatunk\u00f3w szkockiej whisky jest niezr\u00f3wnana w swej delikatno\u015bci. Produkowana w destylarni Strathisla znanej tak\u017ce z produkcji Chivas Regal \u2013 zdoby\u0142a miedzynarodow\u0105 s\u0142aw\u0119 wyj\u0105tkowej luksusowej, d\u0142ugo le\u017cakowanej&#8230;<\/p>\n","protected":false},"featured_media":12752,"comment_status":"open","ping_status":"closed","template":"","meta":[],"product_cat":[142,154,143],"product_tag":[],"class_list":{"0":"post-12753","1":"product","2":"type-product","3":"status-publish","4":"has-post-thumbnail","6":"product_cat-alkohole-mocne","7":"product_cat-szkocja","8":"product_cat-whisky","10":"first","11":"instock","12":"shipping-taxable","13":"purchasable","14":"product-type-simple"},"_links":{"self":[{"href":"http:\/\/delikatesy.wineport.pl\/index.php?rest_route=\/wp\/v2\/product\/12753","targetHints":{"allow":["GET"]}}],"collection":[{"href":"http:\/\/delikatesy.wineport.pl\/index.php?rest_route=\/wp\/v2\/product"}],"about":[{"href":"http:\/\/delikatesy.wineport.pl\/index.php?rest_route=\/wp\/v2\/types\/product"}],"replies":[{"embeddable":true,"href":"http:\/\/delikatesy.wineport.pl\/index.php?rest_route=%2Fwp%2Fv2%2Fcomments&post=12753"}],"wp:featuredmedia":[{"embeddable":true,"href":"http:\/\/delikatesy.wineport.pl\/index.php?rest_route=\/wp\/v2\/media\/12752"}],"wp:attachment":[{"href":"http:\/\/delikatesy.wineport.pl\/index.php?rest_route=%2Fwp%2Fv2%2Fmedia&parent=12753"}],"wp:term":[{"taxonomy":"product_cat","embeddable":true,"href":"http:\/\/delikatesy.wineport.pl\/index.php?rest_route=%2Fwp%2Fv2%2Fproduct_cat&post=12753"},{"taxonomy":"product_tag","embeddable":true,"href":"http:\/\/delikatesy.wineport.pl\/index.php?rest_route=%2Fwp%2Fv2%2Fproduct_tag&post=12753"}],"curies":[{"name":"wp","href":"https:\/\/api.w.org\/{rel}","templated":true}]}}