{"id":12861,"date":"2024-03-14T13:39:10","date_gmt":"2024-03-14T12:39:10","guid":{"rendered":"http:\/\/delikatesy.wineport.pl\/?product=glenmorangie-nectar-dor-46-07-l"},"modified":"2026-05-10T18:47:09","modified_gmt":"2026-05-10T16:47:09","slug":"glenmorangie-nectar-dor-46-07-l","status":"publish","type":"product","link":"http:\/\/delikatesy.wineport.pl\/?product=glenmorangie-nectar-dor-46-07-l","title":{"rendered":"Glenmorangie Nectar D&#8217;or 46% 0,7 L"},"content":{"rendered":"<p><span style=\"color: #ff0000; font-size: 16px; font-family: arial, helvetica, sans-serif;\">UWAGA!!! NIE WYSY\u0141AMY ALKOHOLU W PRZYPADKU ZAM\u00d3WIE\u0143 OD OS\u00d3B PRYWATNYCH, TYLKO ODBI\u00d3R OSOBISTY NA UL. \u015aW. STANIS\u0141AWA 12 W WARSZAWIE!!! W przypadku op\u0142acenia zam\u00f3wienia alkoholu z wysy\u0142k\u0105, przy zwrocie pieni\u0119dzy zostanie potr\u0105cona prowizja\u00a0DOTPAY!<\/span><\/p>\n<p><span style=\"color: #ff0000; font-size: 16px; font-family: arial, helvetica, sans-serif;\">\u00a0<\/span><\/p>\n<p class=\"MsoNormal\">Glenmorangie Nectar D&#8217;or to bardzo ciekawa whisky, 10 lat le\u017cakowa\u0142a tradycyjnie dla Glenmorangie w beczkach po Bourbonie (ameryka\u0144ski d\u0105b), a nast\u0119pnie 2 dodatkowe Lata w beczkach po francuskim winie Sauternes (d\u0105b europejski, najprawdopodobniej francuski). Ka\u017cdy rodzaj d\u0119bu oddaje inne walory smakowe do alkoholu. Zdecydowanie wyczuwalna jest w Nectar klasyczna 10tka Original, jednak ca\u0142o\u015bciowo wyr\u00f3\u017cnia si\u0119 ona od podstawowej wersji.<\/p>\n","protected":false},"excerpt":{"rendered":"<p>Glenmorangie Nectar D&#8217;or to bardzo ciekawa whisky, 10 lat le\u017cakowa\u0142a tradycyjnie dla Glenmorangie w beczkach po Bourbonie (ameryka\u0144ski d\u0105b), a nast\u0119pnie 2 dodatkowe Lata w beczkach po francuskim winie Sauternes (d\u0105b europejski, najprawdopodobniej fra&#8230;<\/p>\n","protected":false},"featured_media":12860,"comment_status":"open","ping_status":"closed","template":"","meta":[],"product_cat":[142,154,143],"product_tag":[],"class_list":{"0":"post-12861","1":"product","2":"type-product","3":"status-publish","4":"has-post-thumbnail","6":"product_cat-alkohole-mocne","7":"product_cat-szkocja","8":"product_cat-whisky","10":"first","11":"instock","12":"shipping-taxable","13":"purchasable","14":"product-type-simple"},"_links":{"self":[{"href":"http:\/\/delikatesy.wineport.pl\/index.php?rest_route=\/wp\/v2\/product\/12861","targetHints":{"allow":["GET"]}}],"collection":[{"href":"http:\/\/delikatesy.wineport.pl\/index.php?rest_route=\/wp\/v2\/product"}],"about":[{"href":"http:\/\/delikatesy.wineport.pl\/index.php?rest_route=\/wp\/v2\/types\/product"}],"replies":[{"embeddable":true,"href":"http:\/\/delikatesy.wineport.pl\/index.php?rest_route=%2Fwp%2Fv2%2Fcomments&post=12861"}],"wp:featuredmedia":[{"embeddable":true,"href":"http:\/\/delikatesy.wineport.pl\/index.php?rest_route=\/wp\/v2\/media\/12860"}],"wp:attachment":[{"href":"http:\/\/delikatesy.wineport.pl\/index.php?rest_route=%2Fwp%2Fv2%2Fmedia&parent=12861"}],"wp:term":[{"taxonomy":"product_cat","embeddable":true,"href":"http:\/\/delikatesy.wineport.pl\/index.php?rest_route=%2Fwp%2Fv2%2Fproduct_cat&post=12861"},{"taxonomy":"product_tag","embeddable":true,"href":"http:\/\/delikatesy.wineport.pl\/index.php?rest_route=%2Fwp%2Fv2%2Fproduct_tag&post=12861"}],"curies":[{"name":"wp","href":"https:\/\/api.w.org\/{rel}","templated":true}]}}