{"id":12915,"date":"2024-03-14T13:39:30","date_gmt":"2024-03-14T12:39:30","guid":{"rendered":"http:\/\/delikatesy.wineport.pl\/?product=ben-ami-cabernet-sauvignon-075l"},"modified":"2026-05-10T18:48:08","modified_gmt":"2026-05-10T16:48:08","slug":"ben-ami-cabernet-sauvignon-075l","status":"publish","type":"product","link":"http:\/\/delikatesy.wineport.pl\/?product=ben-ami-cabernet-sauvignon-075l","title":{"rendered":"Ben Ami Cabernet Sauvignon 0,75l"},"content":{"rendered":"<p class=\"MsoNormal\"><span style=\"color: #ff0000;\">UWAGA!!! NIE WYSY\u0141AMY ALKOHOLU KURIEREM W PRZYPADKU ZAM\u00d3WIE\u0143 OD OS\u00d3B PRYWATNYCH, TYLKO ODBI\u00d3R OSOBISTY NA UL. \u015aW. STANIS\u0141AWA 12 W WARSZAWIE!!! W przypadku op\u0142acenia zam\u00f3wienia alkoholu z wysy\u0142k\u0105, przy zwrocie pieni\u0119dzy zostanie potr\u0105cona prowizja\u00a0<\/span><strong style=\"color: #ff0000;\">DOTPAY<\/strong><span style=\"color: #ff0000;\">!<\/span><\/p>\n<p class=\"MsoNormal\">Wino powsta\u0142o w winogron dojrzewaj\u0105cych na wzg\u00f3rzach Judei. Wyczuwalne nuty owocowe, czarnych je\u017cyn, czere\u015bni i \u015bliwek z delikatn\u0105 nut\u0105 karmelu. W smaku pe\u0142ne i kr\u0105g\u0142e z subtelnym waniliowym finiszem. Koszerne.<\/p>\n","protected":false},"excerpt":{"rendered":"<p>Wino powsta\u0142o w winogron dojrzewaj\u0105cych na wzg\u00f3rzach Judei. Wyczuwalne nuty owocowe, czarnych je\u017cyn, czere\u015bni i \u015bliwek z delikatn\u0105 nut\u0105 karmelu. W smaku pe\u0142ne i kr\u0105g\u0142e z subtelnym waniliowym finiszem. Koszerne.<\/p>\n","protected":false},"featured_media":12914,"comment_status":"open","ping_status":"closed","template":"","meta":[],"product_cat":[205,80],"product_tag":[],"class_list":{"0":"post-12915","1":"product","2":"type-product","3":"status-publish","4":"has-post-thumbnail","6":"product_cat-izrael","7":"product_cat-wina-swiata","9":"first","10":"instock","11":"shipping-taxable","12":"purchasable","13":"product-type-simple"},"_links":{"self":[{"href":"http:\/\/delikatesy.wineport.pl\/index.php?rest_route=\/wp\/v2\/product\/12915","targetHints":{"allow":["GET"]}}],"collection":[{"href":"http:\/\/delikatesy.wineport.pl\/index.php?rest_route=\/wp\/v2\/product"}],"about":[{"href":"http:\/\/delikatesy.wineport.pl\/index.php?rest_route=\/wp\/v2\/types\/product"}],"replies":[{"embeddable":true,"href":"http:\/\/delikatesy.wineport.pl\/index.php?rest_route=%2Fwp%2Fv2%2Fcomments&post=12915"}],"wp:featuredmedia":[{"embeddable":true,"href":"http:\/\/delikatesy.wineport.pl\/index.php?rest_route=\/wp\/v2\/media\/12914"}],"wp:attachment":[{"href":"http:\/\/delikatesy.wineport.pl\/index.php?rest_route=%2Fwp%2Fv2%2Fmedia&parent=12915"}],"wp:term":[{"taxonomy":"product_cat","embeddable":true,"href":"http:\/\/delikatesy.wineport.pl\/index.php?rest_route=%2Fwp%2Fv2%2Fproduct_cat&post=12915"},{"taxonomy":"product_tag","embeddable":true,"href":"http:\/\/delikatesy.wineport.pl\/index.php?rest_route=%2Fwp%2Fv2%2Fproduct_tag&post=12915"}],"curies":[{"name":"wp","href":"https:\/\/api.w.org\/{rel}","templated":true}]}}