{"id":13065,"date":"2024-03-14T13:40:04","date_gmt":"2024-03-14T12:40:04","guid":{"rendered":"http:\/\/delikatesy.wineport.pl\/?product=wino-primitivo-di-manduria-lxxiv-d-o-p-rosso-75cl"},"modified":"2026-05-10T18:50:10","modified_gmt":"2026-05-10T16:50:10","slug":"wino-primitivo-di-manduria-lxxiv-d-o-p-rosso-75cl","status":"publish","type":"product","link":"http:\/\/delikatesy.wineport.pl\/?product=wino-primitivo-di-manduria-lxxiv-d-o-p-rosso-75cl","title":{"rendered":"Wino Primitivo Di Manduria \u201eLXXIV\u201d D.O.P. rosso 75cl"},"content":{"rendered":"<p class=\"MsoNormal\"><span style=\"color: #ff0000;\">UWAGA!!! NIE WYSY\u0141AMY ALKOHOLU KURIEREM W PRZYPADKU ZAM\u00d3WIE\u0143 OD OS\u00d3B PRYWATNYCH, TYLKO ODBI\u00d3R OSOBISTY NA UL. \u015aW. STANIS\u0141AWA 12 W WARSZAWIE!!! W przypadku op\u0142acenia zam\u00f3wienia alkoholu z wysy\u0142k\u0105, przy zwrocie pieni\u0119dzy zostanie potr\u0105cona prowizja\u00a0<\/span><strong style=\"color: #ff0000;\">DOTPAY<\/strong><span style=\"color: #ff0000;\">!<\/span><\/p>\n<p class=\"MsoNormal\">Wino z winnicy w regionie Puglia po\u0142ozonej 200 m nad poziomem morza,<\/p>\n<p class=\"MsoNormal\">o wysokiej sredniej temperaturze dnia i nielicznych opadach deszczu<\/p>\n<p class=\"MsoNormal\">w ciagu roku. Dojrzewa 6 miesiecy we francuskich debowych Tonneaux.<\/p>\n<p class=\"MsoNormal\">Rubinowa barwa wzbogacona w granatowe refleksy. Hojny bukiet<\/p>\n<p class=\"MsoNormal\">przywo\u0142ujacy sliwki i dojrza\u0142e czerwone owoce. W smaku aksamitne,<\/p>\n<p class=\"MsoNormal\">wytrawne z nuta przypraw. Znakomite do g\u0142\u00f3wnych dan, jagnieciny<\/p>\n<p class=\"MsoNormal\">i dziczyzny w bogatych sosach. Szczep: 100% Primitivo di Manduria.<\/p>\n","protected":false},"excerpt":{"rendered":"<p>Wino z winnicy w regionie Puglia po\u0142ozonej 200 m nad poziomem morza, o wysokiej sredniej temperaturze dnia i nielicznych opadach deszczu w ciagu roku. Dojrzewa 6 miesiecy we francuskich debowych Tonneaux. Rubinowa barwa wzbogacona w granatowe refleks&#8230;<\/p>\n","protected":false},"featured_media":13064,"comment_status":"open","ping_status":"closed","template":"","meta":[],"product_cat":[80,95,119],"product_tag":[],"class_list":{"0":"post-13065","1":"product","2":"type-product","3":"status-publish","4":"has-post-thumbnail","6":"product_cat-wina-swiata","7":"product_cat-wlochy","8":"product_cat-wlochy-puglia","10":"first","11":"instock","12":"shipping-taxable","13":"purchasable","14":"product-type-simple"},"_links":{"self":[{"href":"http:\/\/delikatesy.wineport.pl\/index.php?rest_route=\/wp\/v2\/product\/13065","targetHints":{"allow":["GET"]}}],"collection":[{"href":"http:\/\/delikatesy.wineport.pl\/index.php?rest_route=\/wp\/v2\/product"}],"about":[{"href":"http:\/\/delikatesy.wineport.pl\/index.php?rest_route=\/wp\/v2\/types\/product"}],"replies":[{"embeddable":true,"href":"http:\/\/delikatesy.wineport.pl\/index.php?rest_route=%2Fwp%2Fv2%2Fcomments&post=13065"}],"wp:featuredmedia":[{"embeddable":true,"href":"http:\/\/delikatesy.wineport.pl\/index.php?rest_route=\/wp\/v2\/media\/13064"}],"wp:attachment":[{"href":"http:\/\/delikatesy.wineport.pl\/index.php?rest_route=%2Fwp%2Fv2%2Fmedia&parent=13065"}],"wp:term":[{"taxonomy":"product_cat","embeddable":true,"href":"http:\/\/delikatesy.wineport.pl\/index.php?rest_route=%2Fwp%2Fv2%2Fproduct_cat&post=13065"},{"taxonomy":"product_tag","embeddable":true,"href":"http:\/\/delikatesy.wineport.pl\/index.php?rest_route=%2Fwp%2Fv2%2Fproduct_tag&post=13065"}],"curies":[{"name":"wp","href":"https:\/\/api.w.org\/{rel}","templated":true}]}}