{"id":13067,"date":"2024-03-14T13:40:04","date_gmt":"2024-03-14T12:40:04","guid":{"rendered":"http:\/\/delikatesy.wineport.pl\/?product=goldwasser-liqueur-danzig-22-karat-40-05l"},"modified":"2026-05-10T18:50:10","modified_gmt":"2026-05-10T16:50:10","slug":"goldwasser-liqueur-danzig-22-karat-40-05l","status":"publish","type":"product","link":"http:\/\/delikatesy.wineport.pl\/?product=goldwasser-liqueur-danzig-22-karat-40-05l","title":{"rendered":"Goldwasser Liqueur Danzig 22 Karat 40% 0,5l"},"content":{"rendered":"<h2 style=\"border: 0px; font-size: 2.4em; margin: 0px; outline: 0px; padding: 10px 15px 5px; font-weight: normal; line-height: 1.3; font-family: Arial, Helvetica, Tahoma, Verdana, sans-serif; width: 475px; background-color: #ffffff; text-align: justify;\"><span style=\"border: 0px; font-size: small; margin: 0px; outline: 0px; padding: 0px;\">Unikat<\/span><\/h2>\n<p><span style=\"color: #ff0000; font-size: 16px; font-family: arial, helvetica, sans-serif;\">UWAGA!!! NIE WYSY\u0141AMY ALKOHOLU W PRZYPADKU ZAM\u00d3WIE\u0143 OD OS\u00d3B PRYWATNYCH, TYLKO ODBI\u00d3R OSOBISTY NA UL. \u015aW. STANIS\u0141AWA 12 W WARSZAWIE!!! W przypadku op\u0142acenia zam\u00f3wienia alkoholu z wysy\u0142k\u0105, przy zwrocie pieni\u0119dzy zostanie potr\u0105cona prowizja\u00a0DOTPAY!<\/span><\/p>\n<h2 style=\"border: 0px; font-size: 2.4em; margin: 0px; outline: 0px; padding: 10px 15px 5px; font-weight: normal; line-height: 1.3; font-family: Arial, Helvetica, Tahoma, Verdana, sans-serif; width: 475px; background-color: #ffffff; text-align: justify;\">\u00a0<\/h2>\n<p><span style=\"color: #ff0000; font-size: 16px; font-family: arial, helvetica, sans-serif;\">\u00a0<\/span><\/p>\n<h2 style=\"border: 0px; font-size: 2.4em; margin: 0px; outline: 0px; padding: 10px 15px 5px; font-weight: normal; line-height: 1.3; font-family: Arial, Helvetica, Tahoma, Verdana, sans-serif; width: 475px; background-color: #ffffff; text-align: justify;\"><span style=\"border: 0px; font-size: small; margin: 0px; outline: 0px; padding: 0px;\">owa kompozycja ponad 20 zi\u00f3\u0142 i korzeni zapewnia likierowi wyj\u0105tkowy smak i aromat. Doskona\u0142e po\u0142\u0105czenie kardamonu, kolendry, ja\u0142owca, macierzanki, cynamonu, lawendy czy any\u017cu zmieszane z p\u0142atkami czystego, 22 &#8211; karatowego z\u0142ota<\/span><\/h2>\n<p style=\"border: 0px; font-size: 1.2em; margin: 0px; outline: 0px; padding: 0px 0px 1em; line-height: 1.5; color: #696969; font-family: Tahoma, Verdana, Arial, Helvetica, sans-serif; background-color: #ffffff; text-align: justify;\"><span style=\"border: 0px; font-size: small; margin: 0px; outline: 0px; padding: 0px; color: #000000;\">Likier zosta\u0142 stworzony przez Ambro\u017cego Vermollen&#8217;a, XVI-wiecznego holenderskiego emigranta, kt\u00f3ry osiad\u0142szy w Gda\u0144sku, zaj\u0105\u0142 si\u0119 produkcj\u0105 kardamonowego likieru wg w\u0142asnej receptury. Kiedy w 1598 roku Vermollen uzyska\u0142 Gda\u0144skie obywatelstwo za\u0142o\u017cy\u0142 w tym mie\u015bcie fabryk\u0119 likier\u00f3w kt\u00f3r\u0105 nazwa\u0142 &#8220;Der Lachs&#8221; (\u0141oso\u015b) &#8211; od kr\u00f3lewskiej ryby uwa\u017canej za symbol szcz\u0119\u015bcia i dobrobytu. Unikatowa kompozycja ponad 20 zi\u00f3\u0142 i korzeni zapewnia likierowi wyj\u0105tkowy smak i aromat. Tw\u00f3rcy receptury uda\u0142o si\u0119 znakomicie po\u0142\u0105czy\u0107 zalety tak r\u00f3\u017cnych sk\u0142adnik\u00f3w, jak kardamon, kolendra, ja\u0142owiec, macierzanka, cynamon, lawenda, go\u017adziki czy any\u017c. Miesza\u0142 je ze specjalnie przygotowanymi p\u0142atkami czystego, 22-karatowego z\u0142ota.\u00a0<\/p>\n<p> Znakomity likier cieszy\u0142 si\u0119 zas\u0142u\u017con\u0105 renom\u0105, zdobywaj\u0105c tytu\u0142:&#8221;Likier kr\u00f3l\u00f3w &#8211; kr\u00f3l w\u015br\u00f3d likier\u00f3w&#8221; i trafia\u0142 na sto\u0142y najznamienitszych w\u00f3wczas postaci. Ju\u017c w 1767 dostarczany by\u0142 na dw\u00f3r Katarzyny Wielkiej.<\/p>\n<p> <span style=\"font-style: italic;\">&#8220;Wybiera z nich najwi\u0119kszy kufel kryszta\u0142owy\u00a0<br \/> Dosta\u0142 go S\u0119dzia w darze od ksi\u0119dza Robaka,<br \/> W\u00f3dka to gda\u0144ska, nap\u00f3j mi\u0142y dla Polaka&#8221;<\/span><br \/> Adam Mickiewicz &#8220;Pan Tadeusz&#8221; ksi\u0119ga IV<\/p>\n<p> Receptura likieru by\u0142a przekazywana z pokolenia na pokolenie i obecnie jej w\u0142a\u015bcicielem jest graf von Hardenberg, w\u0142a\u015bciciel fabryki likier\u00f3w w Niemczech. Wszystkie sk\u0142adniki proporcje kolejno\u015b\u0107 i spos\u00f3b \u0142\u0105czenia po dzie\u0144 dzisiejszy s\u0105 tajemnic\u0105 firmy. Obecnie likier produkowany jest wed\u0142ug starej receptury w miejscowo\u015bci Norten-Hardenberg.<\/span><\/p>\n","protected":false},"excerpt":{"rendered":"<p>Unikatowa kompozycja ponad 20 zi\u00f3\u0142 i korzeni zapewnia likierowi wyj\u0105tkowy smak i aromat. Doskona\u0142e po\u0142\u0105czenie kardamonu, kolendry, ja\u0142owca, macierzanki, cynamonu, lawendy czy any\u017cu zmieszane z p\u0142atkami czystego, 22 &#8211; karatowego z\u0142ota Likier zosta\u0142 st&#8230;<\/p>\n","protected":false},"featured_media":13066,"comment_status":"open","ping_status":"closed","template":"","meta":[],"product_cat":[190,142],"product_tag":[],"class_list":{"0":"post-13067","1":"product","2":"type-product","3":"status-publish","4":"has-post-thumbnail","6":"product_cat-wodka","7":"product_cat-alkohole-mocne","9":"first","10":"instock","11":"shipping-taxable","12":"purchasable","13":"product-type-simple"},"_links":{"self":[{"href":"http:\/\/delikatesy.wineport.pl\/index.php?rest_route=\/wp\/v2\/product\/13067","targetHints":{"allow":["GET"]}}],"collection":[{"href":"http:\/\/delikatesy.wineport.pl\/index.php?rest_route=\/wp\/v2\/product"}],"about":[{"href":"http:\/\/delikatesy.wineport.pl\/index.php?rest_route=\/wp\/v2\/types\/product"}],"replies":[{"embeddable":true,"href":"http:\/\/delikatesy.wineport.pl\/index.php?rest_route=%2Fwp%2Fv2%2Fcomments&post=13067"}],"wp:featuredmedia":[{"embeddable":true,"href":"http:\/\/delikatesy.wineport.pl\/index.php?rest_route=\/wp\/v2\/media\/13066"}],"wp:attachment":[{"href":"http:\/\/delikatesy.wineport.pl\/index.php?rest_route=%2Fwp%2Fv2%2Fmedia&parent=13067"}],"wp:term":[{"taxonomy":"product_cat","embeddable":true,"href":"http:\/\/delikatesy.wineport.pl\/index.php?rest_route=%2Fwp%2Fv2%2Fproduct_cat&post=13067"},{"taxonomy":"product_tag","embeddable":true,"href":"http:\/\/delikatesy.wineport.pl\/index.php?rest_route=%2Fwp%2Fv2%2Fproduct_tag&post=13067"}],"curies":[{"name":"wp","href":"https:\/\/api.w.org\/{rel}","templated":true}]}}