{"id":13138,"date":"2024-03-14T13:40:19","date_gmt":"2024-03-14T12:40:19","guid":{"rendered":"http:\/\/delikatesy.wineport.pl\/?product=wino-salviano-orvieto-classico-d-o-c-bianco-075l"},"modified":"2026-05-10T18:52:07","modified_gmt":"2026-05-10T16:52:07","slug":"wino-salviano-orvieto-classico-d-o-c-bianco-075l","status":"publish","type":"product","link":"http:\/\/delikatesy.wineport.pl\/?product=wino-salviano-orvieto-classico-d-o-c-bianco-075l","title":{"rendered":"Wino Salviano, Orvieto Classico D.O.C. bianco 0,75L"},"content":{"rendered":"<p class=\"MsoNormal\"><span style=\"color: #ff0000;\">UWAGA!!! NIE WYSY\u0141AMY ALKOHOLU KURIEREM W PRZYPADKU ZAM\u00d3WIE\u0143 OD OS\u00d3B PRYWATNYCH, TYLKO ODBI\u00d3R OSOBISTY NA UL. \u015aW. STANIS\u0141AWA 12 W WARSZAWIE!!! W przypadku op\u0142acenia zam\u00f3wienia alkoholu z wysy\u0142k\u0105, przy zwrocie pieni\u0119dzy zostanie potr\u0105cona prowizja\u00a0<\/span><strong style=\"color: #ff0000;\">DOTPAY<\/strong><span style=\"color: #ff0000;\">!<\/span><\/p>\n<p class=\"MsoNormal\">Proste i zarazem bardzo eleganckie bia\u0142e wino w winnicy Salviano po\u0142ozonej<\/p>\n<p class=\"MsoNormal\">pomiedzy historycznymi miastami Todi i Orvieto. Barwa z\u00f3\u0142to-s\u0142omkowa<\/p>\n<p class=\"MsoNormal\">z zielonkawym odcieniem. W smaku lekko pikantne z d\u0142ugim finiszem.<\/p>\n<p class=\"MsoNormal\">Wino szczeg\u00f3lnie polecane do potraw z drobiu, jaj i warzyw. Kompozycja: 30%<\/p>\n<p class=\"MsoNormal\">Trebbiano Toscano (Procanico), 30% Grechetto, 40% Chardonnay i Sauvignon blanc.<\/p>\n","protected":false},"excerpt":{"rendered":"<p>Proste i zarazem bardzo eleganckie bia\u0142e wino w winnicy Salviano po\u0142ozonej pomiedzy historycznymi miastami Todi i Orvieto. Barwa z\u00f3\u0142to-s\u0142omkowa z zielonkawym odcieniem. W smaku lekko pikantne z d\u0142ugim finiszem. Wino szczeg\u00f3lnie polecane do potraw z d&#8230;<\/p>\n","protected":false},"featured_media":13137,"comment_status":"open","ping_status":"closed","template":"","meta":[],"product_cat":[80,95,96],"product_tag":[],"class_list":{"0":"post-13138","1":"product","2":"type-product","3":"status-publish","4":"has-post-thumbnail","6":"product_cat-wina-swiata","7":"product_cat-wlochy","8":"product_cat-wlochy-toscania","10":"first","11":"instock","12":"shipping-taxable","13":"purchasable","14":"product-type-simple"},"_links":{"self":[{"href":"http:\/\/delikatesy.wineport.pl\/index.php?rest_route=\/wp\/v2\/product\/13138","targetHints":{"allow":["GET"]}}],"collection":[{"href":"http:\/\/delikatesy.wineport.pl\/index.php?rest_route=\/wp\/v2\/product"}],"about":[{"href":"http:\/\/delikatesy.wineport.pl\/index.php?rest_route=\/wp\/v2\/types\/product"}],"replies":[{"embeddable":true,"href":"http:\/\/delikatesy.wineport.pl\/index.php?rest_route=%2Fwp%2Fv2%2Fcomments&post=13138"}],"wp:featuredmedia":[{"embeddable":true,"href":"http:\/\/delikatesy.wineport.pl\/index.php?rest_route=\/wp\/v2\/media\/13137"}],"wp:attachment":[{"href":"http:\/\/delikatesy.wineport.pl\/index.php?rest_route=%2Fwp%2Fv2%2Fmedia&parent=13138"}],"wp:term":[{"taxonomy":"product_cat","embeddable":true,"href":"http:\/\/delikatesy.wineport.pl\/index.php?rest_route=%2Fwp%2Fv2%2Fproduct_cat&post=13138"},{"taxonomy":"product_tag","embeddable":true,"href":"http:\/\/delikatesy.wineport.pl\/index.php?rest_route=%2Fwp%2Fv2%2Fproduct_tag&post=13138"}],"curies":[{"name":"wp","href":"https:\/\/api.w.org\/{rel}","templated":true}]}}