{"id":13325,"date":"2024-03-14T13:41:19","date_gmt":"2024-03-14T12:41:19","guid":{"rendered":"http:\/\/delikatesy.wineport.pl\/?product=wodka-debowa-de-chene-07-l-tuba"},"modified":"2026-05-10T18:54:58","modified_gmt":"2026-05-10T16:54:58","slug":"wodka-debowa-de-chene-07-l-tuba","status":"publish","type":"product","link":"http:\/\/delikatesy.wineport.pl\/?product=wodka-debowa-de-chene-07-l-tuba","title":{"rendered":"W\u00f3dka D\u0119bowa De Chene 0,7 l Tuba"},"content":{"rendered":"<p><span style=\"color: #ff0000; font-size: 16px; font-family: arial, helvetica, sans-serif;\">UWAGA!!! NIE WYSY\u0141AMY ALKOHOLU W PRZYPADKU ZAM\u00d3WIE\u0143 OD OS\u00d3B PRYWATNYCH, TYLKO ODBI\u00d3R OSOBISTY NA UL. \u015aW. STANIS\u0141AWA 12 W WARSZAWIE!!! W przypadku op\u0142acenia zam\u00f3wienia alkoholu z wysy\u0142k\u0105, przy zwrocie pieni\u0119dzy zostanie potr\u0105cona prowizja\u00a0DOTPAY!<\/span><\/p>\n<p><span style=\"color: #ff0000; font-size: 16px; font-family: arial, helvetica, sans-serif;\">\u00a0<\/span><\/p>\n<p class=\"MsoNormal\">W\u00f3dka D\u0119bowa Polska wytwarzana jest zgodnie z tradycyjn\u0105 polsk\u0105 receptur\u0105 z najwy\u017cszej jako\u015bci spirytusu zbo\u017cowego oraz krystalicznie czystej wody.\u00a0W \u015brodku ka\u017cdej butelki umieszczane jest pasemko drewna d\u0119bowego, kt\u00f3re uszlachetnia aromat i barw\u0119 tego wyj\u0105tkowego trunku. Jako\u015b\u0107 i smak D\u0119bowej Polskiej nie maj\u0105 sobie r\u00f3wnych.\u00a0Idealne na prezent.\u00a0<\/p>\n","protected":false},"excerpt":{"rendered":"<p>W\u00f3dka D\u0119bowa Polska wytwarzana jest zgodnie z tradycyjn\u0105 polsk\u0105 receptur\u0105 z najwy\u017cszej jako\u015bci spirytusu zbo\u017cowego oraz krystalicznie czystej wody. W \u015brodku ka\u017cdej butelki umieszczane jest pasemko drewna d\u0119bowego, kt\u00f3re uszlachetnia aromat i barw\u0119 te&#8230;<\/p>\n","protected":false},"featured_media":13324,"comment_status":"open","ping_status":"closed","template":"","meta":[],"product_cat":[190,142],"product_tag":[],"class_list":{"0":"post-13325","1":"product","2":"type-product","3":"status-publish","4":"has-post-thumbnail","6":"product_cat-wodka","7":"product_cat-alkohole-mocne","9":"first","10":"instock","11":"shipping-taxable","12":"purchasable","13":"product-type-simple"},"_links":{"self":[{"href":"http:\/\/delikatesy.wineport.pl\/index.php?rest_route=\/wp\/v2\/product\/13325","targetHints":{"allow":["GET"]}}],"collection":[{"href":"http:\/\/delikatesy.wineport.pl\/index.php?rest_route=\/wp\/v2\/product"}],"about":[{"href":"http:\/\/delikatesy.wineport.pl\/index.php?rest_route=\/wp\/v2\/types\/product"}],"replies":[{"embeddable":true,"href":"http:\/\/delikatesy.wineport.pl\/index.php?rest_route=%2Fwp%2Fv2%2Fcomments&post=13325"}],"wp:featuredmedia":[{"embeddable":true,"href":"http:\/\/delikatesy.wineport.pl\/index.php?rest_route=\/wp\/v2\/media\/13324"}],"wp:attachment":[{"href":"http:\/\/delikatesy.wineport.pl\/index.php?rest_route=%2Fwp%2Fv2%2Fmedia&parent=13325"}],"wp:term":[{"taxonomy":"product_cat","embeddable":true,"href":"http:\/\/delikatesy.wineport.pl\/index.php?rest_route=%2Fwp%2Fv2%2Fproduct_cat&post=13325"},{"taxonomy":"product_tag","embeddable":true,"href":"http:\/\/delikatesy.wineport.pl\/index.php?rest_route=%2Fwp%2Fv2%2Fproduct_tag&post=13325"}],"curies":[{"name":"wp","href":"https:\/\/api.w.org\/{rel}","templated":true}]}}