{"id":13499,"date":"2024-03-14T13:45:05","date_gmt":"2024-03-14T12:45:05","guid":{"rendered":"http:\/\/delikatesy.wineport.pl\/?product=champan-pierre-darcys-075l"},"modified":"2026-05-10T18:57:56","modified_gmt":"2026-05-10T16:57:56","slug":"champan-pierre-darcys-075l","status":"publish","type":"product","link":"http:\/\/delikatesy.wineport.pl\/?product=champan-pierre-darcys-075l","title":{"rendered":"Champan Pierre Darcys 0,75l"},"content":{"rendered":"<p><span style=\"color: #323232; font-family: tahoma, helvetica, sans-serif; font-size: 11px; line-height: 17.600000381469727px; background-color: #fdfaf9;\"><span style=\"color: #ff0000;\">UWAGA!!! NIE WYSY\u0141AMY ALKOHOLU KURIEREM W PRZYPADKU ZAM\u00d3WIE\u0143 OD OS\u00d3B PRYWATNYCH, TYLKO ODBI\u00d3R OSOBISTY NA UL. \u015aW. STANIS\u0141AWA 12 W WARSZAWIE!!! W przypadku op\u0142acenia zam\u00f3wienia alkoholu z wysy\u0142k\u0105, przy zwrocie pieni\u0119dzy zostanie potr\u0105cona prowizja\u00a0<\/span><strong style=\"color: #ff0000;\">DOTPAY<\/strong><span style=\"color: #ff0000;\">!<\/span><\/span><\/p>\n<p><span style=\"color: #323232; font-family: tahoma, helvetica, sans-serif; font-size: 11px; line-height: 17.600000381469727px; background-color: #fdfaf9;\">Lekko s\u0142omkowy kolor, eleganckie, malutkie b\u0105belki, aromat bia\u0142ych owoc\u00f3w z nutami kwiatowymi oraz migda\u0142\u00f3w i orzech\u00f3w, harmonijny, bardzo uniwersalny \u2013 pasuje do wielu da\u0144. Rewelacyjny wytrawny Szampan charakteryzuj\u0105cy si\u0119 \u015bwietn\u0105 relacja jako\u015bci do ceny.<\/span><\/p>\n","protected":false},"excerpt":{"rendered":"<p>Lekko s\u0142omkowy kolor, eleganckie, malutkie b\u0105belki, aromat bia\u0142ych owoc\u00f3w z nutami kwiatowymi oraz migda\u0142\u00f3w i orzech\u00f3w, harmonijny, bardzo uniwersalny \u2013 pasuje do wielu da\u0144. Rewelacyjny wytrawny Szampan charakteryzuj\u0105cy si\u0119 \u015bwietn\u0105 relacja jako\u015bci do&#8230;<\/p>\n","protected":false},"featured_media":13498,"comment_status":"open","ping_status":"closed","template":"","meta":[],"product_cat":[83,101,80],"product_tag":[],"class_list":{"0":"post-13499","1":"product","2":"type-product","3":"status-publish","4":"has-post-thumbnail","6":"product_cat-francja","7":"product_cat-francja-szampania","8":"product_cat-wina-swiata","10":"first","11":"instock","12":"shipping-taxable","13":"purchasable","14":"product-type-simple"},"_links":{"self":[{"href":"http:\/\/delikatesy.wineport.pl\/index.php?rest_route=\/wp\/v2\/product\/13499","targetHints":{"allow":["GET"]}}],"collection":[{"href":"http:\/\/delikatesy.wineport.pl\/index.php?rest_route=\/wp\/v2\/product"}],"about":[{"href":"http:\/\/delikatesy.wineport.pl\/index.php?rest_route=\/wp\/v2\/types\/product"}],"replies":[{"embeddable":true,"href":"http:\/\/delikatesy.wineport.pl\/index.php?rest_route=%2Fwp%2Fv2%2Fcomments&post=13499"}],"wp:featuredmedia":[{"embeddable":true,"href":"http:\/\/delikatesy.wineport.pl\/index.php?rest_route=\/wp\/v2\/media\/13498"}],"wp:attachment":[{"href":"http:\/\/delikatesy.wineport.pl\/index.php?rest_route=%2Fwp%2Fv2%2Fmedia&parent=13499"}],"wp:term":[{"taxonomy":"product_cat","embeddable":true,"href":"http:\/\/delikatesy.wineport.pl\/index.php?rest_route=%2Fwp%2Fv2%2Fproduct_cat&post=13499"},{"taxonomy":"product_tag","embeddable":true,"href":"http:\/\/delikatesy.wineport.pl\/index.php?rest_route=%2Fwp%2Fv2%2Fproduct_tag&post=13499"}],"curies":[{"name":"wp","href":"https:\/\/api.w.org\/{rel}","templated":true}]}}