{"id":13918,"date":"2024-03-14T13:49:32","date_gmt":"2024-03-14T12:49:32","guid":{"rendered":"http:\/\/delikatesy.wineport.pl\/?product=metaxa-honey-shot-30-07l"},"modified":"2026-05-10T19:04:56","modified_gmt":"2026-05-10T17:04:56","slug":"metaxa-honey-shot-30-07l","status":"publish","type":"product","link":"http:\/\/delikatesy.wineport.pl\/?product=metaxa-honey-shot-30-07l","title":{"rendered":"Metaxa Honey Shot \/ 30% \/ 0,7l"},"content":{"rendered":"<p><span style=\"color: #444444; font-family: &quot;;\"><span style=\"color: #ff0000;\">UWAGA!!! NIE WYSY\u0141AMY ALKOHOLU KURIEREM W PRZYPADKU ZAM\u00d3WIE\u0143 OD OS\u00d3B PRYWATNYCH, TYLKO ODBI\u00d3R OSOBISTY NA UL. \u015aW. STANIS\u0141AWA 12 W WARSZAWIE!!! W przypadku op\u0142acenia zam\u00f3wienia alkoholu z wysy\u0142k\u0105, przy zwrocie pieni\u0119dzy zostanie potr\u0105cona prowizja\u00a0<\/span><strong style=\"color: #ff0000;\">DOTPAY<\/strong><span style=\"color: #ff0000;\">!<\/span><\/span><\/p>\n<p><span style=\"color: #444444; font-family: &quot;;\">Aksamitna Metaxa w towarzystwie aromatycznego greckiego miodu &#8211; to nap\u00f3j w kolorze bursztynu ze z\u0142otymi refleksami pachn\u0105cymi kwiatem pomara\u0144czy i miodu, z nut\u0105 ja\u015bminu, daktyli i moreli.\u00a0<\/span><span style=\"color: #444444; font-family: &quot;;\">Na podniebieniu jest \u017cywio\u0142owy z nutami bia\u0142ych porzeczek, suszonych fig, s\u0142odkich przypraw, sk\u00f3rki pomara\u0144czowej i drewna.<\/span><\/p>\n","protected":false},"excerpt":{"rendered":"<p><span style=\"color: #444444; font-family: &quot;;\">Aksamitna Metaxa w towarzystwie aromatycznego greckiego miodu &#8211; to nap\u00f3j w kolorze bursztynu ze z\u0142otymi refleksami pachn\u0105cymi kwiatem pomara\u0144czy i miodu, z nut\u0105 ja\u015bminu, daktyli i moreli.\u00a0<\/span><span style=\"color: #444444; font-family: &quot;;\">Na podniebieniu jest \u017cywio\u0142owy z nutami bia\u0142ych porzeczek, suszonych fig, s\u0142odkich przypraw, sk\u00f3rki pomara\u0144czowej i drewna.<\/span><\/p>\n","protected":false},"featured_media":13917,"comment_status":"open","ping_status":"closed","template":"","meta":[],"product_cat":[142,146,145,147],"product_tag":[],"class_list":{"0":"post-13918","1":"product","2":"type-product","3":"status-publish","4":"has-post-thumbnail","6":"product_cat-alkohole-mocne","7":"product_cat-armagnac-i-brandy","8":"product_cat-cognac","9":"product_cat-grecja","11":"first","12":"instock","13":"shipping-taxable","14":"purchasable","15":"product-type-simple"},"_links":{"self":[{"href":"http:\/\/delikatesy.wineport.pl\/index.php?rest_route=\/wp\/v2\/product\/13918","targetHints":{"allow":["GET"]}}],"collection":[{"href":"http:\/\/delikatesy.wineport.pl\/index.php?rest_route=\/wp\/v2\/product"}],"about":[{"href":"http:\/\/delikatesy.wineport.pl\/index.php?rest_route=\/wp\/v2\/types\/product"}],"replies":[{"embeddable":true,"href":"http:\/\/delikatesy.wineport.pl\/index.php?rest_route=%2Fwp%2Fv2%2Fcomments&post=13918"}],"wp:featuredmedia":[{"embeddable":true,"href":"http:\/\/delikatesy.wineport.pl\/index.php?rest_route=\/wp\/v2\/media\/13917"}],"wp:attachment":[{"href":"http:\/\/delikatesy.wineport.pl\/index.php?rest_route=%2Fwp%2Fv2%2Fmedia&parent=13918"}],"wp:term":[{"taxonomy":"product_cat","embeddable":true,"href":"http:\/\/delikatesy.wineport.pl\/index.php?rest_route=%2Fwp%2Fv2%2Fproduct_cat&post=13918"},{"taxonomy":"product_tag","embeddable":true,"href":"http:\/\/delikatesy.wineport.pl\/index.php?rest_route=%2Fwp%2Fv2%2Fproduct_tag&post=13918"}],"curies":[{"name":"wp","href":"https:\/\/api.w.org\/{rel}","templated":true}]}}