{"id":13954,"date":"2024-03-14T13:50:34","date_gmt":"2024-03-14T12:50:34","guid":{"rendered":"http:\/\/delikatesy.wineport.pl\/?product=dzemy-sycylijskie-360-g-rozne-smaki-firmy-agrisicilia"},"modified":"2026-05-10T19:05:08","modified_gmt":"2026-05-10T17:05:08","slug":"dzemy-sycylijskie-360-g-rozne-smaki-firmy-agrisicilia","status":"publish","type":"product","link":"http:\/\/delikatesy.wineport.pl\/?product=dzemy-sycylijskie-360-g-rozne-smaki-firmy-agrisicilia","title":{"rendered":"D\u017cemy Sycylijskie 360 g &#8211; r\u00f3\u017cne smaki firmy AGRISICILIA"},"content":{"rendered":"<p>Rewelacyjne Dzemy Sycylijskie robione wed\u0142ug tradycyjnych Sycylijskich przepis\u00f3w o nastepujacych smakach:<\/p>\n<p>\u00a0<\/p>\n<p>Pomara\u0144cza Sycylijska D\u017cem 360g\u00a0<\/p>\n<p>Czerwona Pomara\u0144cza Syc.D\u017cem 360g<\/p>\n<p>Mandarynka Sycylijska D\u017cem 360g\u00a0<\/p>\n<p>Cytryna Sycylijska D\u017cem 360g\u00a0<\/p>\n<p>Sycylijskie Owoce Cytrusowe D\u017cem 360g<\/p>\n<p>Pomara\u0144cz\/Truskawka Extra D\u017cem 360g<\/p>\n<p>Cytryna\/Truskawka. Extra D\u017cem 360g<\/p>\n<p>\u00a0<\/p>\n<p>http:\/\/www.agrisicilia.eu\/<\/p>\n","protected":false},"excerpt":{"rendered":"<p>Rewelacyjne Dzemy Sycylijskie robione wed\u0142ug tradycyjnych Sycylijskich przepis\u00f3w o nastepujacych smakach:<\/p>\n<p>\u00a0<\/p>\n<p>Pomara\u0144cza Sycylijska D\u017cem 360g\u00a0<\/p>\n<p>Czerwona Pomara\u0144cza Syc.D\u017cem 360g<\/p>\n<p>Mandarynka Sycylijska D\u017cem 360g\u00a0<\/p>\n<p>Cytryna Sycylijska D\u017cem 360g\u00a0<\/p>\n<p>Sycylijskie Owoce Cytrusowe D\u017cem 360g<\/p>\n<p>Pomara\u0144cz\/Truskawka Extra D\u017cem 360g<\/p>\n<p>Cytryna\/Truskawka. Extra D\u017cem 360g<\/p>\n<p>\u00a0<\/p>\n<p>http:\/\/www.agrisicilia.eu\/<\/p>\n","protected":false},"featured_media":13953,"comment_status":"open","ping_status":"closed","template":"","meta":[],"product_cat":[173,232,231],"product_tag":[],"class_list":{"0":"post-13954","1":"product","2":"type-product","3":"status-publish","4":"has-post-thumbnail","6":"product_cat-artykuly-delikatesowe","7":"product_cat-dzemy-i-marmolady","8":"product_cat-konfitury","10":"first","11":"instock","12":"shipping-taxable","13":"purchasable","14":"product-type-simple"},"_links":{"self":[{"href":"http:\/\/delikatesy.wineport.pl\/index.php?rest_route=\/wp\/v2\/product\/13954","targetHints":{"allow":["GET"]}}],"collection":[{"href":"http:\/\/delikatesy.wineport.pl\/index.php?rest_route=\/wp\/v2\/product"}],"about":[{"href":"http:\/\/delikatesy.wineport.pl\/index.php?rest_route=\/wp\/v2\/types\/product"}],"replies":[{"embeddable":true,"href":"http:\/\/delikatesy.wineport.pl\/index.php?rest_route=%2Fwp%2Fv2%2Fcomments&post=13954"}],"wp:featuredmedia":[{"embeddable":true,"href":"http:\/\/delikatesy.wineport.pl\/index.php?rest_route=\/wp\/v2\/media\/13953"}],"wp:attachment":[{"href":"http:\/\/delikatesy.wineport.pl\/index.php?rest_route=%2Fwp%2Fv2%2Fmedia&parent=13954"}],"wp:term":[{"taxonomy":"product_cat","embeddable":true,"href":"http:\/\/delikatesy.wineport.pl\/index.php?rest_route=%2Fwp%2Fv2%2Fproduct_cat&post=13954"},{"taxonomy":"product_tag","embeddable":true,"href":"http:\/\/delikatesy.wineport.pl\/index.php?rest_route=%2Fwp%2Fv2%2Fproduct_tag&post=13954"}],"curies":[{"name":"wp","href":"https:\/\/api.w.org\/{rel}","templated":true}]}}