{"id":13984,"date":"2024-03-14T13:50:43","date_gmt":"2024-03-14T12:50:43","guid":{"rendered":"http:\/\/delikatesy.wineport.pl\/?product=nero-davola-igp-terra-delle-cicale-135-075l"},"modified":"2026-05-10T19:05:57","modified_gmt":"2026-05-10T17:05:57","slug":"nero-davola-igp-terra-delle-cicale-135-075l","status":"publish","type":"product","link":"http:\/\/delikatesy.wineport.pl\/?product=nero-davola-igp-terra-delle-cicale-135-075l","title":{"rendered":"Nero d`Avola igp TERRA DELLE CICALE 13,5% 0,75l"},"content":{"rendered":"<p><span style=\"color: #ff0000;\">UWAGA!!! NIE WYSY\u0141AMY ALKOHOLU KURIEREM W PRZYPADKU ZAM\u00d3WIE\u0143 OD OS\u00d3B PRYWATNYCH, TYLKO ODBI\u00d3R OSOBISTY NA UL. \u015aW. STANIS\u0141AWA 12 W WARSZAWIE!!! W przypadku op\u0142acenia zam\u00f3wienia alkoholu z wysy\u0142k\u0105, przy zwrocie pieni\u0119dzy zostanie potr\u0105cona prowizja\u00a0<\/span><strong style=\"color: #ff0000;\">DOTPAY<\/strong><span style=\"color: #ff0000;\">!<\/span><\/p>\n<p>Wino Czerwone wytrawne<\/p>\n<p><span style=\"font-size: 12px; font-family: Arial, Helvetica, sans-serif;\">klasyfikacja wina: Terre Siciliane IGT Nero d\u2019Avola\u00a0<\/span><br style=\"font-size: 12px; font-family: Arial, Helvetica, sans-serif;\" \/><span style=\"font-size: 12px; font-family: Arial, Helvetica, sans-serif;\">Alc. Vol%: 13,5%<\/span><br style=\"font-size: 12px; font-family: Arial, Helvetica, sans-serif;\" \/><span style=\"font-size: 12px; font-family: Arial, Helvetica, sans-serif;\">szczep winogron: Nero d\u2019Avola 100%\u00a0<\/span><br style=\"font-size: 12px; font-family: Arial, Helvetica, sans-serif;\" \/><span style=\"font-size: 12px; font-family: Arial, Helvetica, sans-serif;\">Ca\u0142kowita produkcja roczna: 70 000 butelek<\/span><br style=\"font-size: 12px; font-family: Arial, Helvetica, sans-serif;\" \/><span style=\"font-size: 12px; font-family: Arial, Helvetica, sans-serif;\">Miejsce produkcji: Winnice w regionie Mazara del Vallo. Province of Trapani \u2013 Sicily.\u00a0<\/span><br style=\"font-size: 12px; font-family: Arial, Helvetica, sans-serif;\" \/><span style=\"font-size: 12px; font-family: Arial, Helvetica, sans-serif;\">Czas na zbi\u00f3r winogron: Pocz\u0105tek Wrze\u015bnia\u00a0<\/span><br style=\"font-size: 12px; font-family: Arial, Helvetica, sans-serif;\" \/><span style=\"font-size: 12px; font-family: Arial, Helvetica, sans-serif;\">Fermentacja: w stalowych tankach w kontrolowanej temperaturze 26\/28\u00b0C .\u00a0<\/span><br style=\"font-size: 12px; font-family: Arial, Helvetica, sans-serif;\" \/><span style=\"font-size: 12px; font-family: Arial, Helvetica, sans-serif;\">Dojrzewanie: 8 miesi\u0119cy w beczkach d\u0119bowych<\/span><span style=\"font-size: 12px; font-family: Arial, Helvetica, sans-serif;\">\u00a0<\/span><\/p>\n<p><span style=\"font-size: 12px; font-family: Arial, Helvetica, sans-serif;\">Color: Intensywny czerwony z fioletowymi refleksami\u00a0<br \/>Bukiet: intensywne aropmaty\u00a0konserwowanych owoc\u00f3w i d\u017cemu<br \/>Na podniebieniu: zbalansowane i pe\u0142ne cia\u0142a z d\u0142ugim przyjemnym finiszem\u00a0<br \/>Najlepsze zestawienia z jedzeniem: makaron na ostro, czerwone mi\u0119sa i dojrzewaj\u0105ce sery.\u00a0<\/p>\n<p>Temperatura podawania: 18\u00b0C<\/span><\/p>\n","protected":false},"excerpt":{"rendered":"<p>Wino Czerwone wytrawne<\/p>\n<p><span style=\"font-size: 12px; font-family: Arial, Helvetica, sans-serif;\">klasyfikacja wina: Terre Siciliane IGT Nero d\u2019Avola\u00a0<\/span><br style=\"font-size: 12px; font-family: Arial, Helvetica, sans-serif;\" \/><span style=\"font-size: 12px; font-family: Arial, Helvetica, sans-serif;\">Alc. Vol%: 13,5%<\/span><br style=\"font-size: 12px; font-family: Arial, Helvetica, sans-serif;\" \/><span style=\"font-size: 12px; font-family: Arial, Helvetica, sans-serif;\">szczep winogron: Nero d\u2019Avola 100%\u00a0<\/span><br style=\"font-size: 12px; font-family: Arial, Helvetica, sans-serif;\" \/><span style=\"font-size: 12px; font-family: Arial, Helvetica, sans-serif;\">Ca\u0142kowita produkcja roczna: 70 000 butelek<\/span><br style=\"font-size: 12px; font-family: Arial, Helvetica, sans-serif;\" \/><span style=\"font-size: 12px; font-family: Arial, Helvetica, sans-serif;\">Miejsce produkcji: Winnice w regionie Mazara del Vallo. Province of Trapani \u2013 Sicily.\u00a0<\/span><br style=\"font-size: 12px; font-family: Arial, Helvetica, sans-serif;\" \/><span style=\"font-size: 12px; font-family: Arial, Helvetica, sans-serif;\">Czas na zbi\u00f3r winogron: Pocz\u0105tek Wrze\u015bnia\u00a0<\/span><br style=\"font-size: 12px; font-family: Arial, Helvetica, sans-serif;\" \/><span style=\"font-size: 12px; font-family: Arial, Helvetica, sans-serif;\">Fermentacja: w stalowych tankach w kontrolowanej temperaturze 26\/28\u00b0C .\u00a0<\/span><br style=\"font-size: 12px; font-family: Arial, Helvetica, sans-serif;\" \/><span style=\"font-size: 12px; font-family: Arial, Helvetica, sans-serif;\">Dojrzewanie: 8 miesi\u0119cy w beczkach d\u0119bowych<\/span><span style=\"font-size: 12px; font-family: Arial, Helvetica, sans-serif;\">\u00a0<\/span><\/p>\n<p><span style=\"font-size: 12px; font-family: Arial, Helvetica, sans-serif;\">Color: Intensywny czerwony z fioletowymi refleksami\u00a0<br \/>Bukiet: intensywne aropmaty\u00a0konserwowanych owoc\u00f3w i d\u017cemu<br \/>Na podniebieniu: zbalansowane i pe\u0142ne cia\u0142a z d\u0142ugim przyjemnym finiszem\u00a0<br \/>Najlepsze zestawienia z jedzeniem: makaron na ostro, czerwone mi\u0119sa i dojrzewaj\u0105ce sery.\u00a0<\/p>\n<p>Temperatura podawania: 18\u00b0C<\/span><\/p>\n","protected":false},"featured_media":13983,"comment_status":"open","ping_status":"closed","template":"","meta":[],"product_cat":[80,95,120],"product_tag":[],"class_list":{"0":"post-13984","1":"product","2":"type-product","3":"status-publish","4":"has-post-thumbnail","6":"product_cat-wina-swiata","7":"product_cat-wlochy","8":"product_cat-wlochy-sicilia","10":"first","11":"instock","12":"shipping-taxable","13":"purchasable","14":"product-type-simple"},"_links":{"self":[{"href":"http:\/\/delikatesy.wineport.pl\/index.php?rest_route=\/wp\/v2\/product\/13984","targetHints":{"allow":["GET"]}}],"collection":[{"href":"http:\/\/delikatesy.wineport.pl\/index.php?rest_route=\/wp\/v2\/product"}],"about":[{"href":"http:\/\/delikatesy.wineport.pl\/index.php?rest_route=\/wp\/v2\/types\/product"}],"replies":[{"embeddable":true,"href":"http:\/\/delikatesy.wineport.pl\/index.php?rest_route=%2Fwp%2Fv2%2Fcomments&post=13984"}],"wp:featuredmedia":[{"embeddable":true,"href":"http:\/\/delikatesy.wineport.pl\/index.php?rest_route=\/wp\/v2\/media\/13983"}],"wp:attachment":[{"href":"http:\/\/delikatesy.wineport.pl\/index.php?rest_route=%2Fwp%2Fv2%2Fmedia&parent=13984"}],"wp:term":[{"taxonomy":"product_cat","embeddable":true,"href":"http:\/\/delikatesy.wineport.pl\/index.php?rest_route=%2Fwp%2Fv2%2Fproduct_cat&post=13984"},{"taxonomy":"product_tag","embeddable":true,"href":"http:\/\/delikatesy.wineport.pl\/index.php?rest_route=%2Fwp%2Fv2%2Fproduct_tag&post=13984"}],"curies":[{"name":"wp","href":"https:\/\/api.w.org\/{rel}","templated":true}]}}