{"id":13988,"date":"2024-03-14T13:50:47","date_gmt":"2024-03-14T12:50:47","guid":{"rendered":"http:\/\/delikatesy.wineport.pl\/?product=merlot-frappato-terre-siciliane-igp-tandem-145-075l"},"modified":"2026-05-10T19:05:58","modified_gmt":"2026-05-10T17:05:58","slug":"merlot-frappato-terre-siciliane-igp-tandem-145-075l","status":"publish","type":"product","link":"http:\/\/delikatesy.wineport.pl\/?product=merlot-frappato-terre-siciliane-igp-tandem-145-075l","title":{"rendered":"MERLOT FRAPPATO TERRE SICILIANE IGP TANDEM 14,5% 0,75l"},"content":{"rendered":"<p><span style=\"color: #ff0000;\">UWAGA!!! NIE WYSY\u0141AMY ALKOHOLU KURIEREM W PRZYPADKU ZAM\u00d3WIE\u0143 OD OS\u00d3B PRYWATNYCH, TYLKO ODBI\u00d3R OSOBISTY NA UL. \u015aW. STANIS\u0141AWA 12 W WARSZAWIE!!! W przypadku op\u0142acenia zam\u00f3wienia alkoholu z wysy\u0142k\u0105, przy zwrocie pieni\u0119dzy zostanie potr\u0105cona prowizja\u00a0<\/span><strong style=\"color: #ff0000;\">DOTPAY<\/strong><span style=\"color: #ff0000;\">!<\/span><\/p>\n<p>Wino Czerwone wytrawne<\/p>\n<p style=\"font-size: 12px; font-family: Arial, Helvetica, sans-serif;\">klasyfikacja wina: Terre Siciliane IGP Merlot Frappato<\/p>\n<p style=\"font-size: 12px; font-family: Arial, Helvetica, sans-serif;\">Alc. Vol%: 14,5 %<\/p>\n<p style=\"font-size: 12px; font-family: Arial, Helvetica, sans-serif;\">szczep winogron: Merlot 50% \u00a0Frappato 50%<\/p>\n<p style=\"font-size: 12px; font-family: Arial, Helvetica, sans-serif;\">Roczna produkcja: 30 000 butelek<\/p>\n<p style=\"font-size: 12px; font-family: Arial, Helvetica, sans-serif;\">Miejsce produkcji: Winnice w rejonie\u00a0Mazara del Vallo &#8211; Province of Trapani \u2013 Sicily<\/p>\n<p style=\"font-size: 12px; font-family: Arial, Helvetica, sans-serif;\">Czas zbior\u00f3w: \u015brodek wrze\u015bnia<\/p>\n<p style=\"font-size: 12px; font-family: Arial, Helvetica, sans-serif;\">Dojrzewanie wina: 6 miesi\u0119cy w beczkach d\u0119bowych<\/p>\n<p style=\"font-size: 12px; font-family: Arial, Helvetica, sans-serif;\">\u00a0<\/p>\n<p style=\"font-size: 12px; font-family: Arial, Helvetica, sans-serif;\">Kolor:\u00a0wspania\u0142a czerwie\u0144<\/p>\n<p style=\"font-size: 12px; font-family: Arial, Helvetica, sans-serif;\">Bukiet:aromaty delikatnych \u015br\u00f3dziemnomorskich owoc\u00f3w i zi\u00f3\u0142<\/p>\n<p style=\"font-size: 12px; font-family: Arial, Helvetica, sans-serif;\">Smak: owocowy, harmonijny z bardzo d\u0142ugim finiszem<\/p>\n<p style=\"font-size: 12px; font-family: Arial, Helvetica, sans-serif;\">Najlepsze zestawienia z jedzeniem: z barbecue,\u00a0dziczyzn\u0105 i dojrzewaj\u0105cym serem.<\/p>\n<p style=\"font-size: 12px; font-family: Arial, Helvetica, sans-serif;\">\u00a0<\/p>\n<p style=\"font-size: 12px; font-family: Arial, Helvetica, sans-serif;\">Temperatura podawania: 18-20\u00b0C<\/p>\n","protected":false},"excerpt":{"rendered":"<p>Wino Czerwone wytrawne<\/p>\n<p style=\"font-size: 12px; font-family: Arial, Helvetica, sans-serif;\">klasyfikacja wina: Terre Siciliane IGP Merlot Frappato<\/p>\n<p style=\"font-size: 12px; font-family: Arial, Helvetica, sans-serif;\">Alc. Vol%: 14,5 %<\/p>\n<p style=\"font-size: 12px; font-family: Arial, Helvetica, sans-serif;\">szczep winogron: Merlot 50% \u00a0Frappato 50%<\/p>\n<p style=\"font-size: 12px; font-family: Arial, Helvetica, sans-serif;\">Roczna produkcja: 30 000 butelek<\/p>\n<p style=\"font-size: 12px; font-family: Arial, Helvetica, sans-serif;\">Miejsce produkcji: Winnice w rejonie\u00a0Mazara del Vallo &#8211; Province of Trapani \u2013 Sicily<\/p>\n<p style=\"font-size: 12px; font-family: Arial, Helvetica, sans-serif;\">Czas zbior\u00f3w: \u015brodek wrze\u015bnia<\/p>\n<p style=\"font-size: 12px; font-family: Arial, Helvetica, sans-serif;\">Dojrzewanie wina: 6 miesi\u0119cy w beczkach d\u0119bowych<\/p>\n<p style=\"font-size: 12px; font-family: Arial, Helvetica, sans-serif;\">\u00a0<\/p>\n<p style=\"font-size: 12px; font-family: Arial, Helvetica, sans-serif;\">Kolor:\u00a0wspania\u0142a czerwie\u0144<\/p>\n<p style=\"font-size: 12px; font-family: Arial, Helvetica, sans-serif;\">Bukiet:aromaty delikatnych \u015br\u00f3dziemnomorskich owoc\u00f3w i zi\u00f3\u0142<\/p>\n<p style=\"font-size: 12px; font-family: Arial, Helvetica, sans-serif;\">Smak: owocowy, harmonijny z bardzo d\u0142ugim finiszem<\/p>\n<p style=\"font-size: 12px; font-family: Arial, Helvetica, sans-serif;\">Najlepsze zestawienia z jedzeniem: z barbecue,\u00a0dziczyzn\u0105 i dojrzewaj\u0105cym serem.<\/p>\n<p style=\"font-size: 12px; font-family: Arial, Helvetica, sans-serif;\">\u00a0<\/p>\n<p style=\"font-size: 12px; font-family: Arial, Helvetica, sans-serif;\">Temperatura podawania: 18-20\u00b0C<\/p>\n","protected":false},"featured_media":13987,"comment_status":"open","ping_status":"closed","template":"","meta":[],"product_cat":[80,95,120],"product_tag":[],"class_list":{"0":"post-13988","1":"product","2":"type-product","3":"status-publish","4":"has-post-thumbnail","6":"product_cat-wina-swiata","7":"product_cat-wlochy","8":"product_cat-wlochy-sicilia","10":"first","11":"instock","12":"shipping-taxable","13":"purchasable","14":"product-type-simple"},"_links":{"self":[{"href":"http:\/\/delikatesy.wineport.pl\/index.php?rest_route=\/wp\/v2\/product\/13988","targetHints":{"allow":["GET"]}}],"collection":[{"href":"http:\/\/delikatesy.wineport.pl\/index.php?rest_route=\/wp\/v2\/product"}],"about":[{"href":"http:\/\/delikatesy.wineport.pl\/index.php?rest_route=\/wp\/v2\/types\/product"}],"replies":[{"embeddable":true,"href":"http:\/\/delikatesy.wineport.pl\/index.php?rest_route=%2Fwp%2Fv2%2Fcomments&post=13988"}],"wp:featuredmedia":[{"embeddable":true,"href":"http:\/\/delikatesy.wineport.pl\/index.php?rest_route=\/wp\/v2\/media\/13987"}],"wp:attachment":[{"href":"http:\/\/delikatesy.wineport.pl\/index.php?rest_route=%2Fwp%2Fv2%2Fmedia&parent=13988"}],"wp:term":[{"taxonomy":"product_cat","embeddable":true,"href":"http:\/\/delikatesy.wineport.pl\/index.php?rest_route=%2Fwp%2Fv2%2Fproduct_cat&post=13988"},{"taxonomy":"product_tag","embeddable":true,"href":"http:\/\/delikatesy.wineport.pl\/index.php?rest_route=%2Fwp%2Fv2%2Fproduct_tag&post=13988"}],"curies":[{"name":"wp","href":"https:\/\/api.w.org\/{rel}","templated":true}]}}