{"id":14473,"date":"2024-03-14T14:05:25","date_gmt":"2024-03-14T13:05:25","guid":{"rendered":"http:\/\/delikatesy.wineport.pl\/?product=truskawka-w-szampanie-anthon-berg-220g"},"modified":"2026-05-10T19:14:09","modified_gmt":"2026-05-10T17:14:09","slug":"truskawka-w-szampanie-anthon-berg-220g","status":"publish","type":"product","link":"http:\/\/delikatesy.wineport.pl\/?product=truskawka-w-szampanie-anthon-berg-220g","title":{"rendered":"Truskawka w Szampanie Anthon Berg 220g"},"content":{"rendered":"<p style=\"font-size: medium; font-family: Verdana, Arial, Tahoma;\">Czekolada z marcepanem (38%) i nadzieniem (30%) z truskawek w szampanie<\/p>\n<p style=\"font-size: medium; font-family: Verdana, Arial, Tahoma;\">Sk\u0142adniki: cukier, masa kakaowa, truskawki (11%),\u00a0<strong>migda\u0142y<\/strong>\u00a0(11%), pestki moreli, syrop glukozowy, spirytus, wino (szampan 2%, bia\u0142e wino), mas\u0142o kakaowe, t\u0142uszcz\u00a0<strong>mleka<\/strong>, etylowanilina i inne aromaty, kwas cytrynowy, emulgator (lecytyna\u00a0<strong>rzepakowa<\/strong>), zag\u0119szczacz (pektyna), konserwant (kwas sorbinowy)<\/p>\n<p style=\"font-size: medium; font-family: Verdana, Arial, Tahoma;\">Czekolada: masa kakaowa min. 54%<\/p>\n<p style=\"font-size: medium; font-family: Verdana, Arial, Tahoma;\"><strong>Alkohol W\/W max 1,9%<\/strong><\/p>\n<p style=\"font-size: medium; font-family: Verdana, Arial, Tahoma;\"><strong>Zawiera migda\u0142y<\/strong><\/p>\n<p style=\"font-size: medium; font-family: Verdana, Arial, Tahoma;\"><strong>Mo\u017ce zawira\u0107 \u015bladowe ilo\u015bci mleka i orzech\u00f3w<\/strong><\/p>\n<p>Anthon Berg to znany w\u015br\u00f3d koneser\u00f3w synonim jako\u015bci, jedna z najstarszych marek w Danii, z presti\u017cowym tytu\u0142em &#8220;Nadwornego Dostawcy&#8221;. Anthon Berg to topowy du\u0144ski producent slodyczy klasy ultra premium. Ka\u017cdy wyr\u00f3b tej firmy to poezja smaku..\u00a0<\/p>\n<p>\u00a0<\/p>\n<p><a href=\"http:\/\/www.anthonberg.com\/\">http:\/\/www.anthonberg.com\/<\/a><\/p>\n","protected":false},"excerpt":{"rendered":"<p><span style=\"font-size: medium; font-family: Verdana, Arial, Tahoma;\">Anthon Berg Truskawka w Szampanie 220g<\/span><\/p>\n","protected":false},"featured_media":14472,"comment_status":"open","ping_status":"closed","template":"","meta":[],"product_cat":[173,185],"product_tag":[],"class_list":{"0":"post-14473","1":"product","2":"type-product","3":"status-publish","4":"has-post-thumbnail","6":"product_cat-artykuly-delikatesowe","7":"product_cat-wyroby-czekoladowe","9":"first","10":"instock","11":"shipping-taxable","12":"purchasable","13":"product-type-simple"},"_links":{"self":[{"href":"http:\/\/delikatesy.wineport.pl\/index.php?rest_route=\/wp\/v2\/product\/14473","targetHints":{"allow":["GET"]}}],"collection":[{"href":"http:\/\/delikatesy.wineport.pl\/index.php?rest_route=\/wp\/v2\/product"}],"about":[{"href":"http:\/\/delikatesy.wineport.pl\/index.php?rest_route=\/wp\/v2\/types\/product"}],"replies":[{"embeddable":true,"href":"http:\/\/delikatesy.wineport.pl\/index.php?rest_route=%2Fwp%2Fv2%2Fcomments&post=14473"}],"wp:featuredmedia":[{"embeddable":true,"href":"http:\/\/delikatesy.wineport.pl\/index.php?rest_route=\/wp\/v2\/media\/14472"}],"wp:attachment":[{"href":"http:\/\/delikatesy.wineport.pl\/index.php?rest_route=%2Fwp%2Fv2%2Fmedia&parent=14473"}],"wp:term":[{"taxonomy":"product_cat","embeddable":true,"href":"http:\/\/delikatesy.wineport.pl\/index.php?rest_route=%2Fwp%2Fv2%2Fproduct_cat&post=14473"},{"taxonomy":"product_tag","embeddable":true,"href":"http:\/\/delikatesy.wineport.pl\/index.php?rest_route=%2Fwp%2Fv2%2Fproduct_tag&post=14473"}],"curies":[{"name":"wp","href":"https:\/\/api.w.org\/{rel}","templated":true}]}}