{"id":14616,"date":"2024-03-14T14:06:00","date_gmt":"2024-03-14T13:06:00","guid":{"rendered":"http:\/\/delikatesy.wineport.pl\/?product=grillo-bianco-di-stelle-075l"},"modified":"2026-05-10T19:16:04","modified_gmt":"2026-05-10T17:16:04","slug":"grillo-bianco-di-stelle-075l","status":"publish","type":"product","link":"http:\/\/delikatesy.wineport.pl\/?product=grillo-bianco-di-stelle-075l","title":{"rendered":"Grillo Bianco Di Stelle 0,75L"},"content":{"rendered":"<p style=\"font-size: 12px; font-family: Lato;\"><span style=\"color: #222b3b; font-size: 14.6667px; font-family: Arial, sans-serif;\"><span style=\"color: #ff0000;\">UWAGA!!! NIE WYSY\u0141AMY ALKOHOLU KURIEREM W PRZYPADKU ZAM\u00d3WIE\u0143 OD OS\u00d3B PRYWATNYCH, TYLKO ODBI\u00d3R OSOBISTY NA UL. \u015aW. STANIS\u0141AWA 12 W WARSZAWIE!!! W przypadku op\u0142acenia zam\u00f3wienia alkoholu z wysy\u0142k\u0105, przy zwrocie pieni\u0119dzy zostanie potr\u0105cona prowizja\u00a0<\/span><strong style=\"color: #ff0000;\">DOTPAY<\/strong><span style=\"color: #ff0000;\">!<\/span><\/span><\/p>\n<p style=\"font-size: 12px; font-family: Lato;\"><span style=\"color: #222b3b; font-size: 14.6667px; font-family: Arial, sans-serif;\">W\u0142oskie wino z Sycylii, powstaj\u0105ce ze lokalnego szczepu winogron Grillo. Wino jest lekkie, o jasno\u017c\u00f3\u0142tym kolorze z zielonymi refleksami na brzegach. W ustach wytrawne, \u015bwie\u017ce z aromatami zi\u00f3\u0142, owoc\u00f3w tropikalnych i kwiat\u00f3w. Dobrze si\u0119 sprawdzi do sa\u0142at z sosem na bazie oliwy i owoc\u00f3w morza.<\/span><\/p>\n","protected":false},"excerpt":{"rendered":"<p>UWAGA!!! NIE WYSY\u0141AMY ALKOHOLU KURIEREM W PRZYPADKU ZAM\u00d3WIE\u0143 OD OS\u00d3B PRYWATNYCH, TYLKO ODBI\u00d3R OSOBISTY NA UL. \u015aW. STANIS\u0141AWA 12 W WARSZAWIE!!! W przypadku op\u0142acenia zam\u00f3wienia alkoholu z wysy\u0142k\u0105, przy zwrocie pieni\u0119dzy zostanie potr\u0105cona prowizja\u00a0DOTPAY! W\u0142oskie wino z Sycylii, powstaj\u0105ce ze lokalnego szczepu winogron Grillo. Wino jest lekkie, o jasno\u017c\u00f3\u0142tym kolorze z zielonymi refleksami na brzegach. [&hellip;]<\/p>\n","protected":false},"featured_media":14615,"comment_status":"open","ping_status":"closed","template":"","meta":[],"product_cat":[80,95,120],"product_tag":[],"class_list":{"0":"post-14616","1":"product","2":"type-product","3":"status-publish","4":"has-post-thumbnail","6":"product_cat-wina-swiata","7":"product_cat-wlochy","8":"product_cat-wlochy-sicilia","10":"first","11":"instock","12":"shipping-taxable","13":"purchasable","14":"product-type-simple"},"_links":{"self":[{"href":"http:\/\/delikatesy.wineport.pl\/index.php?rest_route=\/wp\/v2\/product\/14616","targetHints":{"allow":["GET"]}}],"collection":[{"href":"http:\/\/delikatesy.wineport.pl\/index.php?rest_route=\/wp\/v2\/product"}],"about":[{"href":"http:\/\/delikatesy.wineport.pl\/index.php?rest_route=\/wp\/v2\/types\/product"}],"replies":[{"embeddable":true,"href":"http:\/\/delikatesy.wineport.pl\/index.php?rest_route=%2Fwp%2Fv2%2Fcomments&post=14616"}],"wp:featuredmedia":[{"embeddable":true,"href":"http:\/\/delikatesy.wineport.pl\/index.php?rest_route=\/wp\/v2\/media\/14615"}],"wp:attachment":[{"href":"http:\/\/delikatesy.wineport.pl\/index.php?rest_route=%2Fwp%2Fv2%2Fmedia&parent=14616"}],"wp:term":[{"taxonomy":"product_cat","embeddable":true,"href":"http:\/\/delikatesy.wineport.pl\/index.php?rest_route=%2Fwp%2Fv2%2Fproduct_cat&post=14616"},{"taxonomy":"product_tag","embeddable":true,"href":"http:\/\/delikatesy.wineport.pl\/index.php?rest_route=%2Fwp%2Fv2%2Fproduct_tag&post=14616"}],"curies":[{"name":"wp","href":"https:\/\/api.w.org\/{rel}","templated":true}]}}